{"id":1238,"date":"2019-11-01T15:45:04","date_gmt":"2019-11-01T14:45:04","guid":{"rendered":"http:\/\/khg-marburg.eu\/?page_id=1238"},"modified":"2019-11-12T11:41:03","modified_gmt":"2019-11-12T10:41:03","slug":"was-glaube-ich-eigentlich-dreifaltigkeit-30-11-2019","status":"publish","type":"page","link":"https:\/\/khg-marburg.eu\/index.php\/abend-verpasst\/was-glaube-ich-eigentlich-dreifaltigkeit-30-11-2019\/","title":{"rendered":"Was glaube ich eigentlich?: Dreifaltigkeit &#8211; 30.11.2019"},"content":{"rendered":"<div id=\"pl-1238\"  class=\"panel-layout\" ><div id=\"pg-1238-0\"  class=\"panel-grid panel-no-style\" ><div id=\"pgc-1238-0-0\"  class=\"panel-grid-cell panel-grid-cell-empty\" ><\/div><div id=\"pgc-1238-0-1\"  class=\"panel-grid-cell panel-grid-cell-mobile-last\" ><div id=\"panel-1238-0-1-0\" class=\"so-panel widget widget_sow-editor panel-first-child panel-last-child\" data-index=\"0\" ><div\n\t\t\t\n\t\t\tclass=\"so-widget-sow-editor so-widget-sow-editor-base\"\n\t\t\t\n\t\t>\n<div class=\"siteorigin-widget-tinymce textwidget\">\n\t<h1 style=\"text-align: center;\"><em>World Caf\u00e9<\/em><\/h1>\n<\/div>\n<\/div><\/div><\/div><div id=\"pgc-1238-0-2\"  class=\"panel-grid-cell panel-grid-cell-empty\" ><\/div><\/div><div id=\"pg-1238-1\"  class=\"panel-grid panel-no-style\" ><div id=\"pgc-1238-1-0\"  class=\"panel-grid-cell\" ><div id=\"panel-1238-1-0-0\" class=\"so-panel widget widget_sow-editor panel-first-child\" data-index=\"1\" ><div\n\t\t\t\n\t\t\tclass=\"so-widget-sow-editor so-widget-sow-editor-base\"\n\t\t\t\n\t\t>\n<div class=\"siteorigin-widget-tinymce textwidget\">\n\t<p>Beim \"World Caf\u00e9\" haben wurden wir in drei Gruppen gelost, die sich dann immer f\u00fcr ca. 10 Minuten mit einer MindMap und somit einer konkreten Frage besch\u00e4ftigt haben, bevor es zur N\u00e4chsten ging. Es wurde sich viel ausgetauscht \u00fcber den Glauben und dessen konkretes Praktizieren. Wichtige Gedanken wurden auf der MindMap festgehalten. Die MindMaps haben wir f\u00fcr Dich als Graphik erstellt, sodass Du sie Dir im Folgenden anschauen kannst.<\/p>\n<\/div>\n<\/div><\/div><div id=\"panel-1238-1-0-1\" class=\"so-panel widget widget_sow-image\" data-index=\"2\" ><div\n\t\t\t\n\t\t\tclass=\"so-widget-sow-image so-widget-sow-image-default-8b5b6f678277-1238\"\n\t\t\t\n\t\t><\/div><\/div><div id=\"panel-1238-1-0-2\" class=\"so-panel widget widget_sow-image\" data-index=\"3\" ><div\n\t\t\t\n\t\t\tclass=\"so-widget-sow-image so-widget-sow-image-default-8b5b6f678277-1238\"\n\t\t\t\n\t\t><\/div><\/div><div id=\"panel-1238-1-0-3\" class=\"so-panel widget widget_sow-image panel-last-child\" data-index=\"4\" ><div\n\t\t\t\n\t\t\tclass=\"so-widget-sow-image so-widget-sow-image-default-8b5b6f678277-1238\"\n\t\t\t\n\t\t><\/div><\/div><\/div><\/div><div id=\"pg-1238-2\"  class=\"panel-grid panel-no-style\" ><div id=\"pgc-1238-2-0\"  class=\"panel-grid-cell\" ><div id=\"panel-1238-2-0-0\" class=\"so-panel widget widget_sow-editor panel-first-child\" data-index=\"5\" ><div\n\t\t\t\n\t\t\tclass=\"so-widget-sow-editor so-widget-sow-editor-base\"\n\t\t\t\n\t\t>\n<div class=\"siteorigin-widget-tinymce textwidget\">\n\t<h1 style=\"text-align: center;\"><em>Abschlusslied<\/em><\/h1>\n<h1 style=\"text-align: center;\"><sub><strong>Samuel Harfst - Wir ist eins<\/strong><\/sub><\/h1>\n<\/div>\n<\/div><\/div><div id=\"panel-1238-2-0-1\" class=\"so-panel widget widget_sow-editor panel-last-child\" data-index=\"6\" ><div\n\t\t\t\n\t\t\tclass=\"so-widget-sow-editor so-widget-sow-editor-base\"\n\t\t\t\n\t\t>\n<div class=\"siteorigin-widget-tinymce textwidget\">\n\t<p><a href=\"https:\/\/youtu.be\/pUMA3lPxJAE\">Hier kommst Du zum Lied<\/a>.<\/p>\n<\/div>\n<\/div><\/div><\/div><\/div><\/div>","protected":false},"excerpt":{"rendered":"<p>World Caf\u00e9 Beim &#8222;World Caf\u00e9&#8220; haben wurden wir in drei Gruppen gelost, die sich dann immer f\u00fcr ca. 10 Minuten mit einer MindMap und somit einer konkreten Frage besch\u00e4ftigt haben,&#8230;<\/p>\n","protected":false},"author":2,"featured_media":0,"parent":1231,"menu_order":1,"comment_status":"closed","ping_status":"closed","template":"","meta":{"inline_featured_image":false,"_kadence_starter_templates_imported_post":false,"_kad_post_transparent":"","_kad_post_title":"","_kad_post_layout":"","_kad_post_sidebar_id":"","_kad_post_content_style":"","_kad_post_vertical_padding":"","_kad_post_feature":"","_kad_post_feature_position":"","_kad_post_header":false,"_kad_post_footer":false,"footnotes":""},"yoast_head":"<!-- This site is optimized with the Yoast SEO plugin v22.3 - https:\/\/yoast.com\/wordpress\/plugins\/seo\/ -->\n<title>Was glaube ich eigentlich?: Dreifaltigkeit - 30.11.2019 - Katholische Hochschulgemeinde Marburg<\/title>\n<meta name=\"robots\" content=\"index, follow, max-snippet:-1, max-image-preview:large, max-video-preview:-1\" \/>\n<link rel=\"canonical\" href=\"https:\/\/khg-marburg.eu\/index.php\/abend-verpasst\/was-glaube-ich-eigentlich-dreifaltigkeit-30-11-2019\/\" \/>\n<meta property=\"og:locale\" content=\"de_DE\" \/>\n<meta property=\"og:type\" content=\"article\" \/>\n<meta property=\"og:title\" content=\"Was glaube ich eigentlich?: Dreifaltigkeit - 30.11.2019 - Katholische Hochschulgemeinde Marburg\" \/>\n<meta property=\"og:description\" content=\"World Caf\u00e9 Beim &quot;World Caf\u00e9&quot; haben wurden wir in drei Gruppen gelost, die sich dann immer f\u00fcr ca. 10 Minuten mit einer MindMap und somit einer konkreten Frage besch\u00e4ftigt haben,...\" \/>\n<meta property=\"og:url\" content=\"https:\/\/khg-marburg.eu\/index.php\/abend-verpasst\/was-glaube-ich-eigentlich-dreifaltigkeit-30-11-2019\/\" \/>\n<meta property=\"og:site_name\" content=\"Katholische Hochschulgemeinde Marburg\" \/>\n<meta property=\"article:publisher\" content=\"https:\/\/www.facebook.com\/KHGMarburg\" \/>\n<meta property=\"article:modified_time\" content=\"2019-11-12T10:41:03+00:00\" \/>\n<meta name=\"twitter:card\" content=\"summary_large_image\" \/>\n<meta name=\"twitter:label1\" content=\"Gesch\u00e4tzte Lesezeit\" \/>\n\t<meta name=\"twitter:data1\" content=\"1\u00a0Minute\" \/>\n<script type=\"application\/ld+json\" class=\"yoast-schema-graph\">{\"@context\":\"https:\/\/schema.org\",\"@graph\":[{\"@type\":\"WebPage\",\"@id\":\"https:\/\/khg-marburg.eu\/index.php\/abend-verpasst\/was-glaube-ich-eigentlich-dreifaltigkeit-30-11-2019\/\",\"url\":\"https:\/\/khg-marburg.eu\/index.php\/abend-verpasst\/was-glaube-ich-eigentlich-dreifaltigkeit-30-11-2019\/\",\"name\":\"Was glaube ich eigentlich?: Dreifaltigkeit - 30.11.2019 - Katholische Hochschulgemeinde Marburg\",\"isPartOf\":{\"@id\":\"https:\/\/khg-marburg.eu\/#website\"},\"datePublished\":\"2019-11-01T14:45:04+00:00\",\"dateModified\":\"2019-11-12T10:41:03+00:00\",\"breadcrumb\":{\"@id\":\"https:\/\/khg-marburg.eu\/index.php\/abend-verpasst\/was-glaube-ich-eigentlich-dreifaltigkeit-30-11-2019\/#breadcrumb\"},\"inLanguage\":\"de\",\"potentialAction\":[{\"@type\":\"ReadAction\",\"target\":[\"https:\/\/khg-marburg.eu\/index.php\/abend-verpasst\/was-glaube-ich-eigentlich-dreifaltigkeit-30-11-2019\/\"]}]},{\"@type\":\"BreadcrumbList\",\"@id\":\"https:\/\/khg-marburg.eu\/index.php\/abend-verpasst\/was-glaube-ich-eigentlich-dreifaltigkeit-30-11-2019\/#breadcrumb\",\"itemListElement\":[{\"@type\":\"ListItem\",\"position\":1,\"name\":\"Startseite\",\"item\":\"https:\/\/khg-marburg.eu\/\"},{\"@type\":\"ListItem\",\"position\":2,\"name\":\"Abend verpasst?\",\"item\":\"https:\/\/khg-marburg.eu\/index.php\/abend-verpasst\/\"},{\"@type\":\"ListItem\",\"position\":3,\"name\":\"Was glaube ich eigentlich?: Dreifaltigkeit &#8211; 30.11.2019\"}]},{\"@type\":\"WebSite\",\"@id\":\"https:\/\/khg-marburg.eu\/#website\",\"url\":\"https:\/\/khg-marburg.eu\/\",\"name\":\"Katholische Hochschulgemeinde Marburg\",\"description\":\"Die Katholische Hochschulgemeinde - Katholische Kirche in Marburg\",\"publisher\":{\"@id\":\"https:\/\/khg-marburg.eu\/#organization\"},\"potentialAction\":[{\"@type\":\"SearchAction\",\"target\":{\"@type\":\"EntryPoint\",\"urlTemplate\":\"https:\/\/khg-marburg.eu\/?s={search_term_string}\"},\"query-input\":\"required name=search_term_string\"}],\"inLanguage\":\"de\"},{\"@type\":\"Organization\",\"@id\":\"https:\/\/khg-marburg.eu\/#organization\",\"name\":\"Katholische Hochschulgemeinde Marburg\",\"url\":\"https:\/\/khg-marburg.eu\/\",\"logo\":{\"@type\":\"ImageObject\",\"inLanguage\":\"de\",\"@id\":\"https:\/\/khg-marburg.eu\/#\/schema\/logo\/image\/\",\"url\":\"https:\/\/khg-marburg.eu\/wp-content\/uploads\/2020\/04\/logo_wei\u00df.jpg\",\"contentUrl\":\"https:\/\/khg-marburg.eu\/wp-content\/uploads\/2020\/04\/logo_wei\u00df.jpg\",\"width\":750,\"height\":650,\"caption\":\"Katholische Hochschulgemeinde Marburg\"},\"image\":{\"@id\":\"https:\/\/khg-marburg.eu\/#\/schema\/logo\/image\/\"},\"sameAs\":[\"https:\/\/www.facebook.com\/KHGMarburg\",\"https:\/\/www.instagram.com\/khgmarburg\/\"]}]}<\/script>\n<!-- \/ Yoast SEO plugin. -->","yoast_head_json":{"title":"Was glaube ich eigentlich?: Dreifaltigkeit - 30.11.2019 - Katholische Hochschulgemeinde Marburg","robots":{"index":"index","follow":"follow","max-snippet":"max-snippet:-1","max-image-preview":"max-image-preview:large","max-video-preview":"max-video-preview:-1"},"canonical":"https:\/\/khg-marburg.eu\/index.php\/abend-verpasst\/was-glaube-ich-eigentlich-dreifaltigkeit-30-11-2019\/","og_locale":"de_DE","og_type":"article","og_title":"Was glaube ich eigentlich?: Dreifaltigkeit - 30.11.2019 - Katholische Hochschulgemeinde Marburg","og_description":"World Caf\u00e9 Beim \"World Caf\u00e9\" haben wurden wir in drei Gruppen gelost, die sich dann immer f\u00fcr ca. 10 Minuten mit einer MindMap und somit einer konkreten Frage besch\u00e4ftigt haben,...","og_url":"https:\/\/khg-marburg.eu\/index.php\/abend-verpasst\/was-glaube-ich-eigentlich-dreifaltigkeit-30-11-2019\/","og_site_name":"Katholische Hochschulgemeinde Marburg","article_publisher":"https:\/\/www.facebook.com\/KHGMarburg","article_modified_time":"2019-11-12T10:41:03+00:00","twitter_card":"summary_large_image","twitter_misc":{"Gesch\u00e4tzte Lesezeit":"1\u00a0Minute"},"schema":{"@context":"https:\/\/schema.org","@graph":[{"@type":"WebPage","@id":"https:\/\/khg-marburg.eu\/index.php\/abend-verpasst\/was-glaube-ich-eigentlich-dreifaltigkeit-30-11-2019\/","url":"https:\/\/khg-marburg.eu\/index.php\/abend-verpasst\/was-glaube-ich-eigentlich-dreifaltigkeit-30-11-2019\/","name":"Was glaube ich eigentlich?: Dreifaltigkeit - 30.11.2019 - Katholische Hochschulgemeinde Marburg","isPartOf":{"@id":"https:\/\/khg-marburg.eu\/#website"},"datePublished":"2019-11-01T14:45:04+00:00","dateModified":"2019-11-12T10:41:03+00:00","breadcrumb":{"@id":"https:\/\/khg-marburg.eu\/index.php\/abend-verpasst\/was-glaube-ich-eigentlich-dreifaltigkeit-30-11-2019\/#breadcrumb"},"inLanguage":"de","potentialAction":[{"@type":"ReadAction","target":["https:\/\/khg-marburg.eu\/index.php\/abend-verpasst\/was-glaube-ich-eigentlich-dreifaltigkeit-30-11-2019\/"]}]},{"@type":"BreadcrumbList","@id":"https:\/\/khg-marburg.eu\/index.php\/abend-verpasst\/was-glaube-ich-eigentlich-dreifaltigkeit-30-11-2019\/#breadcrumb","itemListElement":[{"@type":"ListItem","position":1,"name":"Startseite","item":"https:\/\/khg-marburg.eu\/"},{"@type":"ListItem","position":2,"name":"Abend verpasst?","item":"https:\/\/khg-marburg.eu\/index.php\/abend-verpasst\/"},{"@type":"ListItem","position":3,"name":"Was glaube ich eigentlich?: Dreifaltigkeit &#8211; 30.11.2019"}]},{"@type":"WebSite","@id":"https:\/\/khg-marburg.eu\/#website","url":"https:\/\/khg-marburg.eu\/","name":"Katholische Hochschulgemeinde Marburg","description":"Die Katholische Hochschulgemeinde - Katholische Kirche in Marburg","publisher":{"@id":"https:\/\/khg-marburg.eu\/#organization"},"potentialAction":[{"@type":"SearchAction","target":{"@type":"EntryPoint","urlTemplate":"https:\/\/khg-marburg.eu\/?s={search_term_string}"},"query-input":"required name=search_term_string"}],"inLanguage":"de"},{"@type":"Organization","@id":"https:\/\/khg-marburg.eu\/#organization","name":"Katholische Hochschulgemeinde Marburg","url":"https:\/\/khg-marburg.eu\/","logo":{"@type":"ImageObject","inLanguage":"de","@id":"https:\/\/khg-marburg.eu\/#\/schema\/logo\/image\/","url":"https:\/\/khg-marburg.eu\/wp-content\/uploads\/2020\/04\/logo_wei\u00df.jpg","contentUrl":"https:\/\/khg-marburg.eu\/wp-content\/uploads\/2020\/04\/logo_wei\u00df.jpg","width":750,"height":650,"caption":"Katholische Hochschulgemeinde Marburg"},"image":{"@id":"https:\/\/khg-marburg.eu\/#\/schema\/logo\/image\/"},"sameAs":["https:\/\/www.facebook.com\/KHGMarburg","https:\/\/www.instagram.com\/khgmarburg\/"]}]}},"_links":{"self":[{"href":"https:\/\/khg-marburg.eu\/index.php\/wp-json\/wp\/v2\/pages\/1238"}],"collection":[{"href":"https:\/\/khg-marburg.eu\/index.php\/wp-json\/wp\/v2\/pages"}],"about":[{"href":"https:\/\/khg-marburg.eu\/index.php\/wp-json\/wp\/v2\/types\/page"}],"author":[{"embeddable":true,"href":"https:\/\/khg-marburg.eu\/index.php\/wp-json\/wp\/v2\/users\/2"}],"replies":[{"embeddable":true,"href":"https:\/\/khg-marburg.eu\/index.php\/wp-json\/wp\/v2\/comments?post=1238"}],"version-history":[{"count":48,"href":"https:\/\/khg-marburg.eu\/index.php\/wp-json\/wp\/v2\/pages\/1238\/revisions"}],"predecessor-version":[{"id":1359,"href":"https:\/\/khg-marburg.eu\/index.php\/wp-json\/wp\/v2\/pages\/1238\/revisions\/1359"}],"up":[{"embeddable":true,"href":"https:\/\/khg-marburg.eu\/index.php\/wp-json\/wp\/v2\/pages\/1231"}],"wp:attachment":[{"href":"https:\/\/khg-marburg.eu\/index.php\/wp-json\/wp\/v2\/media?parent=1238"}],"curies":[{"name":"wp","href":"https:\/\/api.w.org\/{rel}","templated":true}]}}

<div id="pl-1238"  class="panel-layout" ><div id="pg-1238-0"  class="panel-grid panel-no-style" ><div id="pgc-1238-0-0"  class="panel-grid-cell panel-grid-cell-empty" ></div><div id="pgc-1238-0-1"  class="panel-grid-cell panel-grid-cell-mobile-last" ><div id="panel-1238-0-1-0" class="so-panel widget widget_sow-editor panel-first-child panel-last-child" data-index="0" ><div
			
			class="so-widget-sow-editor so-widget-sow-editor-base"
			
		>
<div class="siteorigin-widget-tinymce textwidget">
	<h1 style="text-align: center;"><em>World Café</em></h1>
</div>
</div></div></div><div id="pgc-1238-0-2"  class="panel-grid-cell panel-grid-cell-empty" ></div></div><div id="pg-1238-1"  class="panel-grid panel-no-style" ><div id="pgc-1238-1-0"  class="panel-grid-cell" ><div id="panel-1238-1-0-0" class="so-panel widget widget_sow-editor panel-first-child" data-index="1" ><div
			
			class="so-widget-sow-editor so-widget-sow-editor-base"
			
		>
<div class="siteorigin-widget-tinymce textwidget">
	<p>Beim "World Café" haben wurden wir in drei Gruppen gelost, die sich dann immer für ca. 10 Minuten mit einer MindMap und somit einer konkreten Frage beschäftigt haben, bevor es zur Nächsten ging. Es wurde sich viel ausgetauscht über den Glauben und dessen konkretes Praktizieren. Wichtige Gedanken wurden auf der MindMap festgehalten. Die MindMaps haben wir für Dich als Graphik erstellt, sodass Du sie Dir im Folgenden anschauen kannst.</p>
</div>
</div></div><div id="panel-1238-1-0-1" class="so-panel widget widget_sow-image" data-index="2" ><div
			
			class="so-widget-sow-image so-widget-sow-image-default-8b5b6f678277-1238"
			
		></div></div><div id="panel-1238-1-0-2" class="so-panel widget widget_sow-image" data-index="3" ><div
			
			class="so-widget-sow-image so-widget-sow-image-default-8b5b6f678277-1238"
			
		></div></div><div id="panel-1238-1-0-3" class="so-panel widget widget_sow-image panel-last-child" data-index="4" ><div
			
			class="so-widget-sow-image so-widget-sow-image-default-8b5b6f678277-1238"
			
		></div></div></div></div><div id="pg-1238-2"  class="panel-grid panel-no-style" ><div id="pgc-1238-2-0"  class="panel-grid-cell" ><div id="panel-1238-2-0-0" class="so-panel widget widget_sow-editor panel-first-child" data-index="5" ><div
			
			class="so-widget-sow-editor so-widget-sow-editor-base"
			
		>
<div class="siteorigin-widget-tinymce textwidget">
	<h1 style="text-align: center;"><em>Abschlusslied</em></h1>
<h1 style="text-align: center;"><sub><strong>Samuel Harfst - Wir ist eins</strong></sub></h1>
</div>
</div></div><div id="panel-1238-2-0-1" class="so-panel widget widget_sow-editor panel-last-child" data-index="6" ><div
			
			class="so-widget-sow-editor so-widget-sow-editor-base"
			
		>
<div class="siteorigin-widget-tinymce textwidget">
	<p><a href="https://youtu.be/pUMA3lPxJAE">Hier kommst Du zum Lied</a>.</p>
</div>
</div></div></div></div></div>

<p>World Café Beim &#8222;World Café&#8220; haben wurden wir in drei Gruppen gelost, die sich dann immer für ca. 10 Minuten mit einer MindMap und somit einer konkreten Frage beschäftigt haben,&#8230;</p>

<!-- This site is optimized with the Yoast SEO plugin v22.3 - https://yoast.com/wordpress/plugins/seo/ -->
<title>Was glaube ich eigentlich?: Dreifaltigkeit - 30.11.2019 - Katholische Hochschulgemeinde Marburg</title>
<meta name="robots" content="index, follow, max-snippet:-1, max-image-preview:large, max-video-preview:-1" />
<link rel="canonical" href="https://khg-marburg.eu/index.php/abend-verpasst/was-glaube-ich-eigentlich-dreifaltigkeit-30-11-2019/" />
<meta property="og:locale" content="de_DE" />
<meta property="og:type" content="article" />
<meta property="og:title" content="Was glaube ich eigentlich?: Dreifaltigkeit - 30.11.2019 - Katholische Hochschulgemeinde Marburg" />
<meta property="og:description" content="World Café Beim &quot;World Café&quot; haben wurden wir in drei Gruppen gelost, die sich dann immer für ca. 10 Minuten mit einer MindMap und somit einer konkreten Frage beschäftigt haben,..." />
<meta property="og:url" content="https://khg-marburg.eu/index.php/abend-verpasst/was-glaube-ich-eigentlich-dreifaltigkeit-30-11-2019/" />
<meta property="og:site_name" content="Katholische Hochschulgemeinde Marburg" />
<meta property="article:publisher" content="https://www.facebook.com/KHGMarburg" />
<meta property="article:modified_time" content="2019-11-12T10:41:03+00:00" />
<meta name="twitter:card" content="summary_large_image" />
<meta name="twitter:label1" content="Geschätzte Lesezeit" />
	<meta name="twitter:data1" content="1 Minute" />
<script type="application/ld+json" class="yoast-schema-graph">{"@context":"https://schema.org","@graph":[{"@type":"WebPage","@id":"https://khg-marburg.eu/index.php/abend-verpasst/was-glaube-ich-eigentlich-dreifaltigkeit-30-11-2019/","url":"https://khg-marburg.eu/index.php/abend-verpasst/was-glaube-ich-eigentlich-dreifaltigkeit-30-11-2019/","name":"Was glaube ich eigentlich?: Dreifaltigkeit - 30.11.2019 - Katholische Hochschulgemeinde Marburg","isPartOf":{"@id":"https://khg-marburg.eu/#website"},"datePublished":"2019-11-01T14:45:04+00:00","dateModified":"2019-11-12T10:41:03+00:00","breadcrumb":{"@id":"https://khg-marburg.eu/index.php/abend-verpasst/was-glaube-ich-eigentlich-dreifaltigkeit-30-11-2019/#breadcrumb"},"inLanguage":"de","potentialAction":[{"@type":"ReadAction","target":["https://khg-marburg.eu/index.php/abend-verpasst/was-glaube-ich-eigentlich-dreifaltigkeit-30-11-2019/"]}]},{"@type":"BreadcrumbList","@id":"https://khg-marburg.eu/index.php/abend-verpasst/was-glaube-ich-eigentlich-dreifaltigkeit-30-11-2019/#breadcrumb","itemListElement":[{"@type":"ListItem","position":1,"name":"Startseite","item":"https://khg-marburg.eu/"},{"@type":"ListItem","position":2,"name":"Abend verpasst?","item":"https://khg-marburg.eu/index.php/abend-verpasst/"},{"@type":"ListItem","position":3,"name":"Was glaube ich eigentlich?: Dreifaltigkeit &#8211; 30.11.2019"}]},{"@type":"WebSite","@id":"https://khg-marburg.eu/#website","url":"https://khg-marburg.eu/","name":"Katholische Hochschulgemeinde Marburg","description":"Die Katholische Hochschulgemeinde - Katholische Kirche in Marburg","publisher":{"@id":"https://khg-marburg.eu/#organization"},"potentialAction":[{"@type":"SearchAction","target":{"@type":"EntryPoint","urlTemplate":"https://khg-marburg.eu/?s={search_term_string}"},"query-input":"required name=search_term_string"}],"inLanguage":"de"},{"@type":"Organization","@id":"https://khg-marburg.eu/#organization","name":"Katholische Hochschulgemeinde Marburg","url":"https://khg-marburg.eu/","logo":{"@type":"ImageObject","inLanguage":"de","@id":"https://khg-marburg.eu/#/schema/logo/image/","url":"https://khg-marburg.eu/wp-content/uploads/2020/04/logo_weiß.jpg","contentUrl":"https://khg-marburg.eu/wp-content/uploads/2020/04/logo_weiß.jpg","width":750,"height":650,"caption":"Katholische Hochschulgemeinde Marburg"},"image":{"@id":"https://khg-marburg.eu/#/schema/logo/image/"},"sameAs":["https://www.facebook.com/KHGMarburg","https://www.instagram.com/khgmarburg/"]}]}</script>
<!-- / Yoast SEO plugin. -->

World Café Beim "World Café" haben wurden wir in drei Gruppen gelost, die sich dann immer für ca. 10 Minuten mit einer MindMap und somit einer konkreten Frage beschäftigt haben,...

https://khg-marburg.eu/wp-content/uploads/2020/04/logo_weiß.jpg
