{"id":42,"date":"2019-05-22T12:07:55","date_gmt":"2019-05-22T10:07:55","guid":{"rendered":"http:\/\/khg-marburg.eu\/?page_id=42"},"modified":"2025-10-01T12:44:29","modified_gmt":"2025-10-01T10:44:29","slug":"wo-und-wann-du-uns-findest","status":"publish","type":"page","link":"https:\/\/khg-marburg.eu\/index.php\/ueber-uns\/wo-und-wann-du-uns-findest\/","title":{"rendered":"Wo und wann du uns findest"},"content":{"rendered":"<div id=\"pl-42\"  class=\"panel-layout\" ><div id=\"pg-42-0\"  class=\"panel-grid panel-no-style\" ><div id=\"pgc-42-0-0\"  class=\"panel-grid-cell\" ><div id=\"panel-42-0-0-0\" class=\"so-panel widget widget_sow-editor panel-first-child\" data-index=\"0\" ><div\n\t\t\t\n\t\t\tclass=\"so-widget-sow-editor so-widget-sow-editor-base\"\n\t\t\t\n\t\t>\n<div class=\"siteorigin-widget-tinymce textwidget\">\n\t<p style=\"text-align: justify;\">Im Oktober 2024 sind wir in unser neues Geb\u00e4ude gezogen. In der Biegenstra\u00dfe 18a (hinter der Kirche St. Peter &amp; Paul und gegen\u00fcber des H\u00f6rsaalgeb\u00e4udes) befinden sich nun die B\u00fcros der hauptamtlichen Mitarbeiter*innen, der gro\u00dfe KHG-Saal, die Lounge, die KHG-Bar und das Wohnheim mit 14 Studi-Appartement u.v.m. Komm vorbei und lern unser neues Haus kennen!<\/p>\n<p><strong>KHG Marburg<br \/>\n<\/strong>Biegenstra\u00dfe 18a<\/p>\n<p><strong>Mittwochabendveranstaltungen<\/strong>:<br \/>\nAchtet bitte auf die Ortsangaben auf den Plakaten\/Posts! Oder fragt uns einfach \ud83d\ude42<\/p>\n<\/div>\n<\/div><\/div><div id=\"panel-42-0-0-1\" class=\"so-panel widget widget_sow-editor panel-last-child\" data-index=\"1\" ><div\n\t\t\t\n\t\t\tclass=\"so-widget-sow-editor so-widget-sow-editor-base\"\n\t\t\t\n\t\t>\n<div class=\"siteorigin-widget-tinymce textwidget\">\n\t<p><strong>Das KHG-B\u00fcro<\/strong>:<br \/>\nBiegenstra\u00dfe 18a<\/p>\n<p><strong>B\u00fcro-\u00d6ffnungszeiten im Semester<\/strong>:<br \/>\nMontag: 09-12 Uhr<br \/>\nDienstag 11-14 Uhr<br \/>\nMittwoch 09-12 Uhr<br \/>\nMittwoch: 16 - 18 Uhr<br \/>\nDonnerstag: nach Vereinbarung<br \/>\nFreitag 09-12 Uhr<\/p>\n<p><strong>B\u00fcro-\u00d6ffnungszeiten in der vorlesungsfreien Zeit<\/strong>:<br \/>\nDienstag bis Donnerstag 09-12 Uhr<br \/>\nund nach Vereinbarung<\/p>\n<p><strong>Kontakt:<\/strong><br \/>\n\u260e 06421 175389-0<br \/>\n\u2709 <a href=\"mailto:khg-marburg@bistum-fulda.de\">khg-marburg@bistum-fulda.de<\/a><\/p>\n<\/div>\n<\/div><\/div><\/div><\/div><\/div>","protected":false},"excerpt":{"rendered":"<p>Im Oktober 2024 sind wir in unser neues Geb\u00e4ude gezogen. In der Biegenstra\u00dfe 18a (hinter der Kirche St. Peter &amp; Paul und gegen\u00fcber des H\u00f6rsaalgeb\u00e4udes) befinden sich nun die B\u00fcros&#8230;<\/p>\n","protected":false},"author":2,"featured_media":0,"parent":707,"menu_order":2,"comment_status":"closed","ping_status":"closed","template":"","meta":{"inline_featured_image":false,"_kadence_starter_templates_imported_post":false,"_kad_post_transparent":"default","_kad_post_title":"default","_kad_post_layout":"default","_kad_post_sidebar_id":"","_kad_post_content_style":"default","_kad_post_vertical_padding":"default","_kad_post_feature":"","_kad_post_feature_position":"","_kad_post_header":false,"_kad_post_footer":false,"footnotes":""},"yoast_head":"<!-- This site is optimized with the Yoast SEO plugin v22.3 - https:\/\/yoast.com\/wordpress\/plugins\/seo\/ -->\n<title>Wo und wann du uns findest - Katholische Hochschulgemeinde Marburg % %<\/title>\n<meta name=\"robots\" content=\"index, follow, max-snippet:-1, max-image-preview:large, max-video-preview:-1\" \/>\n<link rel=\"canonical\" href=\"https:\/\/khg-marburg.eu\/index.php\/ueber-uns\/wo-und-wann-du-uns-findest\/\" \/>\n<meta property=\"og:locale\" content=\"de_DE\" \/>\n<meta property=\"og:type\" content=\"article\" \/>\n<meta property=\"og:title\" content=\"Wo und wann du uns findest - Katholische Hochschulgemeinde Marburg % %\" \/>\n<meta property=\"og:description\" content=\"Im Oktober 2024 sind wir in unser neues Geb\u00e4ude gezogen. In der Biegenstra\u00dfe 18a (hinter der Kirche St. Peter &amp; Paul und gegen\u00fcber des H\u00f6rsaalgeb\u00e4udes) befinden sich nun die B\u00fcros...\" \/>\n<meta property=\"og:url\" content=\"https:\/\/khg-marburg.eu\/index.php\/ueber-uns\/wo-und-wann-du-uns-findest\/\" \/>\n<meta property=\"og:site_name\" content=\"Katholische Hochschulgemeinde Marburg\" \/>\n<meta property=\"article:publisher\" content=\"https:\/\/www.facebook.com\/KHGMarburg\" \/>\n<meta property=\"article:modified_time\" content=\"2025-10-01T10:44:29+00:00\" \/>\n<meta name=\"twitter:card\" content=\"summary_large_image\" \/>\n<meta name=\"twitter:label1\" content=\"Gesch\u00e4tzte Lesezeit\" \/>\n\t<meta name=\"twitter:data1\" content=\"1\u00a0Minute\" \/>\n<script type=\"application\/ld+json\" class=\"yoast-schema-graph\">{\"@context\":\"https:\/\/schema.org\",\"@graph\":[{\"@type\":\"WebPage\",\"@id\":\"https:\/\/khg-marburg.eu\/index.php\/ueber-uns\/wo-und-wann-du-uns-findest\/\",\"url\":\"https:\/\/khg-marburg.eu\/index.php\/ueber-uns\/wo-und-wann-du-uns-findest\/\",\"name\":\"Wo und wann du uns findest - Katholische Hochschulgemeinde Marburg % %\",\"isPartOf\":{\"@id\":\"https:\/\/khg-marburg.eu\/#website\"},\"datePublished\":\"2019-05-22T10:07:55+00:00\",\"dateModified\":\"2025-10-01T10:44:29+00:00\",\"breadcrumb\":{\"@id\":\"https:\/\/khg-marburg.eu\/index.php\/ueber-uns\/wo-und-wann-du-uns-findest\/#breadcrumb\"},\"inLanguage\":\"de\",\"potentialAction\":[{\"@type\":\"ReadAction\",\"target\":[\"https:\/\/khg-marburg.eu\/index.php\/ueber-uns\/wo-und-wann-du-uns-findest\/\"]}]},{\"@type\":\"BreadcrumbList\",\"@id\":\"https:\/\/khg-marburg.eu\/index.php\/ueber-uns\/wo-und-wann-du-uns-findest\/#breadcrumb\",\"itemListElement\":[{\"@type\":\"ListItem\",\"position\":1,\"name\":\"Startseite\",\"item\":\"https:\/\/khg-marburg.eu\/\"},{\"@type\":\"ListItem\",\"position\":2,\"name\":\"\u00dcber Uns\",\"item\":\"https:\/\/khg-marburg.eu\/index.php\/ueber-uns\/\"},{\"@type\":\"ListItem\",\"position\":3,\"name\":\"Wo und wann du uns findest\"}]},{\"@type\":\"WebSite\",\"@id\":\"https:\/\/khg-marburg.eu\/#website\",\"url\":\"https:\/\/khg-marburg.eu\/\",\"name\":\"Katholische Hochschulgemeinde Marburg\",\"description\":\"Die Katholische Hochschulgemeinde - Katholische Kirche in Marburg\",\"publisher\":{\"@id\":\"https:\/\/khg-marburg.eu\/#organization\"},\"potentialAction\":[{\"@type\":\"SearchAction\",\"target\":{\"@type\":\"EntryPoint\",\"urlTemplate\":\"https:\/\/khg-marburg.eu\/?s={search_term_string}\"},\"query-input\":\"required name=search_term_string\"}],\"inLanguage\":\"de\"},{\"@type\":\"Organization\",\"@id\":\"https:\/\/khg-marburg.eu\/#organization\",\"name\":\"Katholische Hochschulgemeinde Marburg\",\"url\":\"https:\/\/khg-marburg.eu\/\",\"logo\":{\"@type\":\"ImageObject\",\"inLanguage\":\"de\",\"@id\":\"https:\/\/khg-marburg.eu\/#\/schema\/logo\/image\/\",\"url\":\"https:\/\/khg-marburg.eu\/wp-content\/uploads\/2020\/04\/logo_wei\u00df.jpg\",\"contentUrl\":\"https:\/\/khg-marburg.eu\/wp-content\/uploads\/2020\/04\/logo_wei\u00df.jpg\",\"width\":750,\"height\":650,\"caption\":\"Katholische Hochschulgemeinde Marburg\"},\"image\":{\"@id\":\"https:\/\/khg-marburg.eu\/#\/schema\/logo\/image\/\"},\"sameAs\":[\"https:\/\/www.facebook.com\/KHGMarburg\",\"https:\/\/www.instagram.com\/khgmarburg\/\"]}]}<\/script>\n<!-- \/ Yoast SEO plugin. -->","yoast_head_json":{"title":"Wo und wann du uns findest - Katholische Hochschulgemeinde Marburg % %","robots":{"index":"index","follow":"follow","max-snippet":"max-snippet:-1","max-image-preview":"max-image-preview:large","max-video-preview":"max-video-preview:-1"},"canonical":"https:\/\/khg-marburg.eu\/index.php\/ueber-uns\/wo-und-wann-du-uns-findest\/","og_locale":"de_DE","og_type":"article","og_title":"Wo und wann du uns findest - Katholische Hochschulgemeinde Marburg % %","og_description":"Im Oktober 2024 sind wir in unser neues Geb\u00e4ude gezogen. In der Biegenstra\u00dfe 18a (hinter der Kirche St. Peter &amp; Paul und gegen\u00fcber des H\u00f6rsaalgeb\u00e4udes) befinden sich nun die B\u00fcros...","og_url":"https:\/\/khg-marburg.eu\/index.php\/ueber-uns\/wo-und-wann-du-uns-findest\/","og_site_name":"Katholische Hochschulgemeinde Marburg","article_publisher":"https:\/\/www.facebook.com\/KHGMarburg","article_modified_time":"2025-10-01T10:44:29+00:00","twitter_card":"summary_large_image","twitter_misc":{"Gesch\u00e4tzte Lesezeit":"1\u00a0Minute"},"schema":{"@context":"https:\/\/schema.org","@graph":[{"@type":"WebPage","@id":"https:\/\/khg-marburg.eu\/index.php\/ueber-uns\/wo-und-wann-du-uns-findest\/","url":"https:\/\/khg-marburg.eu\/index.php\/ueber-uns\/wo-und-wann-du-uns-findest\/","name":"Wo und wann du uns findest - Katholische Hochschulgemeinde Marburg % %","isPartOf":{"@id":"https:\/\/khg-marburg.eu\/#website"},"datePublished":"2019-05-22T10:07:55+00:00","dateModified":"2025-10-01T10:44:29+00:00","breadcrumb":{"@id":"https:\/\/khg-marburg.eu\/index.php\/ueber-uns\/wo-und-wann-du-uns-findest\/#breadcrumb"},"inLanguage":"de","potentialAction":[{"@type":"ReadAction","target":["https:\/\/khg-marburg.eu\/index.php\/ueber-uns\/wo-und-wann-du-uns-findest\/"]}]},{"@type":"BreadcrumbList","@id":"https:\/\/khg-marburg.eu\/index.php\/ueber-uns\/wo-und-wann-du-uns-findest\/#breadcrumb","itemListElement":[{"@type":"ListItem","position":1,"name":"Startseite","item":"https:\/\/khg-marburg.eu\/"},{"@type":"ListItem","position":2,"name":"\u00dcber Uns","item":"https:\/\/khg-marburg.eu\/index.php\/ueber-uns\/"},{"@type":"ListItem","position":3,"name":"Wo und wann du uns findest"}]},{"@type":"WebSite","@id":"https:\/\/khg-marburg.eu\/#website","url":"https:\/\/khg-marburg.eu\/","name":"Katholische Hochschulgemeinde Marburg","description":"Die Katholische Hochschulgemeinde - Katholische Kirche in Marburg","publisher":{"@id":"https:\/\/khg-marburg.eu\/#organization"},"potentialAction":[{"@type":"SearchAction","target":{"@type":"EntryPoint","urlTemplate":"https:\/\/khg-marburg.eu\/?s={search_term_string}"},"query-input":"required name=search_term_string"}],"inLanguage":"de"},{"@type":"Organization","@id":"https:\/\/khg-marburg.eu\/#organization","name":"Katholische Hochschulgemeinde Marburg","url":"https:\/\/khg-marburg.eu\/","logo":{"@type":"ImageObject","inLanguage":"de","@id":"https:\/\/khg-marburg.eu\/#\/schema\/logo\/image\/","url":"https:\/\/khg-marburg.eu\/wp-content\/uploads\/2020\/04\/logo_wei\u00df.jpg","contentUrl":"https:\/\/khg-marburg.eu\/wp-content\/uploads\/2020\/04\/logo_wei\u00df.jpg","width":750,"height":650,"caption":"Katholische Hochschulgemeinde Marburg"},"image":{"@id":"https:\/\/khg-marburg.eu\/#\/schema\/logo\/image\/"},"sameAs":["https:\/\/www.facebook.com\/KHGMarburg","https:\/\/www.instagram.com\/khgmarburg\/"]}]}},"_links":{"self":[{"href":"https:\/\/khg-marburg.eu\/index.php\/wp-json\/wp\/v2\/pages\/42"}],"collection":[{"href":"https:\/\/khg-marburg.eu\/index.php\/wp-json\/wp\/v2\/pages"}],"about":[{"href":"https:\/\/khg-marburg.eu\/index.php\/wp-json\/wp\/v2\/types\/page"}],"author":[{"embeddable":true,"href":"https:\/\/khg-marburg.eu\/index.php\/wp-json\/wp\/v2\/users\/2"}],"replies":[{"embeddable":true,"href":"https:\/\/khg-marburg.eu\/index.php\/wp-json\/wp\/v2\/comments?post=42"}],"version-history":[{"count":45,"href":"https:\/\/khg-marburg.eu\/index.php\/wp-json\/wp\/v2\/pages\/42\/revisions"}],"predecessor-version":[{"id":9484,"href":"https:\/\/khg-marburg.eu\/index.php\/wp-json\/wp\/v2\/pages\/42\/revisions\/9484"}],"up":[{"embeddable":true,"href":"https:\/\/khg-marburg.eu\/index.php\/wp-json\/wp\/v2\/pages\/707"}],"wp:attachment":[{"href":"https:\/\/khg-marburg.eu\/index.php\/wp-json\/wp\/v2\/media?parent=42"}],"curies":[{"name":"wp","href":"https:\/\/api.w.org\/{rel}","templated":true}]}}

<div id="pl-42"  class="panel-layout" ><div id="pg-42-0"  class="panel-grid panel-no-style" ><div id="pgc-42-0-0"  class="panel-grid-cell" ><div id="panel-42-0-0-0" class="so-panel widget widget_sow-editor panel-first-child" data-index="0" ><div
			
			class="so-widget-sow-editor so-widget-sow-editor-base"
			
		>
<div class="siteorigin-widget-tinymce textwidget">
	<p style="text-align: justify;">Im Oktober 2024 sind wir in unser neues Gebäude gezogen. In der Biegenstraße 18a (hinter der Kirche St. Peter &amp; Paul und gegenüber des Hörsaalgebäudes) befinden sich nun die Büros der hauptamtlichen Mitarbeiter*innen, der große KHG-Saal, die Lounge, die KHG-Bar und das Wohnheim mit 14 Studi-Appartement u.v.m. Komm vorbei und lern unser neues Haus kennen!</p>
<p><strong>KHG Marburg<br />
</strong>Biegenstraße 18a</p>
<p><strong>Mittwochabendveranstaltungen</strong>:<br />
Achtet bitte auf die Ortsangaben auf den Plakaten/Posts! Oder fragt uns einfach 🙂</p>
</div>
</div></div><div id="panel-42-0-0-1" class="so-panel widget widget_sow-editor panel-last-child" data-index="1" ><div
			
			class="so-widget-sow-editor so-widget-sow-editor-base"
			
		>
<div class="siteorigin-widget-tinymce textwidget">
	<p><strong>Das KHG-Büro</strong>:<br />
Biegenstraße 18a</p>
<p><strong>Büro-Öffnungszeiten im Semester</strong>:<br />
Montag: 09-12 Uhr<br />
Dienstag 11-14 Uhr<br />
Mittwoch 09-12 Uhr<br />
Mittwoch: 16 - 18 Uhr<br />
Donnerstag: nach Vereinbarung<br />
Freitag 09-12 Uhr</p>
<p><strong>Büro-Öffnungszeiten in der vorlesungsfreien Zeit</strong>:<br />
Dienstag bis Donnerstag 09-12 Uhr<br />
und nach Vereinbarung</p>
<p><strong>Kontakt:</strong><br />
☎ 06421 175389-0<br />
✉ <a href="mailto:khg-marburg@bistum-fulda.de">khg-marburg@bistum-fulda.de</a></p>
</div>
</div></div></div></div></div>

<p>Im Oktober 2024 sind wir in unser neues Gebäude gezogen. In der Biegenstraße 18a (hinter der Kirche St. Peter &amp; Paul und gegenüber des Hörsaalgebäudes) befinden sich nun die Büros&#8230;</p>

<!-- This site is optimized with the Yoast SEO plugin v22.3 - https://yoast.com/wordpress/plugins/seo/ -->
<title>Wo und wann du uns findest - Katholische Hochschulgemeinde Marburg % %</title>
<meta name="robots" content="index, follow, max-snippet:-1, max-image-preview:large, max-video-preview:-1" />
<link rel="canonical" href="https://khg-marburg.eu/index.php/ueber-uns/wo-und-wann-du-uns-findest/" />
<meta property="og:locale" content="de_DE" />
<meta property="og:type" content="article" />
<meta property="og:title" content="Wo und wann du uns findest - Katholische Hochschulgemeinde Marburg % %" />
<meta property="og:description" content="Im Oktober 2024 sind wir in unser neues Gebäude gezogen. In der Biegenstraße 18a (hinter der Kirche St. Peter &amp; Paul und gegenüber des Hörsaalgebäudes) befinden sich nun die Büros..." />
<meta property="og:url" content="https://khg-marburg.eu/index.php/ueber-uns/wo-und-wann-du-uns-findest/" />
<meta property="og:site_name" content="Katholische Hochschulgemeinde Marburg" />
<meta property="article:publisher" content="https://www.facebook.com/KHGMarburg" />
<meta property="article:modified_time" content="2025-10-01T10:44:29+00:00" />
<meta name="twitter:card" content="summary_large_image" />
<meta name="twitter:label1" content="Geschätzte Lesezeit" />
	<meta name="twitter:data1" content="1 Minute" />
<script type="application/ld+json" class="yoast-schema-graph">{"@context":"https://schema.org","@graph":[{"@type":"WebPage","@id":"https://khg-marburg.eu/index.php/ueber-uns/wo-und-wann-du-uns-findest/","url":"https://khg-marburg.eu/index.php/ueber-uns/wo-und-wann-du-uns-findest/","name":"Wo und wann du uns findest - Katholische Hochschulgemeinde Marburg % %","isPartOf":{"@id":"https://khg-marburg.eu/#website"},"datePublished":"2019-05-22T10:07:55+00:00","dateModified":"2025-10-01T10:44:29+00:00","breadcrumb":{"@id":"https://khg-marburg.eu/index.php/ueber-uns/wo-und-wann-du-uns-findest/#breadcrumb"},"inLanguage":"de","potentialAction":[{"@type":"ReadAction","target":["https://khg-marburg.eu/index.php/ueber-uns/wo-und-wann-du-uns-findest/"]}]},{"@type":"BreadcrumbList","@id":"https://khg-marburg.eu/index.php/ueber-uns/wo-und-wann-du-uns-findest/#breadcrumb","itemListElement":[{"@type":"ListItem","position":1,"name":"Startseite","item":"https://khg-marburg.eu/"},{"@type":"ListItem","position":2,"name":"Über Uns","item":"https://khg-marburg.eu/index.php/ueber-uns/"},{"@type":"ListItem","position":3,"name":"Wo und wann du uns findest"}]},{"@type":"WebSite","@id":"https://khg-marburg.eu/#website","url":"https://khg-marburg.eu/","name":"Katholische Hochschulgemeinde Marburg","description":"Die Katholische Hochschulgemeinde - Katholische Kirche in Marburg","publisher":{"@id":"https://khg-marburg.eu/#organization"},"potentialAction":[{"@type":"SearchAction","target":{"@type":"EntryPoint","urlTemplate":"https://khg-marburg.eu/?s={search_term_string}"},"query-input":"required name=search_term_string"}],"inLanguage":"de"},{"@type":"Organization","@id":"https://khg-marburg.eu/#organization","name":"Katholische Hochschulgemeinde Marburg","url":"https://khg-marburg.eu/","logo":{"@type":"ImageObject","inLanguage":"de","@id":"https://khg-marburg.eu/#/schema/logo/image/","url":"https://khg-marburg.eu/wp-content/uploads/2020/04/logo_weiß.jpg","contentUrl":"https://khg-marburg.eu/wp-content/uploads/2020/04/logo_weiß.jpg","width":750,"height":650,"caption":"Katholische Hochschulgemeinde Marburg"},"image":{"@id":"https://khg-marburg.eu/#/schema/logo/image/"},"sameAs":["https://www.facebook.com/KHGMarburg","https://www.instagram.com/khgmarburg/"]}]}</script>
<!-- / Yoast SEO plugin. -->

Im Oktober 2024 sind wir in unser neues Gebäude gezogen. In der Biegenstraße 18a (hinter der Kirche St. Peter &amp; Paul und gegenüber des Hörsaalgebäudes) befinden sich nun die Büros...

Über Uns

https://khg-marburg.eu/wp-content/uploads/2020/04/logo_weiß.jpg
