{"id":4865,"date":"2023-03-07T12:02:32","date_gmt":"2023-03-07T11:02:32","guid":{"rendered":"https:\/\/khg-marburg.eu\/?page_id=4865"},"modified":"2025-05-07T14:36:23","modified_gmt":"2025-05-07T12:36:23","slug":"mitarbeiterin-oeffentlichkeitsarbeit-administration","status":"publish","type":"page","link":"https:\/\/khg-marburg.eu\/index.php\/mitarbeiterin-oeffentlichkeitsarbeit-administration\/","title":{"rendered":"Mitarbeiterin \u00d6ffentlichkeitsarbeit &#038; Administration"},"content":{"rendered":"<div id=\"pl-gb4865-69f2851db1bde\"  class=\"panel-layout panel-layout\" ><div id=\"pg-gb4865-69f2851db1bde-0\"  class=\"panel-grid panel-no-style\" ><div id=\"pgc-gb4865-69f2851db1bde-0-0\"  class=\"panel-grid-cell\" ><div id=\"panel-gb4865-69f2851db1bde-0-0-0\" class=\"so-panel widget widget_sow-image panel-first-child\" data-index=\"0\" ><div\n\t\t\t\n\t\t\tclass=\"so-widget-sow-image so-widget-sow-image-default-e4c2d9f6c920-4865\"\n\t\t\t\n\t\t>\n<div class=\"sow-image-container\">\n\t\t<img \n\tsrc=\"https:\/\/khg-marburg.eu\/wp-content\/uploads\/2024\/04\/Design-ohne-Titel-6-1-300x300.png\" width=\"300\" height=\"300\" srcset=\"https:\/\/khg-marburg.eu\/wp-content\/uploads\/2024\/04\/Design-ohne-Titel-6-1-300x300.png 300w, https:\/\/khg-marburg.eu\/wp-content\/uploads\/2024\/04\/Design-ohne-Titel-6-1-1024x1024.png 1024w, https:\/\/khg-marburg.eu\/wp-content\/uploads\/2024\/04\/Design-ohne-Titel-6-1-150x150.png 150w, https:\/\/khg-marburg.eu\/wp-content\/uploads\/2024\/04\/Design-ohne-Titel-6-1-768x768.png 768w, https:\/\/khg-marburg.eu\/wp-content\/uploads\/2024\/04\/Design-ohne-Titel-6-1-1536x1536.png 1536w, https:\/\/khg-marburg.eu\/wp-content\/uploads\/2024\/04\/Design-ohne-Titel-6-1.png 1620w\" sizes=\"(max-width: 300px) 100vw, 300px\" alt=\"\" \t\tclass=\"so-widget-image\"\/>\n\t<\/div>\n\n<\/div><\/div><div id=\"panel-gb4865-69f2851db1bde-0-0-1\" class=\"so-panel widget widget_sow-editor panel-last-child\" data-index=\"1\" ><div\n\t\t\t\n\t\t\tclass=\"so-widget-sow-editor so-widget-sow-editor-base\"\n\t\t\t\n\t\t>\n<div class=\"siteorigin-widget-tinymce textwidget\">\n\t<p style=\"padding-left: 80px; text-align: right;\"><strong>Kontakt<\/strong><br \/>\nKerstin Winkel<br \/>\n\u260e 0178 8918 626<br \/>\n\u2709 <a href=\"mailto:kerstin.winkel@bistum-fulda.de\">kerstin.winkel@bistum-fulda.de<\/a><\/p>\n<\/div>\n<\/div><\/div><\/div><div id=\"pgc-gb4865-69f2851db1bde-0-1\"  class=\"panel-grid-cell\" ><div id=\"panel-gb4865-69f2851db1bde-0-1-0\" class=\"so-panel widget widget_sow-editor panel-first-child panel-last-child\" data-index=\"2\" ><div\n\t\t\t\n\t\t\tclass=\"so-widget-sow-editor so-widget-sow-editor-base\"\n\t\t\t\n\t\t>\n<div class=\"siteorigin-widget-tinymce textwidget\">\n\t<h1>Kerstin Winkel<\/h1>\n<p><strong>STECKBRIEF:<\/strong><\/p>\n<p><strong>Ausbildung\/Studium<\/strong><\/p>\n<ul data-editing-info=\"{&quot;applyListStyleFromLevel&quot;:true}\">\n<li>Magisterstudium der Neueren deutschen Literatur und Medienwissenschaften in Marburg<\/li>\n<li>Duales Studium zur PR-Referentin in Heidelberg<\/li>\n<\/ul>\n<p><strong>Aufgabe<\/strong><\/p>\n<ul data-editing-info=\"{&quot;applyListStyleFromLevel&quot;:true}\">\n<li>Bewerbung der KHG-Veranstaltungen mit Plakaten, Insta-Posts<\/li>\n<li>Aufbau und Pflege der KHG-Webseite<\/li>\n<li>Gestaltung und Inhalt des Newsletters<\/li>\n<li>im Moment bin ich noch f\u00fcr die Rechnungen zust\u00e4ndig<\/li>\n<li>und all die vielen Kleinigkeiten, die zwischendrin so aufploppen<\/li>\n<\/ul>\n<p><strong>Superkraft<\/strong><\/p>\n<ul data-editing-info=\"{&quot;applyListStyleFromLevel&quot;:true}\">\n<li>Meine Kreativit\u00e4t, mein Humor, St\u00e4rke bei Schleppen von M\u00f6beln, Tatkraft<\/li>\n<\/ul>\n<p><strong>Geheimtipp in der KHG<\/strong> (Welches Format oder Veranstaltung solltest Du unbedingt mal ausprobieren)?<\/p>\n<ul data-editing-info=\"{&quot;applyListStyleFromLevel&quot;:true}\">\n<li>Die Momente Zwischendurch an der KHG-Workbench, wo man mit lieben Menschen ins Gespr\u00e4ch kommt.<\/li>\n<\/ul>\n<\/div>\n<\/div><\/div><\/div><\/div><\/div>","protected":false},"excerpt":{"rendered":"<p>Kontakt Kerstin Winkel \u260e 0178 8918 626 \u2709 kerstin.winkel@bistum-fulda.de Kerstin Winkel STECKBRIEF: Ausbildung\/Studium Magisterstudium der Neueren deutschen Literatur und Medienwissenschaften in Marburg Duales Studium zur PR-Referentin in Heidelberg Aufgabe Bewerbung&#8230;<\/p>\n","protected":false},"author":2,"featured_media":0,"parent":0,"menu_order":0,"comment_status":"closed","ping_status":"closed","template":"","meta":{"inline_featured_image":false,"_kadence_starter_templates_imported_post":false,"_kad_post_transparent":"","_kad_post_title":"","_kad_post_layout":"","_kad_post_sidebar_id":"","_kad_post_content_style":"","_kad_post_vertical_padding":"","_kad_post_feature":"","_kad_post_feature_position":"","_kad_post_header":false,"_kad_post_footer":false,"footnotes":""},"yoast_head":"<!-- This site is optimized with the Yoast SEO plugin v22.3 - https:\/\/yoast.com\/wordpress\/plugins\/seo\/ -->\n<title>Mitarbeiterin \u00d6ffentlichkeitsarbeit &amp; Administration - Katholische Hochschulgemeinde Marburg<\/title>\n<meta name=\"robots\" content=\"index, follow, max-snippet:-1, max-image-preview:large, max-video-preview:-1\" \/>\n<link rel=\"canonical\" href=\"https:\/\/khg-marburg.eu\/index.php\/mitarbeiterin-oeffentlichkeitsarbeit-administration\/\" \/>\n<meta property=\"og:locale\" content=\"de_DE\" \/>\n<meta property=\"og:type\" content=\"article\" \/>\n<meta property=\"og:title\" content=\"Mitarbeiterin \u00d6ffentlichkeitsarbeit &amp; Administration - Katholische Hochschulgemeinde Marburg\" \/>\n<meta property=\"og:description\" content=\"Kontakt Kerstin Winkel \u260e 0178 8918 626 \u2709 kerstin.winkel@bistum-fulda.de Kerstin Winkel STECKBRIEF: Ausbildung\/Studium Magisterstudium der Neueren deutschen Literatur und Medienwissenschaften in Marburg Duales Studium zur PR-Referentin in Heidelberg Aufgabe Bewerbung...\" \/>\n<meta property=\"og:url\" content=\"https:\/\/khg-marburg.eu\/index.php\/mitarbeiterin-oeffentlichkeitsarbeit-administration\/\" \/>\n<meta property=\"og:site_name\" content=\"Katholische Hochschulgemeinde Marburg\" \/>\n<meta property=\"article:publisher\" content=\"https:\/\/www.facebook.com\/KHGMarburg\" \/>\n<meta property=\"article:modified_time\" content=\"2025-05-07T12:36:23+00:00\" \/>\n<meta name=\"twitter:card\" content=\"summary_large_image\" \/>\n<meta name=\"twitter:label1\" content=\"Gesch\u00e4tzte Lesezeit\" \/>\n\t<meta name=\"twitter:data1\" content=\"1\u00a0Minute\" \/>\n<script type=\"application\/ld+json\" class=\"yoast-schema-graph\">{\"@context\":\"https:\/\/schema.org\",\"@graph\":[{\"@type\":\"WebPage\",\"@id\":\"https:\/\/khg-marburg.eu\/index.php\/mitarbeiterin-oeffentlichkeitsarbeit-administration\/\",\"url\":\"https:\/\/khg-marburg.eu\/index.php\/mitarbeiterin-oeffentlichkeitsarbeit-administration\/\",\"name\":\"Mitarbeiterin \u00d6ffentlichkeitsarbeit & Administration - Katholische Hochschulgemeinde Marburg\",\"isPartOf\":{\"@id\":\"https:\/\/khg-marburg.eu\/#website\"},\"datePublished\":\"2023-03-07T11:02:32+00:00\",\"dateModified\":\"2025-05-07T12:36:23+00:00\",\"breadcrumb\":{\"@id\":\"https:\/\/khg-marburg.eu\/index.php\/mitarbeiterin-oeffentlichkeitsarbeit-administration\/#breadcrumb\"},\"inLanguage\":\"de\",\"potentialAction\":[{\"@type\":\"ReadAction\",\"target\":[\"https:\/\/khg-marburg.eu\/index.php\/mitarbeiterin-oeffentlichkeitsarbeit-administration\/\"]}]},{\"@type\":\"BreadcrumbList\",\"@id\":\"https:\/\/khg-marburg.eu\/index.php\/mitarbeiterin-oeffentlichkeitsarbeit-administration\/#breadcrumb\",\"itemListElement\":[{\"@type\":\"ListItem\",\"position\":1,\"name\":\"Startseite\",\"item\":\"https:\/\/khg-marburg.eu\/\"},{\"@type\":\"ListItem\",\"position\":2,\"name\":\"Mitarbeiterin \u00d6ffentlichkeitsarbeit &#038; Administration\"}]},{\"@type\":\"WebSite\",\"@id\":\"https:\/\/khg-marburg.eu\/#website\",\"url\":\"https:\/\/khg-marburg.eu\/\",\"name\":\"Katholische Hochschulgemeinde Marburg\",\"description\":\"Die Katholische Hochschulgemeinde - Katholische Kirche in Marburg\",\"publisher\":{\"@id\":\"https:\/\/khg-marburg.eu\/#organization\"},\"potentialAction\":[{\"@type\":\"SearchAction\",\"target\":{\"@type\":\"EntryPoint\",\"urlTemplate\":\"https:\/\/khg-marburg.eu\/?s={search_term_string}\"},\"query-input\":\"required name=search_term_string\"}],\"inLanguage\":\"de\"},{\"@type\":\"Organization\",\"@id\":\"https:\/\/khg-marburg.eu\/#organization\",\"name\":\"Katholische Hochschulgemeinde Marburg\",\"url\":\"https:\/\/khg-marburg.eu\/\",\"logo\":{\"@type\":\"ImageObject\",\"inLanguage\":\"de\",\"@id\":\"https:\/\/khg-marburg.eu\/#\/schema\/logo\/image\/\",\"url\":\"https:\/\/khg-marburg.eu\/wp-content\/uploads\/2020\/04\/logo_wei\u00df.jpg\",\"contentUrl\":\"https:\/\/khg-marburg.eu\/wp-content\/uploads\/2020\/04\/logo_wei\u00df.jpg\",\"width\":750,\"height\":650,\"caption\":\"Katholische Hochschulgemeinde Marburg\"},\"image\":{\"@id\":\"https:\/\/khg-marburg.eu\/#\/schema\/logo\/image\/\"},\"sameAs\":[\"https:\/\/www.facebook.com\/KHGMarburg\",\"https:\/\/www.instagram.com\/khgmarburg\/\"]}]}<\/script>\n<!-- \/ Yoast SEO plugin. -->","yoast_head_json":{"title":"Mitarbeiterin \u00d6ffentlichkeitsarbeit & Administration - Katholische Hochschulgemeinde Marburg","robots":{"index":"index","follow":"follow","max-snippet":"max-snippet:-1","max-image-preview":"max-image-preview:large","max-video-preview":"max-video-preview:-1"},"canonical":"https:\/\/khg-marburg.eu\/index.php\/mitarbeiterin-oeffentlichkeitsarbeit-administration\/","og_locale":"de_DE","og_type":"article","og_title":"Mitarbeiterin \u00d6ffentlichkeitsarbeit & Administration - Katholische Hochschulgemeinde Marburg","og_description":"Kontakt Kerstin Winkel \u260e 0178 8918 626 \u2709 kerstin.winkel@bistum-fulda.de Kerstin Winkel STECKBRIEF: Ausbildung\/Studium Magisterstudium der Neueren deutschen Literatur und Medienwissenschaften in Marburg Duales Studium zur PR-Referentin in Heidelberg Aufgabe Bewerbung...","og_url":"https:\/\/khg-marburg.eu\/index.php\/mitarbeiterin-oeffentlichkeitsarbeit-administration\/","og_site_name":"Katholische Hochschulgemeinde Marburg","article_publisher":"https:\/\/www.facebook.com\/KHGMarburg","article_modified_time":"2025-05-07T12:36:23+00:00","twitter_card":"summary_large_image","twitter_misc":{"Gesch\u00e4tzte Lesezeit":"1\u00a0Minute"},"schema":{"@context":"https:\/\/schema.org","@graph":[{"@type":"WebPage","@id":"https:\/\/khg-marburg.eu\/index.php\/mitarbeiterin-oeffentlichkeitsarbeit-administration\/","url":"https:\/\/khg-marburg.eu\/index.php\/mitarbeiterin-oeffentlichkeitsarbeit-administration\/","name":"Mitarbeiterin \u00d6ffentlichkeitsarbeit & Administration - Katholische Hochschulgemeinde Marburg","isPartOf":{"@id":"https:\/\/khg-marburg.eu\/#website"},"datePublished":"2023-03-07T11:02:32+00:00","dateModified":"2025-05-07T12:36:23+00:00","breadcrumb":{"@id":"https:\/\/khg-marburg.eu\/index.php\/mitarbeiterin-oeffentlichkeitsarbeit-administration\/#breadcrumb"},"inLanguage":"de","potentialAction":[{"@type":"ReadAction","target":["https:\/\/khg-marburg.eu\/index.php\/mitarbeiterin-oeffentlichkeitsarbeit-administration\/"]}]},{"@type":"BreadcrumbList","@id":"https:\/\/khg-marburg.eu\/index.php\/mitarbeiterin-oeffentlichkeitsarbeit-administration\/#breadcrumb","itemListElement":[{"@type":"ListItem","position":1,"name":"Startseite","item":"https:\/\/khg-marburg.eu\/"},{"@type":"ListItem","position":2,"name":"Mitarbeiterin \u00d6ffentlichkeitsarbeit &#038; Administration"}]},{"@type":"WebSite","@id":"https:\/\/khg-marburg.eu\/#website","url":"https:\/\/khg-marburg.eu\/","name":"Katholische Hochschulgemeinde Marburg","description":"Die Katholische Hochschulgemeinde - Katholische Kirche in Marburg","publisher":{"@id":"https:\/\/khg-marburg.eu\/#organization"},"potentialAction":[{"@type":"SearchAction","target":{"@type":"EntryPoint","urlTemplate":"https:\/\/khg-marburg.eu\/?s={search_term_string}"},"query-input":"required name=search_term_string"}],"inLanguage":"de"},{"@type":"Organization","@id":"https:\/\/khg-marburg.eu\/#organization","name":"Katholische Hochschulgemeinde Marburg","url":"https:\/\/khg-marburg.eu\/","logo":{"@type":"ImageObject","inLanguage":"de","@id":"https:\/\/khg-marburg.eu\/#\/schema\/logo\/image\/","url":"https:\/\/khg-marburg.eu\/wp-content\/uploads\/2020\/04\/logo_wei\u00df.jpg","contentUrl":"https:\/\/khg-marburg.eu\/wp-content\/uploads\/2020\/04\/logo_wei\u00df.jpg","width":750,"height":650,"caption":"Katholische Hochschulgemeinde Marburg"},"image":{"@id":"https:\/\/khg-marburg.eu\/#\/schema\/logo\/image\/"},"sameAs":["https:\/\/www.facebook.com\/KHGMarburg","https:\/\/www.instagram.com\/khgmarburg\/"]}]}},"_links":{"self":[{"href":"https:\/\/khg-marburg.eu\/index.php\/wp-json\/wp\/v2\/pages\/4865"}],"collection":[{"href":"https:\/\/khg-marburg.eu\/index.php\/wp-json\/wp\/v2\/pages"}],"about":[{"href":"https:\/\/khg-marburg.eu\/index.php\/wp-json\/wp\/v2\/types\/page"}],"author":[{"embeddable":true,"href":"https:\/\/khg-marburg.eu\/index.php\/wp-json\/wp\/v2\/users\/2"}],"replies":[{"embeddable":true,"href":"https:\/\/khg-marburg.eu\/index.php\/wp-json\/wp\/v2\/comments?post=4865"}],"version-history":[{"count":11,"href":"https:\/\/khg-marburg.eu\/index.php\/wp-json\/wp\/v2\/pages\/4865\/revisions"}],"predecessor-version":[{"id":8983,"href":"https:\/\/khg-marburg.eu\/index.php\/wp-json\/wp\/v2\/pages\/4865\/revisions\/8983"}],"wp:attachment":[{"href":"https:\/\/khg-marburg.eu\/index.php\/wp-json\/wp\/v2\/media?parent=4865"}],"curies":[{"name":"wp","href":"https:\/\/api.w.org\/{rel}","templated":true}]}}

Mitarbeiterin Öffentlichkeitsarbeit &#038; Administration

<div id="pl-gb4865-69f2851db1bde"  class="panel-layout panel-layout" ><div id="pg-gb4865-69f2851db1bde-0"  class="panel-grid panel-no-style" ><div id="pgc-gb4865-69f2851db1bde-0-0"  class="panel-grid-cell" ><div id="panel-gb4865-69f2851db1bde-0-0-0" class="so-panel widget widget_sow-image panel-first-child" data-index="0" ><div
			
			class="so-widget-sow-image so-widget-sow-image-default-e4c2d9f6c920-4865"
			
		>
<div class="sow-image-container">
		<img 
	src="https://khg-marburg.eu/wp-content/uploads/2024/04/Design-ohne-Titel-6-1-300x300.png" width="300" height="300" srcset="https://khg-marburg.eu/wp-content/uploads/2024/04/Design-ohne-Titel-6-1-300x300.png 300w, https://khg-marburg.eu/wp-content/uploads/2024/04/Design-ohne-Titel-6-1-1024x1024.png 1024w, https://khg-marburg.eu/wp-content/uploads/2024/04/Design-ohne-Titel-6-1-150x150.png 150w, https://khg-marburg.eu/wp-content/uploads/2024/04/Design-ohne-Titel-6-1-768x768.png 768w, https://khg-marburg.eu/wp-content/uploads/2024/04/Design-ohne-Titel-6-1-1536x1536.png 1536w, https://khg-marburg.eu/wp-content/uploads/2024/04/Design-ohne-Titel-6-1.png 1620w" sizes="(max-width: 300px) 100vw, 300px" alt="" 		class="so-widget-image"/>
	</div>

</div></div><div id="panel-gb4865-69f2851db1bde-0-0-1" class="so-panel widget widget_sow-editor panel-last-child" data-index="1" ><div
			
			class="so-widget-sow-editor so-widget-sow-editor-base"
			
		>
<div class="siteorigin-widget-tinymce textwidget">
	<p style="padding-left: 80px; text-align: right;"><strong>Kontakt</strong><br />
Kerstin Winkel<br />
☎ 0178 8918 626<br />
✉ <a href="mailto:kerstin.winkel@bistum-fulda.de">kerstin.winkel@bistum-fulda.de</a></p>
</div>
</div></div></div><div id="pgc-gb4865-69f2851db1bde-0-1"  class="panel-grid-cell" ><div id="panel-gb4865-69f2851db1bde-0-1-0" class="so-panel widget widget_sow-editor panel-first-child panel-last-child" data-index="2" ><div
			
			class="so-widget-sow-editor so-widget-sow-editor-base"
			
		>
<div class="siteorigin-widget-tinymce textwidget">
	<h1>Kerstin Winkel</h1>
<p><strong>STECKBRIEF:</strong></p>
<p><strong>Ausbildung/Studium</strong></p>
<ul data-editing-info="{&quot;applyListStyleFromLevel&quot;:true}">
<li>Magisterstudium der Neueren deutschen Literatur und Medienwissenschaften in Marburg</li>
<li>Duales Studium zur PR-Referentin in Heidelberg</li>
</ul>
<p><strong>Aufgabe</strong></p>
<ul data-editing-info="{&quot;applyListStyleFromLevel&quot;:true}">
<li>Bewerbung der KHG-Veranstaltungen mit Plakaten, Insta-Posts</li>
<li>Aufbau und Pflege der KHG-Webseite</li>
<li>Gestaltung und Inhalt des Newsletters</li>
<li>im Moment bin ich noch für die Rechnungen zuständig</li>
<li>und all die vielen Kleinigkeiten, die zwischendrin so aufploppen</li>
</ul>
<p><strong>Superkraft</strong></p>
<ul data-editing-info="{&quot;applyListStyleFromLevel&quot;:true}">
<li>Meine Kreativität, mein Humor, Stärke bei Schleppen von Möbeln, Tatkraft</li>
</ul>
<p><strong>Geheimtipp in der KHG</strong> (Welches Format oder Veranstaltung solltest Du unbedingt mal ausprobieren)?</p>
<ul data-editing-info="{&quot;applyListStyleFromLevel&quot;:true}">
<li>Die Momente Zwischendurch an der KHG-Workbench, wo man mit lieben Menschen ins Gespräch kommt.</li>
</ul>
</div>
</div></div></div></div></div>

<!-- This site is optimized with the Yoast SEO plugin v22.3 - https://yoast.com/wordpress/plugins/seo/ -->
<title>Mitarbeiterin Öffentlichkeitsarbeit &amp; Administration - Katholische Hochschulgemeinde Marburg</title>
<meta name="robots" content="index, follow, max-snippet:-1, max-image-preview:large, max-video-preview:-1" />
<link rel="canonical" href="https://khg-marburg.eu/index.php/mitarbeiterin-oeffentlichkeitsarbeit-administration/" />
<meta property="og:locale" content="de_DE" />
<meta property="og:type" content="article" />
<meta property="og:title" content="Mitarbeiterin Öffentlichkeitsarbeit &amp; Administration - Katholische Hochschulgemeinde Marburg" />
<meta property="og:description" content="Kontakt Kerstin Winkel ☎ 0178 8918 626 ✉ kerstin.winkel@bistum-fulda.de Kerstin Winkel STECKBRIEF: Ausbildung/Studium Magisterstudium der Neueren deutschen Literatur und Medienwissenschaften in Marburg Duales Studium zur PR-Referentin in Heidelberg Aufgabe Bewerbung..." />
<meta property="og:url" content="https://khg-marburg.eu/index.php/mitarbeiterin-oeffentlichkeitsarbeit-administration/" />
<meta property="og:site_name" content="Katholische Hochschulgemeinde Marburg" />
<meta property="article:publisher" content="https://www.facebook.com/KHGMarburg" />
<meta property="article:modified_time" content="2025-05-07T12:36:23+00:00" />
<meta name="twitter:card" content="summary_large_image" />
<meta name="twitter:label1" content="Geschätzte Lesezeit" />
	<meta name="twitter:data1" content="1 Minute" />
<script type="application/ld+json" class="yoast-schema-graph">{"@context":"https://schema.org","@graph":[{"@type":"WebPage","@id":"https://khg-marburg.eu/index.php/mitarbeiterin-oeffentlichkeitsarbeit-administration/","url":"https://khg-marburg.eu/index.php/mitarbeiterin-oeffentlichkeitsarbeit-administration/","name":"Mitarbeiterin Öffentlichkeitsarbeit & Administration - Katholische Hochschulgemeinde Marburg","isPartOf":{"@id":"https://khg-marburg.eu/#website"},"datePublished":"2023-03-07T11:02:32+00:00","dateModified":"2025-05-07T12:36:23+00:00","breadcrumb":{"@id":"https://khg-marburg.eu/index.php/mitarbeiterin-oeffentlichkeitsarbeit-administration/#breadcrumb"},"inLanguage":"de","potentialAction":[{"@type":"ReadAction","target":["https://khg-marburg.eu/index.php/mitarbeiterin-oeffentlichkeitsarbeit-administration/"]}]},{"@type":"BreadcrumbList","@id":"https://khg-marburg.eu/index.php/mitarbeiterin-oeffentlichkeitsarbeit-administration/#breadcrumb","itemListElement":[{"@type":"ListItem","position":1,"name":"Startseite","item":"https://khg-marburg.eu/"},{"@type":"ListItem","position":2,"name":"Mitarbeiterin Öffentlichkeitsarbeit &#038; Administration"}]},{"@type":"WebSite","@id":"https://khg-marburg.eu/#website","url":"https://khg-marburg.eu/","name":"Katholische Hochschulgemeinde Marburg","description":"Die Katholische Hochschulgemeinde - Katholische Kirche in Marburg","publisher":{"@id":"https://khg-marburg.eu/#organization"},"potentialAction":[{"@type":"SearchAction","target":{"@type":"EntryPoint","urlTemplate":"https://khg-marburg.eu/?s={search_term_string}"},"query-input":"required name=search_term_string"}],"inLanguage":"de"},{"@type":"Organization","@id":"https://khg-marburg.eu/#organization","name":"Katholische Hochschulgemeinde Marburg","url":"https://khg-marburg.eu/","logo":{"@type":"ImageObject","inLanguage":"de","@id":"https://khg-marburg.eu/#/schema/logo/image/","url":"https://khg-marburg.eu/wp-content/uploads/2020/04/logo_weiß.jpg","contentUrl":"https://khg-marburg.eu/wp-content/uploads/2020/04/logo_weiß.jpg","width":750,"height":650,"caption":"Katholische Hochschulgemeinde Marburg"},"image":{"@id":"https://khg-marburg.eu/#/schema/logo/image/"},"sameAs":["https://www.facebook.com/KHGMarburg","https://www.instagram.com/khgmarburg/"]}]}</script>
<!-- / Yoast SEO plugin. -->

Mitarbeiterin Öffentlichkeitsarbeit & Administration - Katholische Hochschulgemeinde Marburg

https://khg-marburg.eu/wp-content/uploads/2020/04/logo_weiß.jpg
