{"id":5060,"date":"2023-05-03T10:43:44","date_gmt":"2023-05-03T08:43:44","guid":{"rendered":"https:\/\/khg-marburg.eu\/?page_id=5060"},"modified":"2026-02-26T08:41:39","modified_gmt":"2026-02-26T07:41:39","slug":"gemeinderat","status":"publish","type":"page","link":"https:\/\/khg-marburg.eu\/index.php\/gemeinderat\/","title":{"rendered":"Gemeinderat WiSe 2025\/26"},"content":{"rendered":"\n<h2 class=\"wp-block-heading alignwide has-text-align-center has-text-color\" style=\"color:#eeab02\">Gemeinderat SoSe 2026<\/h2>\n\n\n\n<figure class=\"wp-block-image size-full\"><img loading=\"lazy\" decoding=\"async\" width=\"2000\" height=\"667\" src=\"https:\/\/khg-marburg.eu\/wp-content\/uploads\/2026\/02\/Startbilder_Webseite-30-x-10-cm-2026-02-25T122648.595.png\" alt=\"\" class=\"wp-image-9941\" srcset=\"https:\/\/khg-marburg.eu\/wp-content\/uploads\/2026\/02\/Startbilder_Webseite-30-x-10-cm-2026-02-25T122648.595.png 2000w, https:\/\/khg-marburg.eu\/wp-content\/uploads\/2026\/02\/Startbilder_Webseite-30-x-10-cm-2026-02-25T122648.595-300x100.png 300w, https:\/\/khg-marburg.eu\/wp-content\/uploads\/2026\/02\/Startbilder_Webseite-30-x-10-cm-2026-02-25T122648.595-1024x342.png 1024w, https:\/\/khg-marburg.eu\/wp-content\/uploads\/2026\/02\/Startbilder_Webseite-30-x-10-cm-2026-02-25T122648.595-768x256.png 768w, https:\/\/khg-marburg.eu\/wp-content\/uploads\/2026\/02\/Startbilder_Webseite-30-x-10-cm-2026-02-25T122648.595-1536x512.png 1536w\" sizes=\"(max-width: 2000px) 100vw, 2000px\" \/><\/figure>\n\n\n\n<p class=\"has-text-align-center\">Der Gemeinderat ist das Planungsteam der KHG und wird jedes Semester neu gew\u00e4hlt. Wir treffen uns f\u00fcnf bis sechs Mal im Semester, reflektieren (bei Snacks und Getr\u00e4nken) die letzten Veranstaltungen, planen anstehende Events und besprechen alles rund um die KHG. Jede:r darf zu den Gemeinderatssitzungen dazu kommen und Ideen &amp; Vorschl\u00e4ge f\u00fcr soziale, kreative, spirituelle oder anderweitige Aktionen einbringen. Unsere Sitzungen finden \u00f6ffentlich statt und werden \u00fcber den&nbsp;<a href=\"https:\/\/khg-marburg.eu\/index.php\/ueber-uns\/up-to-date\/\">Newsletter<\/a>&nbsp;und <a href=\"https:\/\/spond.com\/landing\/group\/DOYJS\">Spond<\/a> angek\u00fcndigt. Wir freuen uns, wenn du dazu kommst!<br>Den Gemeinderat erreichst du \u00fcber <a href=\"mailto:gemeinderat@khg-marburg.de\">gemeinderat@khg-marburg.de<\/a> oder \u00fcber die einzelnen Mailadressen der Gemeinderatsmitglieder.<\/p>\n\n\n\n<hr class=\"wp-block-separator alignwide has-text-color has-alpha-channel-opacity has-background is-style-wide\" style=\"background-color:#f49716;color:#f49716\"\/>\n\n\n\n<div class=\"wp-block-columns is-layout-flex wp-container-core-columns-layout-1 wp-block-columns-is-layout-flex\">\n<div class=\"wp-block-column is-layout-flow wp-block-column-is-layout-flow\">\n<figure class=\"wp-block-image size-full\"><img loading=\"lazy\" decoding=\"async\" width=\"2556\" height=\"2556\" src=\"https:\/\/khg-marburg.eu\/wp-content\/uploads\/2026\/02\/Emma_Adolf.jpg\" alt=\"\" class=\"wp-image-9938\" srcset=\"https:\/\/khg-marburg.eu\/wp-content\/uploads\/2026\/02\/Emma_Adolf.jpg 2556w, https:\/\/khg-marburg.eu\/wp-content\/uploads\/2026\/02\/Emma_Adolf-300x300.jpg 300w, https:\/\/khg-marburg.eu\/wp-content\/uploads\/2026\/02\/Emma_Adolf-1024x1024.jpg 1024w, https:\/\/khg-marburg.eu\/wp-content\/uploads\/2026\/02\/Emma_Adolf-150x150.jpg 150w, https:\/\/khg-marburg.eu\/wp-content\/uploads\/2026\/02\/Emma_Adolf-768x768.jpg 768w, https:\/\/khg-marburg.eu\/wp-content\/uploads\/2026\/02\/Emma_Adolf-1536x1536.jpg 1536w, https:\/\/khg-marburg.eu\/wp-content\/uploads\/2026\/02\/Emma_Adolf-2048x2048.jpg 2048w\" sizes=\"(max-width: 2556px) 100vw, 2556px\" \/><figcaption class=\"wp-element-caption\"><strong>Emma Adolf<\/strong><br>Pharmazie, 4. Sem.<br>emma@khg*<\/figcaption><\/figure>\n<\/div>\n\n\n\n<div class=\"wp-block-column is-layout-flow wp-block-column-is-layout-flow\">\n<figure class=\"wp-block-image size-large\"><img loading=\"lazy\" decoding=\"async\" width=\"1024\" height=\"1024\" src=\"https:\/\/khg-marburg.eu\/wp-content\/uploads\/2025\/02\/Johanna-1024x1024.jpg\" alt=\"\" class=\"wp-image-8696\" srcset=\"https:\/\/khg-marburg.eu\/wp-content\/uploads\/2025\/02\/Johanna-1024x1024.jpg 1024w, https:\/\/khg-marburg.eu\/wp-content\/uploads\/2025\/02\/Johanna-300x300.jpg 300w, https:\/\/khg-marburg.eu\/wp-content\/uploads\/2025\/02\/Johanna-150x150.jpg 150w, https:\/\/khg-marburg.eu\/wp-content\/uploads\/2025\/02\/Johanna-768x768.jpg 768w, https:\/\/khg-marburg.eu\/wp-content\/uploads\/2025\/02\/Johanna.jpg 1048w\" sizes=\"(max-width: 1024px) 100vw, 1024px\" \/><figcaption class=\"wp-element-caption\"><strong>Johanna Lademann<\/strong><br>Humanmedizin, 8. Sem.<br>johannala@khg*<\/figcaption><\/figure>\n<\/div>\n\n\n\n<div class=\"wp-block-column is-layout-flow wp-block-column-is-layout-flow\">\n<figure class=\"wp-block-image size-full\"><img loading=\"lazy\" decoding=\"async\" width=\"1080\" height=\"1080\" src=\"https:\/\/khg-marburg.eu\/wp-content\/uploads\/2026\/02\/Ricarda.jpeg\" alt=\"\" class=\"wp-image-9939\" srcset=\"https:\/\/khg-marburg.eu\/wp-content\/uploads\/2026\/02\/Ricarda.jpeg 1080w, https:\/\/khg-marburg.eu\/wp-content\/uploads\/2026\/02\/Ricarda-300x300.jpeg 300w, https:\/\/khg-marburg.eu\/wp-content\/uploads\/2026\/02\/Ricarda-1024x1024.jpeg 1024w, https:\/\/khg-marburg.eu\/wp-content\/uploads\/2026\/02\/Ricarda-150x150.jpeg 150w, https:\/\/khg-marburg.eu\/wp-content\/uploads\/2026\/02\/Ricarda-768x768.jpeg 768w\" sizes=\"(max-width: 1080px) 100vw, 1080px\" \/><figcaption class=\"wp-element-caption\"><strong>Ricarda Abel<\/strong><br>Jura, 2. Sem.<a href=\"fabian@khg-marburg.de\"><br><\/a>ricarda@khg*<br><\/figcaption><\/figure>\n<\/div>\n<\/div>\n\n\n\n<div class=\"wp-block-columns is-layout-flex wp-container-core-columns-layout-2 wp-block-columns-is-layout-flex\">\n<div class=\"wp-block-column is-layout-flow wp-block-column-is-layout-flow\">\n<figure class=\"wp-block-image size-full\"><img loading=\"lazy\" decoding=\"async\" width=\"2560\" height=\"2560\" src=\"https:\/\/khg-marburg.eu\/wp-content\/uploads\/2024\/11\/Annika-Bruns-scaled.jpg\" alt=\"\" class=\"wp-image-8196\" srcset=\"https:\/\/khg-marburg.eu\/wp-content\/uploads\/2024\/11\/Annika-Bruns-scaled.jpg 2560w, https:\/\/khg-marburg.eu\/wp-content\/uploads\/2024\/11\/Annika-Bruns-300x300.jpg 300w, https:\/\/khg-marburg.eu\/wp-content\/uploads\/2024\/11\/Annika-Bruns-1024x1024.jpg 1024w, https:\/\/khg-marburg.eu\/wp-content\/uploads\/2024\/11\/Annika-Bruns-150x150.jpg 150w, https:\/\/khg-marburg.eu\/wp-content\/uploads\/2024\/11\/Annika-Bruns-768x768.jpg 768w, https:\/\/khg-marburg.eu\/wp-content\/uploads\/2024\/11\/Annika-Bruns-1536x1536.jpg 1536w, https:\/\/khg-marburg.eu\/wp-content\/uploads\/2024\/11\/Annika-Bruns-2048x2048.jpg 2048w\" sizes=\"(max-width: 2560px) 100vw, 2560px\" \/><figcaption class=\"wp-element-caption\"><strong>Annika Bruns<\/strong><br>Lehramt Bio &amp; Geschichte, 12. Sem.<br>anni@khg*<\/figcaption><\/figure>\n<\/div>\n\n\n\n<div class=\"wp-block-column is-layout-flow wp-block-column-is-layout-flow\">\n<figure class=\"wp-block-image size-full\"><img loading=\"lazy\" decoding=\"async\" width=\"1737\" height=\"1737\" src=\"https:\/\/khg-marburg.eu\/wp-content\/uploads\/2026\/02\/IMG_0939.jpeg\" alt=\"\" class=\"wp-image-9947\" srcset=\"https:\/\/khg-marburg.eu\/wp-content\/uploads\/2026\/02\/IMG_0939.jpeg 1737w, https:\/\/khg-marburg.eu\/wp-content\/uploads\/2026\/02\/IMG_0939-300x300.jpeg 300w, https:\/\/khg-marburg.eu\/wp-content\/uploads\/2026\/02\/IMG_0939-1024x1024.jpeg 1024w, https:\/\/khg-marburg.eu\/wp-content\/uploads\/2026\/02\/IMG_0939-150x150.jpeg 150w, https:\/\/khg-marburg.eu\/wp-content\/uploads\/2026\/02\/IMG_0939-768x768.jpeg 768w, https:\/\/khg-marburg.eu\/wp-content\/uploads\/2026\/02\/IMG_0939-1536x1536.jpeg 1536w\" sizes=\"(max-width: 1737px) 100vw, 1737px\" \/><figcaption class=\"wp-element-caption\"><strong>Johanna Garsky<\/strong><br>Jura, 1. Staatsexamen<br>johanna@khg*<br><br><\/figcaption><\/figure>\n<\/div>\n\n\n\n<div class=\"wp-block-column is-layout-flow wp-block-column-is-layout-flow\">\n<figure class=\"wp-block-image size-full\"><img loading=\"lazy\" decoding=\"async\" width=\"2560\" height=\"2560\" src=\"https:\/\/khg-marburg.eu\/wp-content\/uploads\/2025\/02\/Lena-scaled.jpg\" alt=\"\" class=\"wp-image-8709\" srcset=\"https:\/\/khg-marburg.eu\/wp-content\/uploads\/2025\/02\/Lena-scaled.jpg 2560w, https:\/\/khg-marburg.eu\/wp-content\/uploads\/2025\/02\/Lena-300x300.jpg 300w, https:\/\/khg-marburg.eu\/wp-content\/uploads\/2025\/02\/Lena-1024x1024.jpg 1024w, https:\/\/khg-marburg.eu\/wp-content\/uploads\/2025\/02\/Lena-150x150.jpg 150w, https:\/\/khg-marburg.eu\/wp-content\/uploads\/2025\/02\/Lena-768x768.jpg 768w, https:\/\/khg-marburg.eu\/wp-content\/uploads\/2025\/02\/Lena-1536x1536.jpg 1536w, https:\/\/khg-marburg.eu\/wp-content\/uploads\/2025\/02\/Lena-2048x2048.jpg 2048w\" sizes=\"(max-width: 2560px) 100vw, 2560px\" \/><figcaption class=\"wp-element-caption\"><strong>Lena Pfannschilling<\/strong><br>Lehramt Sport, kath. Religion, 4. Sem.<br>lena@khg*<br><br><\/figcaption><\/figure>\n<\/div>\n<\/div>\n\n\n\n<div class=\"wp-block-columns is-layout-flex wp-container-core-columns-layout-3 wp-block-columns-is-layout-flex\">\n<div class=\"wp-block-column is-layout-flow wp-block-column-is-layout-flow\">\n<figure class=\"wp-block-image size-full\"><img loading=\"lazy\" decoding=\"async\" width=\"2540\" height=\"2540\" src=\"https:\/\/khg-marburg.eu\/wp-content\/uploads\/2025\/08\/Annelie.jpg\" alt=\"\" class=\"wp-image-9392\" style=\"object-fit:cover\" srcset=\"https:\/\/khg-marburg.eu\/wp-content\/uploads\/2025\/08\/Annelie.jpg 2540w, https:\/\/khg-marburg.eu\/wp-content\/uploads\/2025\/08\/Annelie-300x300.jpg 300w, https:\/\/khg-marburg.eu\/wp-content\/uploads\/2025\/08\/Annelie-1024x1024.jpg 1024w, https:\/\/khg-marburg.eu\/wp-content\/uploads\/2025\/08\/Annelie-150x150.jpg 150w, https:\/\/khg-marburg.eu\/wp-content\/uploads\/2025\/08\/Annelie-768x768.jpg 768w, https:\/\/khg-marburg.eu\/wp-content\/uploads\/2025\/08\/Annelie-1536x1536.jpg 1536w, https:\/\/khg-marburg.eu\/wp-content\/uploads\/2025\/08\/Annelie-2048x2048.jpg 2048w\" sizes=\"(max-width: 2540px) 100vw, 2540px\" \/><figcaption class=\"wp-element-caption\"><strong>Annelie Weinrich<\/strong><br>Pharmazie, 4. Sem.<br>annelie@khg*<\/figcaption><\/figure>\n<\/div>\n\n\n\n<div class=\"wp-block-column is-layout-flow wp-block-column-is-layout-flow\">\n<figure class=\"wp-block-image size-large\"><img loading=\"lazy\" decoding=\"async\" width=\"1024\" height=\"1024\" src=\"https:\/\/khg-marburg.eu\/wp-content\/uploads\/2025\/02\/WhatsApp-Image-2025-02-18-at-08.53.28-1024x1024.jpeg\" alt=\"\" class=\"wp-image-8716\" srcset=\"https:\/\/khg-marburg.eu\/wp-content\/uploads\/2025\/02\/WhatsApp-Image-2025-02-18-at-08.53.28-1024x1024.jpeg 1024w, https:\/\/khg-marburg.eu\/wp-content\/uploads\/2025\/02\/WhatsApp-Image-2025-02-18-at-08.53.28-300x300.jpeg 300w, https:\/\/khg-marburg.eu\/wp-content\/uploads\/2025\/02\/WhatsApp-Image-2025-02-18-at-08.53.28-150x150.jpeg 150w, https:\/\/khg-marburg.eu\/wp-content\/uploads\/2025\/02\/WhatsApp-Image-2025-02-18-at-08.53.28-768x768.jpeg 768w, https:\/\/khg-marburg.eu\/wp-content\/uploads\/2025\/02\/WhatsApp-Image-2025-02-18-at-08.53.28.jpeg 1363w\" sizes=\"(max-width: 1024px) 100vw, 1024px\" \/><figcaption class=\"wp-element-caption\"><strong>Raphael Stripf<\/strong><br>Humanmedizin, 4. Sem.<br>raphael@khg*<\/figcaption><\/figure>\n<\/div>\n\n\n\n<div class=\"wp-block-column is-layout-flow wp-block-column-is-layout-flow\">\n<figure class=\"wp-block-image size-large\"><a href=\"mailto:milena@khg-marburg.de\" target=\"_blank\" rel=\"noreferrer noopener\"><img loading=\"lazy\" decoding=\"async\" width=\"1024\" height=\"1024\" src=\"https:\/\/khg-marburg.eu\/wp-content\/uploads\/2025\/10\/Milena-1024x1024.jpeg\" alt=\"\" class=\"wp-image-9535\" srcset=\"https:\/\/khg-marburg.eu\/wp-content\/uploads\/2025\/10\/Milena-1024x1024.jpeg 1024w, https:\/\/khg-marburg.eu\/wp-content\/uploads\/2025\/10\/Milena-300x300.jpeg 300w, https:\/\/khg-marburg.eu\/wp-content\/uploads\/2025\/10\/Milena-150x150.jpeg 150w, https:\/\/khg-marburg.eu\/wp-content\/uploads\/2025\/10\/Milena-768x768.jpeg 768w, https:\/\/khg-marburg.eu\/wp-content\/uploads\/2025\/10\/Milena.jpeg 1536w\" sizes=\"(max-width: 1024px) 100vw, 1024px\" \/><\/a><figcaption class=\"wp-element-caption\"><strong>Milena Lux<\/strong><br>Lehramt Sport, kath. Religion, 4. Sem.<br>milena@khg*<\/figcaption><\/figure>\n<\/div>\n<\/div>\n\n\n\n<p>* Die vollst\u00e4ndige E-Mail-Adresse wird nur bei Hauptamtlichen Mitarbeiter*innen der KHG angezeigt. Um die Mailadresse von Studierenden zu vervollst\u00e4ndigen, h\u00e4nge bitte <strong>\u201e-marburg.de\u201c<\/strong> an, z.B. musterfr@khg-marburg.de<\/p>\n","protected":false},"excerpt":{"rendered":"<p>Gemeinderat SoSe 2026 Der Gemeinderat ist das Planungsteam der KHG und wird jedes Semester neu gew\u00e4hlt. Wir treffen uns f\u00fcnf bis sechs Mal im Semester, reflektieren (bei Snacks und Getr\u00e4nken)&#8230;<\/p>\n","protected":false},"author":2,"featured_media":0,"parent":0,"menu_order":0,"comment_status":"closed","ping_status":"closed","template":"","meta":{"inline_featured_image":false,"_kadence_starter_templates_imported_post":false,"_kad_post_transparent":"","_kad_post_title":"","_kad_post_layout":"","_kad_post_sidebar_id":"","_kad_post_content_style":"","_kad_post_vertical_padding":"","_kad_post_feature":"","_kad_post_feature_position":"","_kad_post_header":false,"_kad_post_footer":false,"footnotes":""},"yoast_head":"<!-- This site is optimized with the Yoast SEO plugin v22.3 - https:\/\/yoast.com\/wordpress\/plugins\/seo\/ -->\n<title>Gemeinderat WiSe 2025\/26 - Katholische Hochschulgemeinde Marburg<\/title>\n<meta name=\"robots\" content=\"index, follow, max-snippet:-1, max-image-preview:large, max-video-preview:-1\" \/>\n<link rel=\"canonical\" href=\"https:\/\/khg-marburg.eu\/index.php\/gemeinderat\/\" \/>\n<meta property=\"og:locale\" content=\"de_DE\" \/>\n<meta property=\"og:type\" content=\"article\" \/>\n<meta property=\"og:title\" content=\"Gemeinderat WiSe 2025\/26 - Katholische Hochschulgemeinde Marburg\" \/>\n<meta property=\"og:description\" content=\"Gemeinderat SoSe 2026 Der Gemeinderat ist das Planungsteam der KHG und wird jedes Semester neu gew\u00e4hlt. Wir treffen uns f\u00fcnf bis sechs Mal im Semester, reflektieren (bei Snacks und Getr\u00e4nken)...\" \/>\n<meta property=\"og:url\" content=\"https:\/\/khg-marburg.eu\/index.php\/gemeinderat\/\" \/>\n<meta property=\"og:site_name\" content=\"Katholische Hochschulgemeinde Marburg\" \/>\n<meta property=\"article:publisher\" content=\"https:\/\/www.facebook.com\/KHGMarburg\" \/>\n<meta property=\"article:modified_time\" content=\"2026-02-26T07:41:39+00:00\" \/>\n<meta property=\"og:image\" content=\"https:\/\/khg-marburg.eu\/wp-content\/uploads\/2026\/02\/Startbilder_Webseite-30-x-10-cm-2026-02-25T122648.595.png\" \/>\n<meta name=\"twitter:card\" content=\"summary_large_image\" \/>\n<meta name=\"twitter:label1\" content=\"Gesch\u00e4tzte Lesezeit\" \/>\n\t<meta name=\"twitter:data1\" content=\"4\u00a0Minuten\" \/>\n<script type=\"application\/ld+json\" class=\"yoast-schema-graph\">{\"@context\":\"https:\/\/schema.org\",\"@graph\":[{\"@type\":\"WebPage\",\"@id\":\"https:\/\/khg-marburg.eu\/index.php\/gemeinderat\/\",\"url\":\"https:\/\/khg-marburg.eu\/index.php\/gemeinderat\/\",\"name\":\"Gemeinderat WiSe 2025\/26 - Katholische Hochschulgemeinde Marburg\",\"isPartOf\":{\"@id\":\"https:\/\/khg-marburg.eu\/#website\"},\"primaryImageOfPage\":{\"@id\":\"https:\/\/khg-marburg.eu\/index.php\/gemeinderat\/#primaryimage\"},\"image\":{\"@id\":\"https:\/\/khg-marburg.eu\/index.php\/gemeinderat\/#primaryimage\"},\"thumbnailUrl\":\"https:\/\/khg-marburg.eu\/wp-content\/uploads\/2026\/02\/Startbilder_Webseite-30-x-10-cm-2026-02-25T122648.595.png\",\"datePublished\":\"2023-05-03T08:43:44+00:00\",\"dateModified\":\"2026-02-26T07:41:39+00:00\",\"breadcrumb\":{\"@id\":\"https:\/\/khg-marburg.eu\/index.php\/gemeinderat\/#breadcrumb\"},\"inLanguage\":\"de\",\"potentialAction\":[{\"@type\":\"ReadAction\",\"target\":[\"https:\/\/khg-marburg.eu\/index.php\/gemeinderat\/\"]}]},{\"@type\":\"ImageObject\",\"inLanguage\":\"de\",\"@id\":\"https:\/\/khg-marburg.eu\/index.php\/gemeinderat\/#primaryimage\",\"url\":\"https:\/\/khg-marburg.eu\/wp-content\/uploads\/2026\/02\/Startbilder_Webseite-30-x-10-cm-2026-02-25T122648.595.png\",\"contentUrl\":\"https:\/\/khg-marburg.eu\/wp-content\/uploads\/2026\/02\/Startbilder_Webseite-30-x-10-cm-2026-02-25T122648.595.png\",\"width\":2000,\"height\":667},{\"@type\":\"BreadcrumbList\",\"@id\":\"https:\/\/khg-marburg.eu\/index.php\/gemeinderat\/#breadcrumb\",\"itemListElement\":[{\"@type\":\"ListItem\",\"position\":1,\"name\":\"Startseite\",\"item\":\"https:\/\/khg-marburg.eu\/\"},{\"@type\":\"ListItem\",\"position\":2,\"name\":\"Gemeinderat WiSe 2025\/26\"}]},{\"@type\":\"WebSite\",\"@id\":\"https:\/\/khg-marburg.eu\/#website\",\"url\":\"https:\/\/khg-marburg.eu\/\",\"name\":\"Katholische Hochschulgemeinde Marburg\",\"description\":\"Die Katholische Hochschulgemeinde - Katholische Kirche in Marburg\",\"publisher\":{\"@id\":\"https:\/\/khg-marburg.eu\/#organization\"},\"potentialAction\":[{\"@type\":\"SearchAction\",\"target\":{\"@type\":\"EntryPoint\",\"urlTemplate\":\"https:\/\/khg-marburg.eu\/?s={search_term_string}\"},\"query-input\":\"required name=search_term_string\"}],\"inLanguage\":\"de\"},{\"@type\":\"Organization\",\"@id\":\"https:\/\/khg-marburg.eu\/#organization\",\"name\":\"Katholische Hochschulgemeinde Marburg\",\"url\":\"https:\/\/khg-marburg.eu\/\",\"logo\":{\"@type\":\"ImageObject\",\"inLanguage\":\"de\",\"@id\":\"https:\/\/khg-marburg.eu\/#\/schema\/logo\/image\/\",\"url\":\"https:\/\/khg-marburg.eu\/wp-content\/uploads\/2020\/04\/logo_wei\u00df.jpg\",\"contentUrl\":\"https:\/\/khg-marburg.eu\/wp-content\/uploads\/2020\/04\/logo_wei\u00df.jpg\",\"width\":750,\"height\":650,\"caption\":\"Katholische Hochschulgemeinde Marburg\"},\"image\":{\"@id\":\"https:\/\/khg-marburg.eu\/#\/schema\/logo\/image\/\"},\"sameAs\":[\"https:\/\/www.facebook.com\/KHGMarburg\",\"https:\/\/www.instagram.com\/khgmarburg\/\"]}]}<\/script>\n<!-- \/ Yoast SEO plugin. -->","yoast_head_json":{"title":"Gemeinderat WiSe 2025\/26 - Katholische Hochschulgemeinde Marburg","robots":{"index":"index","follow":"follow","max-snippet":"max-snippet:-1","max-image-preview":"max-image-preview:large","max-video-preview":"max-video-preview:-1"},"canonical":"https:\/\/khg-marburg.eu\/index.php\/gemeinderat\/","og_locale":"de_DE","og_type":"article","og_title":"Gemeinderat WiSe 2025\/26 - Katholische Hochschulgemeinde Marburg","og_description":"Gemeinderat SoSe 2026 Der Gemeinderat ist das Planungsteam der KHG und wird jedes Semester neu gew\u00e4hlt. Wir treffen uns f\u00fcnf bis sechs Mal im Semester, reflektieren (bei Snacks und Getr\u00e4nken)...","og_url":"https:\/\/khg-marburg.eu\/index.php\/gemeinderat\/","og_site_name":"Katholische Hochschulgemeinde Marburg","article_publisher":"https:\/\/www.facebook.com\/KHGMarburg","article_modified_time":"2026-02-26T07:41:39+00:00","og_image":[{"url":"https:\/\/khg-marburg.eu\/wp-content\/uploads\/2026\/02\/Startbilder_Webseite-30-x-10-cm-2026-02-25T122648.595.png"}],"twitter_card":"summary_large_image","twitter_misc":{"Gesch\u00e4tzte Lesezeit":"4\u00a0Minuten"},"schema":{"@context":"https:\/\/schema.org","@graph":[{"@type":"WebPage","@id":"https:\/\/khg-marburg.eu\/index.php\/gemeinderat\/","url":"https:\/\/khg-marburg.eu\/index.php\/gemeinderat\/","name":"Gemeinderat WiSe 2025\/26 - Katholische Hochschulgemeinde Marburg","isPartOf":{"@id":"https:\/\/khg-marburg.eu\/#website"},"primaryImageOfPage":{"@id":"https:\/\/khg-marburg.eu\/index.php\/gemeinderat\/#primaryimage"},"image":{"@id":"https:\/\/khg-marburg.eu\/index.php\/gemeinderat\/#primaryimage"},"thumbnailUrl":"https:\/\/khg-marburg.eu\/wp-content\/uploads\/2026\/02\/Startbilder_Webseite-30-x-10-cm-2026-02-25T122648.595.png","datePublished":"2023-05-03T08:43:44+00:00","dateModified":"2026-02-26T07:41:39+00:00","breadcrumb":{"@id":"https:\/\/khg-marburg.eu\/index.php\/gemeinderat\/#breadcrumb"},"inLanguage":"de","potentialAction":[{"@type":"ReadAction","target":["https:\/\/khg-marburg.eu\/index.php\/gemeinderat\/"]}]},{"@type":"ImageObject","inLanguage":"de","@id":"https:\/\/khg-marburg.eu\/index.php\/gemeinderat\/#primaryimage","url":"https:\/\/khg-marburg.eu\/wp-content\/uploads\/2026\/02\/Startbilder_Webseite-30-x-10-cm-2026-02-25T122648.595.png","contentUrl":"https:\/\/khg-marburg.eu\/wp-content\/uploads\/2026\/02\/Startbilder_Webseite-30-x-10-cm-2026-02-25T122648.595.png","width":2000,"height":667},{"@type":"BreadcrumbList","@id":"https:\/\/khg-marburg.eu\/index.php\/gemeinderat\/#breadcrumb","itemListElement":[{"@type":"ListItem","position":1,"name":"Startseite","item":"https:\/\/khg-marburg.eu\/"},{"@type":"ListItem","position":2,"name":"Gemeinderat WiSe 2025\/26"}]},{"@type":"WebSite","@id":"https:\/\/khg-marburg.eu\/#website","url":"https:\/\/khg-marburg.eu\/","name":"Katholische Hochschulgemeinde Marburg","description":"Die Katholische Hochschulgemeinde - Katholische Kirche in Marburg","publisher":{"@id":"https:\/\/khg-marburg.eu\/#organization"},"potentialAction":[{"@type":"SearchAction","target":{"@type":"EntryPoint","urlTemplate":"https:\/\/khg-marburg.eu\/?s={search_term_string}"},"query-input":"required name=search_term_string"}],"inLanguage":"de"},{"@type":"Organization","@id":"https:\/\/khg-marburg.eu\/#organization","name":"Katholische Hochschulgemeinde Marburg","url":"https:\/\/khg-marburg.eu\/","logo":{"@type":"ImageObject","inLanguage":"de","@id":"https:\/\/khg-marburg.eu\/#\/schema\/logo\/image\/","url":"https:\/\/khg-marburg.eu\/wp-content\/uploads\/2020\/04\/logo_wei\u00df.jpg","contentUrl":"https:\/\/khg-marburg.eu\/wp-content\/uploads\/2020\/04\/logo_wei\u00df.jpg","width":750,"height":650,"caption":"Katholische Hochschulgemeinde Marburg"},"image":{"@id":"https:\/\/khg-marburg.eu\/#\/schema\/logo\/image\/"},"sameAs":["https:\/\/www.facebook.com\/KHGMarburg","https:\/\/www.instagram.com\/khgmarburg\/"]}]}},"_links":{"self":[{"href":"https:\/\/khg-marburg.eu\/index.php\/wp-json\/wp\/v2\/pages\/5060"}],"collection":[{"href":"https:\/\/khg-marburg.eu\/index.php\/wp-json\/wp\/v2\/pages"}],"about":[{"href":"https:\/\/khg-marburg.eu\/index.php\/wp-json\/wp\/v2\/types\/page"}],"author":[{"embeddable":true,"href":"https:\/\/khg-marburg.eu\/index.php\/wp-json\/wp\/v2\/users\/2"}],"replies":[{"embeddable":true,"href":"https:\/\/khg-marburg.eu\/index.php\/wp-json\/wp\/v2\/comments?post=5060"}],"version-history":[{"count":83,"href":"https:\/\/khg-marburg.eu\/index.php\/wp-json\/wp\/v2\/pages\/5060\/revisions"}],"predecessor-version":[{"id":9948,"href":"https:\/\/khg-marburg.eu\/index.php\/wp-json\/wp\/v2\/pages\/5060\/revisions\/9948"}],"wp:attachment":[{"href":"https:\/\/khg-marburg.eu\/index.php\/wp-json\/wp\/v2\/media?parent=5060"}],"curies":[{"name":"wp","href":"https:\/\/api.w.org\/{rel}","templated":true}]}}