{"id":5078,"date":"2023-03-20T13:16:58","date_gmt":"2023-03-20T12:16:58","guid":{"rendered":"https:\/\/khg-marburg.eu\/?page_id=5078"},"modified":"2026-03-27T12:40:03","modified_gmt":"2026-03-27T11:40:03","slug":"d-beratung-seelsorge","status":"publish","type":"page","link":"https:\/\/khg-marburg.eu\/index.php\/d-beratung-seelsorge\/","title":{"rendered":"Hilfe und Beratung"},"content":{"rendered":"\n<h2 class=\"wp-block-heading alignwide has-text-align-center has-text-color\" style=\"color:#eeab02\">Du brauchst Hilfe?<\/h2>\n\n\n\n<figure class=\"wp-block-image alignfull size-full\"><img loading=\"lazy\" decoding=\"async\" width=\"3000\" height=\"1164\" src=\"https:\/\/khg-marburg.eu\/wp-content\/uploads\/2023\/03\/DU-BRAUCHST-HILFE-.png\" alt=\"Seelsorge und Beratung bei der KHG Marburg\" class=\"wp-image-5079\" srcset=\"https:\/\/khg-marburg.eu\/wp-content\/uploads\/2023\/03\/DU-BRAUCHST-HILFE-.png 3000w, https:\/\/khg-marburg.eu\/wp-content\/uploads\/2023\/03\/DU-BRAUCHST-HILFE--300x116.png 300w, https:\/\/khg-marburg.eu\/wp-content\/uploads\/2023\/03\/DU-BRAUCHST-HILFE--1024x397.png 1024w, https:\/\/khg-marburg.eu\/wp-content\/uploads\/2023\/03\/DU-BRAUCHST-HILFE--768x298.png 768w, https:\/\/khg-marburg.eu\/wp-content\/uploads\/2023\/03\/DU-BRAUCHST-HILFE--1536x596.png 1536w, https:\/\/khg-marburg.eu\/wp-content\/uploads\/2023\/03\/DU-BRAUCHST-HILFE--2048x795.png 2048w\" sizes=\"(max-width: 3000px) 100vw, 3000px\" \/><\/figure>\n\n\n\n<p class=\"has-text-align-center\"><strong>Die Katholische Hochschulgemeinde Marburg bietet unterschiedlichste Beratungsangebote f\u00fcr Studierende in verschiedensten Lebens- und Studienphasen an. <br>Unabh\u00e4ngig von Konfession und Religion k\u00f6nnen Studierende folgende Angebote wahrnehmen:<\/strong><\/p>\n\n\n\n<div class=\"wp-block-columns is-layout-flex wp-container-core-columns-layout-1 wp-block-columns-is-layout-flex\">\n<div class=\"wp-block-column is-layout-flow wp-block-column-is-layout-flow\">\n<h2 class=\"wp-block-heading has-text-color\" style=\"color:#eb8f13\">Begleitung<\/h2>\n\n\n\n<p>Du willst \u00fcber dein Leben und deine Beziehung zu dir, zu anderen und\/oder zu Gott nachdenken?<br>In einem gesch\u00fctzten Freiraum kannst du \u00fcber deine Fragen, Zweifel und Freuden mit geistlicher Begleitung sprechen.<\/p>\n<\/div>\n\n\n\n<div class=\"wp-block-column is-layout-flow wp-block-column-is-layout-flow\">\n<h2 class=\"wp-block-heading has-text-color\" style=\"color:#eb8f13\">Beratung<\/h2>\n\n\n\n<p>Du hast ein konkretes Problem und m\u00f6chtest es angehen, wei\u00dft aber nicht genau wie du es anpacken sollst?<br>Zielorientiert und in konkret vereinbarten Schritten suchen wir mit dir L\u00f6sungen und Auswege. <\/p>\n<\/div>\n\n\n\n<div class=\"wp-block-column is-layout-flow wp-block-column-is-layout-flow\">\n<h2 class=\"wp-block-heading has-text-color\" style=\"color:#eb8f13\">Seelsorge<\/h2>\n\n\n\n<p>Hier geht es ganz um DICH und was dich gerade innerlich bewegt!<br>Mut, Trost, Zuspruch, einen Rat oder einfach nur einen lockeren und entspannten Austausch bei Tee oder Kaffee &#8211; die Hochschulseelsorger:innen stehen f\u00fcr vertrauliche Gespr\u00e4che zur Verf\u00fcgung.<br>Unser Hochschulpfarrer Martin Stanke bietet au\u00dferdem Beichtgespr\u00e4ch an.\u200b<\/p>\n<\/div>\n\n\n\n<div class=\"wp-block-column is-layout-flow wp-block-column-is-layout-flow\">\n<h2 class=\"wp-block-heading has-text-color\" style=\"color:#eb8f13\">Finanzielle Unterst\u00fctzung <\/h2>\n\n\n\n<p>Die Katholische Hochschulgemeinde Marburg unterst\u00fctzt Studierende, die ohne eigenes Verschulden in finanzielle Schwierigkeiten geraten sind. Voraussetzung f\u00fcr eine Unterst\u00fctzung in begrenztem Umfang ist, dass die Studierenden ihren Lebensunterhalt derzeit nicht durch Nebenerwerbsjobs verdienen k\u00f6nnen.&nbsp;Es gibt keinen Rechtsanspruch auf finanzielle Unterst\u00fctzung.<\/p>\n\n\n\n<div class=\"wp-block-buttons is-layout-flex wp-block-buttons-is-layout-flex\">\n<div class=\"wp-block-button is-style-fill\"><a class=\"wp-block-button__link has-background wp-element-button\" href=\"https:\/\/khg-marburg.eu\/?page_id=5088\" style=\"background-color:#f09d1dfa\" target=\"_blank\" rel=\"noreferrer noopener\">Weitere Informationen<\/a><\/div>\n<\/div>\n<\/div>\n\n\n\n<div class=\"wp-block-column is-layout-flow wp-block-column-is-layout-flow\">\n<h2 class=\"wp-block-heading has-text-color\" style=\"color:#eb8f13\">Berufseinsteiger Coaching<\/h2>\n\n\n\n<p>Stehst du vor dem Berufseinstieg und fragst dich, welcher Job wirklich zu dir passt? Unsere Potenzial-Coaching-Sessions bieten dir Klarheit und Orientierung. Finde heraus, welche Erwartungen und W\u00fcnsche du an deinen zuk\u00fcnftigen Job und deine pers\u00f6nliche Weiterentwicklung hast. Starte jetzt durch!<\/p>\n\n\n\n<div class=\"wp-block-buttons is-layout-flex wp-block-buttons-is-layout-flex\">\n<div class=\"wp-block-button is-style-fill\"><a class=\"wp-block-button__link has-background wp-element-button\" href=\"https:\/\/khg-marburg.eu\/?page_id=6269\" style=\"background-color:#f09d1dfa\" target=\"_blank\" rel=\"noreferrer noopener\">Weitere Informationen<\/a><\/div>\n<\/div>\n<\/div>\n<\/div>\n\n\n\n<hr class=\"wp-block-separator alignwide has-text-color has-alpha-channel-opacity has-background is-style-wide\" style=\"background-color:#f49716;color:#f49716\"\/>\n\n\n\n<h2 class=\"wp-block-heading has-text-align-left has-text-color\" style=\"color:#f2a144\">Sprich uns an:<\/h2>\n\n\n\n<div class=\"wp-block-columns is-layout-flex wp-container-core-columns-layout-2 wp-block-columns-is-layout-flex\">\n<div class=\"wp-block-column is-layout-flow wp-block-column-is-layout-flow\">\n<figure class=\"wp-block-image size-full\"><img loading=\"lazy\" decoding=\"async\" width=\"640\" height=\"640\" src=\"https:\/\/khg-marburg.eu\/wp-content\/uploads\/2021\/07\/avatar-1577909_640.png\" alt=\"Platzhalterbild f\u00fcr nicht vorhandenes Personenfoto\" class=\"wp-image-2932\" srcset=\"https:\/\/khg-marburg.eu\/wp-content\/uploads\/2021\/07\/avatar-1577909_640.png 640w, https:\/\/khg-marburg.eu\/wp-content\/uploads\/2021\/07\/avatar-1577909_640-300x300.png 300w, https:\/\/khg-marburg.eu\/wp-content\/uploads\/2021\/07\/avatar-1577909_640-150x150.png 150w\" sizes=\"(max-width: 640px) 100vw, 640px\" \/><figcaption class=\"wp-element-caption\">Leitung KHG vakant<br><\/figcaption><\/figure>\n<\/div>\n\n\n\n<div class=\"wp-block-column is-layout-flow wp-block-column-is-layout-flow\">\n<figure class=\"wp-block-image size-large\"><img loading=\"lazy\" decoding=\"async\" width=\"1024\" height=\"1024\" src=\"https:\/\/khg-marburg.eu\/wp-content\/uploads\/2025\/02\/Kathrin_Ruehl_Portrait-1-1024x1024.png\" alt=\"\" class=\"wp-image-8651\" srcset=\"https:\/\/khg-marburg.eu\/wp-content\/uploads\/2025\/02\/Kathrin_Ruehl_Portrait-1-1024x1024.png 1024w, https:\/\/khg-marburg.eu\/wp-content\/uploads\/2025\/02\/Kathrin_Ruehl_Portrait-1-300x300.png 300w, https:\/\/khg-marburg.eu\/wp-content\/uploads\/2025\/02\/Kathrin_Ruehl_Portrait-1-150x150.png 150w, https:\/\/khg-marburg.eu\/wp-content\/uploads\/2025\/02\/Kathrin_Ruehl_Portrait-1-768x768.png 768w, https:\/\/khg-marburg.eu\/wp-content\/uploads\/2025\/02\/Kathrin_Ruehl_Portrait-1.png 1080w\" sizes=\"(max-width: 1024px) 100vw, 1024px\" \/><figcaption class=\"wp-element-caption\">Kathrin R\u00fchl<br>Bildungsreferentin<br>Telefon: 0175 7520500<br><a href=\"mailto:kathrin.ruehl@bistum-fulda.de\">kathrin.ruehl@bistum-fulda.de<\/a><\/figcaption><\/figure>\n<\/div>\n\n\n\n<div class=\"wp-block-column is-layout-flow wp-block-column-is-layout-flow\">\n<figure class=\"wp-block-image size-large\"><img loading=\"lazy\" decoding=\"async\" width=\"1024\" height=\"1024\" src=\"https:\/\/khg-marburg.eu\/wp-content\/uploads\/2025\/03\/Binesh-1-1024x1024.png\" alt=\"\" class=\"wp-image-8818\" srcset=\"https:\/\/khg-marburg.eu\/wp-content\/uploads\/2025\/03\/Binesh-1-1024x1024.png 1024w, https:\/\/khg-marburg.eu\/wp-content\/uploads\/2025\/03\/Binesh-1-300x300.png 300w, https:\/\/khg-marburg.eu\/wp-content\/uploads\/2025\/03\/Binesh-1-150x150.png 150w, https:\/\/khg-marburg.eu\/wp-content\/uploads\/2025\/03\/Binesh-1-768x768.png 768w, https:\/\/khg-marburg.eu\/wp-content\/uploads\/2025\/03\/Binesh-1.png 1080w\" sizes=\"(max-width: 1024px) 100vw, 1024px\" \/><figcaption class=\"wp-element-caption\">Binesh Mangalan<br>Hochschulseelsorger<br>Telefon: 0151 24455550<br><a href=\"mailto:binesh.mangalan@bistum-fulda.de\">binesh.mangalan@bistum-fulda.de<\/a><\/figcaption><\/figure>\n<\/div>\n<\/div>\n\n\n\n<hr class=\"wp-block-separator alignwide has-text-color has-alpha-channel-opacity has-background is-style-wide\" style=\"background-color:#f49716;color:#f49716\"\/>\n","protected":false},"excerpt":{"rendered":"<p>Du brauchst Hilfe? Die Katholische Hochschulgemeinde Marburg bietet unterschiedlichste Beratungsangebote f\u00fcr Studierende in verschiedensten Lebens- und Studienphasen an. Unabh\u00e4ngig von Konfession und Religion k\u00f6nnen Studierende folgende Angebote wahrnehmen: Begleitung Du&#8230;<\/p>\n","protected":false},"author":2,"featured_media":0,"parent":0,"menu_order":0,"comment_status":"closed","ping_status":"closed","template":"","meta":{"inline_featured_image":false,"_kadence_starter_templates_imported_post":false,"_kad_post_transparent":"","_kad_post_title":"","_kad_post_layout":"","_kad_post_sidebar_id":"","_kad_post_content_style":"","_kad_post_vertical_padding":"","_kad_post_feature":"","_kad_post_feature_position":"","_kad_post_header":false,"_kad_post_footer":false,"footnotes":""},"yoast_head":"<!-- This site is optimized with the Yoast SEO plugin v22.3 - https:\/\/yoast.com\/wordpress\/plugins\/seo\/ -->\n<title>Hilfe und Beratung - Katholische Hochschulgemeinde Marburg<\/title>\n<meta name=\"robots\" content=\"index, follow, max-snippet:-1, max-image-preview:large, max-video-preview:-1\" \/>\n<link rel=\"canonical\" href=\"https:\/\/khg-marburg.eu\/index.php\/d-beratung-seelsorge\/\" \/>\n<meta property=\"og:locale\" content=\"de_DE\" \/>\n<meta property=\"og:type\" content=\"article\" \/>\n<meta property=\"og:title\" content=\"Hilfe und Beratung - Katholische Hochschulgemeinde Marburg\" \/>\n<meta property=\"og:description\" content=\"Du brauchst Hilfe? Die Katholische Hochschulgemeinde Marburg bietet unterschiedlichste Beratungsangebote f\u00fcr Studierende in verschiedensten Lebens- und Studienphasen an. Unabh\u00e4ngig von Konfession und Religion k\u00f6nnen Studierende folgende Angebote wahrnehmen: Begleitung Du...\" \/>\n<meta property=\"og:url\" content=\"https:\/\/khg-marburg.eu\/index.php\/d-beratung-seelsorge\/\" \/>\n<meta property=\"og:site_name\" content=\"Katholische Hochschulgemeinde Marburg\" \/>\n<meta property=\"article:publisher\" content=\"https:\/\/www.facebook.com\/KHGMarburg\" \/>\n<meta property=\"article:modified_time\" content=\"2026-03-27T11:40:03+00:00\" \/>\n<meta property=\"og:image\" content=\"https:\/\/khg-marburg.eu\/wp-content\/uploads\/2023\/03\/DU-BRAUCHST-HILFE-.png\" \/>\n<meta name=\"twitter:card\" content=\"summary_large_image\" \/>\n<meta name=\"twitter:label1\" content=\"Gesch\u00e4tzte Lesezeit\" \/>\n\t<meta name=\"twitter:data1\" content=\"3\u00a0Minuten\" \/>\n<script type=\"application\/ld+json\" class=\"yoast-schema-graph\">{\"@context\":\"https:\/\/schema.org\",\"@graph\":[{\"@type\":\"WebPage\",\"@id\":\"https:\/\/khg-marburg.eu\/index.php\/d-beratung-seelsorge\/\",\"url\":\"https:\/\/khg-marburg.eu\/index.php\/d-beratung-seelsorge\/\",\"name\":\"Hilfe und Beratung - Katholische Hochschulgemeinde Marburg\",\"isPartOf\":{\"@id\":\"https:\/\/khg-marburg.eu\/#website\"},\"primaryImageOfPage\":{\"@id\":\"https:\/\/khg-marburg.eu\/index.php\/d-beratung-seelsorge\/#primaryimage\"},\"image\":{\"@id\":\"https:\/\/khg-marburg.eu\/index.php\/d-beratung-seelsorge\/#primaryimage\"},\"thumbnailUrl\":\"https:\/\/khg-marburg.eu\/wp-content\/uploads\/2023\/03\/DU-BRAUCHST-HILFE-.png\",\"datePublished\":\"2023-03-20T12:16:58+00:00\",\"dateModified\":\"2026-03-27T11:40:03+00:00\",\"breadcrumb\":{\"@id\":\"https:\/\/khg-marburg.eu\/index.php\/d-beratung-seelsorge\/#breadcrumb\"},\"inLanguage\":\"de\",\"potentialAction\":[{\"@type\":\"ReadAction\",\"target\":[\"https:\/\/khg-marburg.eu\/index.php\/d-beratung-seelsorge\/\"]}]},{\"@type\":\"ImageObject\",\"inLanguage\":\"de\",\"@id\":\"https:\/\/khg-marburg.eu\/index.php\/d-beratung-seelsorge\/#primaryimage\",\"url\":\"https:\/\/khg-marburg.eu\/wp-content\/uploads\/2023\/03\/DU-BRAUCHST-HILFE-.png\",\"contentUrl\":\"https:\/\/khg-marburg.eu\/wp-content\/uploads\/2023\/03\/DU-BRAUCHST-HILFE-.png\",\"width\":3000,\"height\":1164,\"caption\":\"Seelsorge und Beratung bei der KHG Marburg\"},{\"@type\":\"BreadcrumbList\",\"@id\":\"https:\/\/khg-marburg.eu\/index.php\/d-beratung-seelsorge\/#breadcrumb\",\"itemListElement\":[{\"@type\":\"ListItem\",\"position\":1,\"name\":\"Startseite\",\"item\":\"https:\/\/khg-marburg.eu\/\"},{\"@type\":\"ListItem\",\"position\":2,\"name\":\"Hilfe und Beratung\"}]},{\"@type\":\"WebSite\",\"@id\":\"https:\/\/khg-marburg.eu\/#website\",\"url\":\"https:\/\/khg-marburg.eu\/\",\"name\":\"Katholische Hochschulgemeinde Marburg\",\"description\":\"Die Katholische Hochschulgemeinde - Katholische Kirche in Marburg\",\"publisher\":{\"@id\":\"https:\/\/khg-marburg.eu\/#organization\"},\"potentialAction\":[{\"@type\":\"SearchAction\",\"target\":{\"@type\":\"EntryPoint\",\"urlTemplate\":\"https:\/\/khg-marburg.eu\/?s={search_term_string}\"},\"query-input\":\"required name=search_term_string\"}],\"inLanguage\":\"de\"},{\"@type\":\"Organization\",\"@id\":\"https:\/\/khg-marburg.eu\/#organization\",\"name\":\"Katholische Hochschulgemeinde Marburg\",\"url\":\"https:\/\/khg-marburg.eu\/\",\"logo\":{\"@type\":\"ImageObject\",\"inLanguage\":\"de\",\"@id\":\"https:\/\/khg-marburg.eu\/#\/schema\/logo\/image\/\",\"url\":\"https:\/\/khg-marburg.eu\/wp-content\/uploads\/2020\/04\/logo_wei\u00df.jpg\",\"contentUrl\":\"https:\/\/khg-marburg.eu\/wp-content\/uploads\/2020\/04\/logo_wei\u00df.jpg\",\"width\":750,\"height\":650,\"caption\":\"Katholische Hochschulgemeinde Marburg\"},\"image\":{\"@id\":\"https:\/\/khg-marburg.eu\/#\/schema\/logo\/image\/\"},\"sameAs\":[\"https:\/\/www.facebook.com\/KHGMarburg\",\"https:\/\/www.instagram.com\/khgmarburg\/\"]}]}<\/script>\n<!-- \/ Yoast SEO plugin. -->","yoast_head_json":{"title":"Hilfe und Beratung - Katholische Hochschulgemeinde Marburg","robots":{"index":"index","follow":"follow","max-snippet":"max-snippet:-1","max-image-preview":"max-image-preview:large","max-video-preview":"max-video-preview:-1"},"canonical":"https:\/\/khg-marburg.eu\/index.php\/d-beratung-seelsorge\/","og_locale":"de_DE","og_type":"article","og_title":"Hilfe und Beratung - Katholische Hochschulgemeinde Marburg","og_description":"Du brauchst Hilfe? Die Katholische Hochschulgemeinde Marburg bietet unterschiedlichste Beratungsangebote f\u00fcr Studierende in verschiedensten Lebens- und Studienphasen an. Unabh\u00e4ngig von Konfession und Religion k\u00f6nnen Studierende folgende Angebote wahrnehmen: Begleitung Du...","og_url":"https:\/\/khg-marburg.eu\/index.php\/d-beratung-seelsorge\/","og_site_name":"Katholische Hochschulgemeinde Marburg","article_publisher":"https:\/\/www.facebook.com\/KHGMarburg","article_modified_time":"2026-03-27T11:40:03+00:00","og_image":[{"url":"https:\/\/khg-marburg.eu\/wp-content\/uploads\/2023\/03\/DU-BRAUCHST-HILFE-.png"}],"twitter_card":"summary_large_image","twitter_misc":{"Gesch\u00e4tzte Lesezeit":"3\u00a0Minuten"},"schema":{"@context":"https:\/\/schema.org","@graph":[{"@type":"WebPage","@id":"https:\/\/khg-marburg.eu\/index.php\/d-beratung-seelsorge\/","url":"https:\/\/khg-marburg.eu\/index.php\/d-beratung-seelsorge\/","name":"Hilfe und Beratung - Katholische Hochschulgemeinde Marburg","isPartOf":{"@id":"https:\/\/khg-marburg.eu\/#website"},"primaryImageOfPage":{"@id":"https:\/\/khg-marburg.eu\/index.php\/d-beratung-seelsorge\/#primaryimage"},"image":{"@id":"https:\/\/khg-marburg.eu\/index.php\/d-beratung-seelsorge\/#primaryimage"},"thumbnailUrl":"https:\/\/khg-marburg.eu\/wp-content\/uploads\/2023\/03\/DU-BRAUCHST-HILFE-.png","datePublished":"2023-03-20T12:16:58+00:00","dateModified":"2026-03-27T11:40:03+00:00","breadcrumb":{"@id":"https:\/\/khg-marburg.eu\/index.php\/d-beratung-seelsorge\/#breadcrumb"},"inLanguage":"de","potentialAction":[{"@type":"ReadAction","target":["https:\/\/khg-marburg.eu\/index.php\/d-beratung-seelsorge\/"]}]},{"@type":"ImageObject","inLanguage":"de","@id":"https:\/\/khg-marburg.eu\/index.php\/d-beratung-seelsorge\/#primaryimage","url":"https:\/\/khg-marburg.eu\/wp-content\/uploads\/2023\/03\/DU-BRAUCHST-HILFE-.png","contentUrl":"https:\/\/khg-marburg.eu\/wp-content\/uploads\/2023\/03\/DU-BRAUCHST-HILFE-.png","width":3000,"height":1164,"caption":"Seelsorge und Beratung bei der KHG Marburg"},{"@type":"BreadcrumbList","@id":"https:\/\/khg-marburg.eu\/index.php\/d-beratung-seelsorge\/#breadcrumb","itemListElement":[{"@type":"ListItem","position":1,"name":"Startseite","item":"https:\/\/khg-marburg.eu\/"},{"@type":"ListItem","position":2,"name":"Hilfe und Beratung"}]},{"@type":"WebSite","@id":"https:\/\/khg-marburg.eu\/#website","url":"https:\/\/khg-marburg.eu\/","name":"Katholische Hochschulgemeinde Marburg","description":"Die Katholische Hochschulgemeinde - Katholische Kirche in Marburg","publisher":{"@id":"https:\/\/khg-marburg.eu\/#organization"},"potentialAction":[{"@type":"SearchAction","target":{"@type":"EntryPoint","urlTemplate":"https:\/\/khg-marburg.eu\/?s={search_term_string}"},"query-input":"required name=search_term_string"}],"inLanguage":"de"},{"@type":"Organization","@id":"https:\/\/khg-marburg.eu\/#organization","name":"Katholische Hochschulgemeinde Marburg","url":"https:\/\/khg-marburg.eu\/","logo":{"@type":"ImageObject","inLanguage":"de","@id":"https:\/\/khg-marburg.eu\/#\/schema\/logo\/image\/","url":"https:\/\/khg-marburg.eu\/wp-content\/uploads\/2020\/04\/logo_wei\u00df.jpg","contentUrl":"https:\/\/khg-marburg.eu\/wp-content\/uploads\/2020\/04\/logo_wei\u00df.jpg","width":750,"height":650,"caption":"Katholische Hochschulgemeinde Marburg"},"image":{"@id":"https:\/\/khg-marburg.eu\/#\/schema\/logo\/image\/"},"sameAs":["https:\/\/www.facebook.com\/KHGMarburg","https:\/\/www.instagram.com\/khgmarburg\/"]}]}},"_links":{"self":[{"href":"https:\/\/khg-marburg.eu\/index.php\/wp-json\/wp\/v2\/pages\/5078"}],"collection":[{"href":"https:\/\/khg-marburg.eu\/index.php\/wp-json\/wp\/v2\/pages"}],"about":[{"href":"https:\/\/khg-marburg.eu\/index.php\/wp-json\/wp\/v2\/types\/page"}],"author":[{"embeddable":true,"href":"https:\/\/khg-marburg.eu\/index.php\/wp-json\/wp\/v2\/users\/2"}],"replies":[{"embeddable":true,"href":"https:\/\/khg-marburg.eu\/index.php\/wp-json\/wp\/v2\/comments?post=5078"}],"version-history":[{"count":33,"href":"https:\/\/khg-marburg.eu\/index.php\/wp-json\/wp\/v2\/pages\/5078\/revisions"}],"predecessor-version":[{"id":10019,"href":"https:\/\/khg-marburg.eu\/index.php\/wp-json\/wp\/v2\/pages\/5078\/revisions\/10019"}],"wp:attachment":[{"href":"https:\/\/khg-marburg.eu\/index.php\/wp-json\/wp\/v2\/media?parent=5078"}],"curies":[{"name":"wp","href":"https:\/\/api.w.org\/{rel}","templated":true}]}}