{"id":5088,"date":"2023-05-03T10:28:34","date_gmt":"2023-05-03T08:28:34","guid":{"rendered":"https:\/\/khg-marburg.eu\/?page_id=5088"},"modified":"2026-03-27T12:41:49","modified_gmt":"2026-03-27T11:41:49","slug":"d-1-finazielle-unterstuetzung","status":"publish","type":"page","link":"https:\/\/khg-marburg.eu\/index.php\/d-1-finazielle-unterstuetzung\/","title":{"rendered":"Finanzielle Unterst\u00fctzung"},"content":{"rendered":"\n<h2 class=\"wp-block-heading alignwide has-text-align-center has-text-color\" style=\"color:#f09929\">Finanzielle Unterst\u00fctzung f\u00fcr Studenten<br><em>Financial support for students<\/em><\/h2>\n\n\n\n<h3 class=\"wp-block-heading has-text-color\" style=\"color:#f29b37\">Soforthilfe des Bistums Fulda<\/h3>\n\n\n\n<p>Das Bistum Fulda unterst\u00fctzt Studierende, die unverschuldet in eine finanzielle Notlage geraten sind. Voraussetzung f\u00fcr die Unterst\u00fctzung &#8211; bis zu einem einmaligen Betrag von 500 Euro &#8211; ist, dass der Studierende derzeit nicht in der Lage ist, seinen Lebensunterhalt durch eine Teilzeitbesch\u00e4ftigung zu verdienen. Ein Rechtsanspruch auf finanzielle Unterst\u00fctzung besteht nicht.<\/p>\n\n\n\n<h3 class=\"wp-block-heading has-text-color\" style=\"color:#f29b37\"><em>Emergency aid from the diocese of Fulda<\/em><\/h3>\n\n\n\n<p>The Diocese of Fulda supports students who have got into financial difficulties through no fault of their own. The prerequisite for support &#8211; up to a one-off \u20ac500 &#8211; is that the student is currently unable to earn a living through part-time work. There is no legal entitlement to financial support.<\/p>\n\n\n\n<p><em>A<\/em>nsprechpartnerin \/ <em>Contact partner:<\/em><br>Kathrin R\u00fchl<br><a href=\"mailto:kathrin.ruehl@bistum-fulda.de\">kathrin.ruehl@bistum-fulda.de<\/a><br><a href=\"mailto:viola.sinsel@bistum-fulda.de\"><\/a><\/p>\n\n\n\n<hr class=\"wp-block-separator alignwide has-text-color has-alpha-channel-opacity has-background is-style-wide\" style=\"background-color:#f49716;color:#f49716\"\/>\n\n\n\n<h3 class=\"wp-block-heading has-text-color\" style=\"color:#f29b37\">Cusanuswerk<\/h3>\n\n\n\n<p>Das Cusanuswerk ist das Stipendienwerk der katholischen Kirche in Tr\u00e4gerschaft der Deutschen Bischofskonferenz. Es bietet begabten und engagierten katholischen Studierenden und Doktoranden aller Fachrichtungen biografische und finanzielle Unterst\u00fctzung. Bewerben k\u00f6nnen sich alle Studierenden aus den EU-Mitgliedsstaaten, aber auch ausl\u00e4ndische Studierende, die BAF\u00f6G-gef\u00f6rdert werden. Der erste m\u00f6gliche Aufnahmetermin ist der Beginn des Studiums, der letzte m\u00f6gliche Termin ist der Beginn des Masterstudiums. Ausf\u00fchrliche Informationen findest du auf der Website des <a href=\"https:\/\/www.cusanuswerk.de\/startseite\">Cusanuswerks<\/a>. Es lohnt sich, sich zu bewerben!<\/p>\n\n\n\n<h3 class=\"wp-block-heading has-text-color\" style=\"color:#f29b37\"><em>Cusanuswerk<\/em><\/h3>\n\n\n\n<p><em>The Cusanuswerk is the scholarship organization of the Catholic Church, supported by the German Bishops&#8216; Conference. It provides biographical and financial support to talented and committed Catholic students and doctoral candidates from all disciplines. All students from EU member states can apply, as can foreign students who receive BAF\u00f6G support. The first possible date of admission is at the beginning of your studies, the last possible date is at the beginning of your Master&#8217;s degree. You can find detailed information on the <a href=\"https:\/\/www.cusanuswerk.de\/bewerbung\/auslaendische-bewerber-innen\">Cusanuswerk website<\/a>. It&#8217;s worth applying!<\/em><\/p>\n\n\n\n<p>Ansprechpartner \/ <em>Contact partner:\u00a0<\/em><br>Kathrin R\u00fchl<br><a href=\"mailto:kathrin.ruehl@bistum-fulda.de\">kathrin.ruehl@bistum-fulda.de<\/a><\/p>\n\n\n\n<hr class=\"wp-block-separator alignwide has-text-color has-alpha-channel-opacity has-background is-style-wide\" style=\"background-color:#f49716;color:#f49716\"\/>\n\n\n\n<h3 class=\"wp-block-heading has-text-color\" style=\"color:#f29b37\">Katholischer Akademischer Ausl\u00e4nder-Dienst<\/h3>\n\n\n\n<p>Der Katholische Akademische Ausl\u00e4nder-Dienst (KAAD) ist ein katholisches Stipendienwerk, das Studierende f\u00f6rdert, die aus einem Entwicklungs- oder Schwellenland Afrikas, Asiens, des Nahen und Mittleren Ostens oder Lateinamerikas kommen. Auch eine F\u00f6rderung von Studierenden aus Osteuropa ist m\u00f6glich. Voraussetzungen und weitere Infos findet Ihr unter:<\/p>\n\n\n\n<ul>\n<li><a href=\"https:\/\/www.kaad.de\/stipendien\/stipendienprogramm-1\">Stipendienprogramm 1<\/a><\/li>\n\n\n\n<li><a href=\"https:\/\/www.kaad.de\/stipendien\/stipendienprogramm-2\">Stipendienprogramm 2<\/a><\/li>\n\n\n\n<li><a href=\"https:\/\/www.kaad.de\/stipendien\/osteuropaprogramm\/\">Osteuropaprogramm<\/a><\/li>\n<\/ul>\n\n\n\n<p>Eine Selbstbewerbung beim KAAD ist nicht m\u00f6glich. Die Stipendienbewerbungen erfolgt \u00fcber die Katholische Hochschulgemeinde an Eurem Hochschulort, die Euch f\u00fcr ein Stipendium vorschlagen kann und daf\u00fcr ein Gutachten anfertigen muss.<br>Weitere Infos:&nbsp;<a href=\"https:\/\/www.kaad.de\/\">www.kaad.de<\/a><\/p>\n\n\n\n<p>Ansprechpartnerin in Marburg:<br>Kathrin R\u00fchl<br><a href=\"mailto:kathrin.ruehl@bistum-fulda.de\">kathrin.ruehl@bistum-fulda.de<\/a><\/p>\n\n\n\n<h3 class=\"wp-block-heading has-text-color\" style=\"color:#f29b37\"><em>Catholic Academic Service for Foreigners (KAAD)<\/em><\/h3>\n\n\n\n<p><em>The Catholic Academic Exchange Service (KAAD) is a Catholic scholarship organization that supports students who come from a developing or emerging country in Africa, Asia, the Middle East or Latin America. It is also possible to sponsor students from Eastern Europe. Requirements and further information can be found at:<\/em><\/p>\n\n\n\n<ul>\n<li><a href=\"https:\/\/www.kaad.de\/en\/stipendien\/stipendienprogramm-1\">Scholarship Programm 1<\/a><\/li>\n\n\n\n<li><a href=\"https:\/\/www.kaad.de\/en\/stipendien\/stipendienprogramm-2\">Scholarship Programm 2<\/a><\/li>\n\n\n\n<li><a href=\"https:\/\/www.kaad.de\/en\/stipendien\/osteuropaprogramm\">Eastern Europe Programm<\/a><\/li>\n<\/ul>\n\n\n\n<p><em>It is not possible to apply to the KAAD yourself. Scholarship applications are made via the Catholic university community at your university location, which can recommend you for a scholarship and must provide an expert opinion.<\/em><br><em>Further information:<\/em> <a href=\"https:\/\/www.kaad.de\/en\/\">www.kaad.en<\/a><\/p>\n\n\n\n<p><em>Contact partner for Marburg:<\/em><br>Kathrin R\u00fchl<br><a href=\"mailto:kathrin.ruehl@bistum-fulda.de\">kathrin.ruehl@bistum-fulda.de<\/a><\/p>\n\n\n\n<hr class=\"wp-block-separator alignwide has-text-color has-alpha-channel-opacity has-background is-style-wide\" style=\"background-color:#f49716;color:#f49716\"\/>\n\n\n\n<h3 class=\"wp-block-heading has-text-color\" style=\"color:#f29b37\">Hildegardis-Verein<\/h3>\n\n\n\n<p>Der Hildegardis-Verein f\u00f6rdert und unterst\u00fctzt Frauen, die sich weiterbilden und -entwickeln wollen, sowohl finanziell als auch ideell. Im Rahmen einer individuellen monet\u00e4ren F\u00f6rderung werden zinslose Darlehen vergeben.<br>Zur Webseite: <a href=\"https:\/\/www.hildegardis-verein.de\/darlehen.html\" target=\"_blank\" rel=\"noreferrer noopener\">Hildega<\/a><a href=\"https:\/\/www.hildegardis-verein.de\/darlehen.html\">rdis-Verein<\/a><\/p>\n\n\n\n<h3 class=\"wp-block-heading has-text-color\" style=\"color:#f29b37\">Hildegardis Association<\/h3>\n\n\n\n<p><em>The Hildegardis Association promotes and supports women who want to further their education and development, both financially and ideally. Interest-free loans are granted as part of individual monetary support.<br>For more information:<\/em> <a href=\"https:\/\/www.hildegardis-verein.de\/loans.html\">Hildegardis-Associantion<\/a><\/p>\n\n\n\n<p>Ansprechpartnerin \/ <em>Contact partner<\/em>:<br>Kathrin R\u00fchl<br><a href=\"mailto:kathrin.ruehl@bistum-fulda.de\">kathrin.ruehl@bistum-fulda.de<\/a><\/p>\n\n\n\n<hr class=\"wp-block-separator alignwide has-text-color has-alpha-channel-opacity has-background is-style-wide\" style=\"background-color:#f49716;color:#f49716\"\/>\n\n\n\n<h3 class=\"wp-block-heading has-text-color\" style=\"color:#f29b37\"><strong>Bitte beachte: F\u00fcr alle finanziellen Hilfsangebote gilt <\/strong><\/h3>\n\n\n\n<p><br><strong>Die Daten, die von Antragssteller*innen abgegeben werden, um eine finanzielle Unterst\u00fctzung zu erhalten, werden an die jeweilige Organisation weitergegeben und dort weiterverarbeitet und aufbewahrt.<\/strong><\/p>\n\n\n\n<h3 class=\"wp-block-heading has-text-color\" style=\"color:#f29b37\"><strong>Please note: The following applies to all financial aid offers<\/strong><\/h3>\n\n\n\n<p><strong><em>The data submitted by applicants in order to receive financial support will be passed on to the respective organization, where it will be processed and stored.<\/em><\/strong><\/p>\n","protected":false},"excerpt":{"rendered":"<p>Finanzielle Unterst\u00fctzung f\u00fcr StudentenFinancial support for students Soforthilfe des Bistums Fulda Das Bistum Fulda unterst\u00fctzt Studierende, die unverschuldet in eine finanzielle Notlage geraten sind. Voraussetzung f\u00fcr die Unterst\u00fctzung &#8211; bis&#8230;<\/p>\n","protected":false},"author":2,"featured_media":0,"parent":0,"menu_order":0,"comment_status":"closed","ping_status":"closed","template":"","meta":{"inline_featured_image":false,"_kadence_starter_templates_imported_post":false,"_kad_post_transparent":"","_kad_post_title":"","_kad_post_layout":"","_kad_post_sidebar_id":"","_kad_post_content_style":"","_kad_post_vertical_padding":"","_kad_post_feature":"","_kad_post_feature_position":"","_kad_post_header":false,"_kad_post_footer":false,"footnotes":""},"yoast_head":"<!-- This site is optimized with the Yoast SEO plugin v22.3 - https:\/\/yoast.com\/wordpress\/plugins\/seo\/ -->\n<title>Finanzielle Unterst\u00fctzung - Katholische Hochschulgemeinde Marburg<\/title>\n<meta name=\"robots\" content=\"index, follow, max-snippet:-1, max-image-preview:large, max-video-preview:-1\" \/>\n<link rel=\"canonical\" href=\"https:\/\/khg-marburg.eu\/index.php\/d-1-finazielle-unterstuetzung\/\" \/>\n<meta property=\"og:locale\" content=\"de_DE\" \/>\n<meta property=\"og:type\" content=\"article\" \/>\n<meta property=\"og:title\" content=\"Finanzielle Unterst\u00fctzung - Katholische Hochschulgemeinde Marburg\" \/>\n<meta property=\"og:description\" content=\"Finanzielle Unterst\u00fctzung f\u00fcr StudentenFinancial support for students Soforthilfe des Bistums Fulda Das Bistum Fulda unterst\u00fctzt Studierende, die unverschuldet in eine finanzielle Notlage geraten sind. Voraussetzung f\u00fcr die Unterst\u00fctzung &#8211; bis...\" \/>\n<meta property=\"og:url\" content=\"https:\/\/khg-marburg.eu\/index.php\/d-1-finazielle-unterstuetzung\/\" \/>\n<meta property=\"og:site_name\" content=\"Katholische Hochschulgemeinde Marburg\" \/>\n<meta property=\"article:publisher\" content=\"https:\/\/www.facebook.com\/KHGMarburg\" \/>\n<meta property=\"article:modified_time\" content=\"2026-03-27T11:41:49+00:00\" \/>\n<meta name=\"twitter:card\" content=\"summary_large_image\" \/>\n<meta name=\"twitter:label1\" content=\"Gesch\u00e4tzte Lesezeit\" \/>\n\t<meta name=\"twitter:data1\" content=\"4\u00a0Minuten\" \/>\n<script type=\"application\/ld+json\" class=\"yoast-schema-graph\">{\"@context\":\"https:\/\/schema.org\",\"@graph\":[{\"@type\":\"WebPage\",\"@id\":\"https:\/\/khg-marburg.eu\/index.php\/d-1-finazielle-unterstuetzung\/\",\"url\":\"https:\/\/khg-marburg.eu\/index.php\/d-1-finazielle-unterstuetzung\/\",\"name\":\"Finanzielle Unterst\u00fctzung - Katholische Hochschulgemeinde Marburg\",\"isPartOf\":{\"@id\":\"https:\/\/khg-marburg.eu\/#website\"},\"datePublished\":\"2023-05-03T08:28:34+00:00\",\"dateModified\":\"2026-03-27T11:41:49+00:00\",\"breadcrumb\":{\"@id\":\"https:\/\/khg-marburg.eu\/index.php\/d-1-finazielle-unterstuetzung\/#breadcrumb\"},\"inLanguage\":\"de\",\"potentialAction\":[{\"@type\":\"ReadAction\",\"target\":[\"https:\/\/khg-marburg.eu\/index.php\/d-1-finazielle-unterstuetzung\/\"]}]},{\"@type\":\"BreadcrumbList\",\"@id\":\"https:\/\/khg-marburg.eu\/index.php\/d-1-finazielle-unterstuetzung\/#breadcrumb\",\"itemListElement\":[{\"@type\":\"ListItem\",\"position\":1,\"name\":\"Startseite\",\"item\":\"https:\/\/khg-marburg.eu\/\"},{\"@type\":\"ListItem\",\"position\":2,\"name\":\"Finanzielle Unterst\u00fctzung\"}]},{\"@type\":\"WebSite\",\"@id\":\"https:\/\/khg-marburg.eu\/#website\",\"url\":\"https:\/\/khg-marburg.eu\/\",\"name\":\"Katholische Hochschulgemeinde Marburg\",\"description\":\"Die Katholische Hochschulgemeinde - Katholische Kirche in Marburg\",\"publisher\":{\"@id\":\"https:\/\/khg-marburg.eu\/#organization\"},\"potentialAction\":[{\"@type\":\"SearchAction\",\"target\":{\"@type\":\"EntryPoint\",\"urlTemplate\":\"https:\/\/khg-marburg.eu\/?s={search_term_string}\"},\"query-input\":\"required name=search_term_string\"}],\"inLanguage\":\"de\"},{\"@type\":\"Organization\",\"@id\":\"https:\/\/khg-marburg.eu\/#organization\",\"name\":\"Katholische Hochschulgemeinde Marburg\",\"url\":\"https:\/\/khg-marburg.eu\/\",\"logo\":{\"@type\":\"ImageObject\",\"inLanguage\":\"de\",\"@id\":\"https:\/\/khg-marburg.eu\/#\/schema\/logo\/image\/\",\"url\":\"https:\/\/khg-marburg.eu\/wp-content\/uploads\/2020\/04\/logo_wei\u00df.jpg\",\"contentUrl\":\"https:\/\/khg-marburg.eu\/wp-content\/uploads\/2020\/04\/logo_wei\u00df.jpg\",\"width\":750,\"height\":650,\"caption\":\"Katholische Hochschulgemeinde Marburg\"},\"image\":{\"@id\":\"https:\/\/khg-marburg.eu\/#\/schema\/logo\/image\/\"},\"sameAs\":[\"https:\/\/www.facebook.com\/KHGMarburg\",\"https:\/\/www.instagram.com\/khgmarburg\/\"]}]}<\/script>\n<!-- \/ Yoast SEO plugin. -->","yoast_head_json":{"title":"Finanzielle Unterst\u00fctzung - Katholische Hochschulgemeinde Marburg","robots":{"index":"index","follow":"follow","max-snippet":"max-snippet:-1","max-image-preview":"max-image-preview:large","max-video-preview":"max-video-preview:-1"},"canonical":"https:\/\/khg-marburg.eu\/index.php\/d-1-finazielle-unterstuetzung\/","og_locale":"de_DE","og_type":"article","og_title":"Finanzielle Unterst\u00fctzung - Katholische Hochschulgemeinde Marburg","og_description":"Finanzielle Unterst\u00fctzung f\u00fcr StudentenFinancial support for students Soforthilfe des Bistums Fulda Das Bistum Fulda unterst\u00fctzt Studierende, die unverschuldet in eine finanzielle Notlage geraten sind. Voraussetzung f\u00fcr die Unterst\u00fctzung &#8211; bis...","og_url":"https:\/\/khg-marburg.eu\/index.php\/d-1-finazielle-unterstuetzung\/","og_site_name":"Katholische Hochschulgemeinde Marburg","article_publisher":"https:\/\/www.facebook.com\/KHGMarburg","article_modified_time":"2026-03-27T11:41:49+00:00","twitter_card":"summary_large_image","twitter_misc":{"Gesch\u00e4tzte Lesezeit":"4\u00a0Minuten"},"schema":{"@context":"https:\/\/schema.org","@graph":[{"@type":"WebPage","@id":"https:\/\/khg-marburg.eu\/index.php\/d-1-finazielle-unterstuetzung\/","url":"https:\/\/khg-marburg.eu\/index.php\/d-1-finazielle-unterstuetzung\/","name":"Finanzielle Unterst\u00fctzung - Katholische Hochschulgemeinde Marburg","isPartOf":{"@id":"https:\/\/khg-marburg.eu\/#website"},"datePublished":"2023-05-03T08:28:34+00:00","dateModified":"2026-03-27T11:41:49+00:00","breadcrumb":{"@id":"https:\/\/khg-marburg.eu\/index.php\/d-1-finazielle-unterstuetzung\/#breadcrumb"},"inLanguage":"de","potentialAction":[{"@type":"ReadAction","target":["https:\/\/khg-marburg.eu\/index.php\/d-1-finazielle-unterstuetzung\/"]}]},{"@type":"BreadcrumbList","@id":"https:\/\/khg-marburg.eu\/index.php\/d-1-finazielle-unterstuetzung\/#breadcrumb","itemListElement":[{"@type":"ListItem","position":1,"name":"Startseite","item":"https:\/\/khg-marburg.eu\/"},{"@type":"ListItem","position":2,"name":"Finanzielle Unterst\u00fctzung"}]},{"@type":"WebSite","@id":"https:\/\/khg-marburg.eu\/#website","url":"https:\/\/khg-marburg.eu\/","name":"Katholische Hochschulgemeinde Marburg","description":"Die Katholische Hochschulgemeinde - Katholische Kirche in Marburg","publisher":{"@id":"https:\/\/khg-marburg.eu\/#organization"},"potentialAction":[{"@type":"SearchAction","target":{"@type":"EntryPoint","urlTemplate":"https:\/\/khg-marburg.eu\/?s={search_term_string}"},"query-input":"required name=search_term_string"}],"inLanguage":"de"},{"@type":"Organization","@id":"https:\/\/khg-marburg.eu\/#organization","name":"Katholische Hochschulgemeinde Marburg","url":"https:\/\/khg-marburg.eu\/","logo":{"@type":"ImageObject","inLanguage":"de","@id":"https:\/\/khg-marburg.eu\/#\/schema\/logo\/image\/","url":"https:\/\/khg-marburg.eu\/wp-content\/uploads\/2020\/04\/logo_wei\u00df.jpg","contentUrl":"https:\/\/khg-marburg.eu\/wp-content\/uploads\/2020\/04\/logo_wei\u00df.jpg","width":750,"height":650,"caption":"Katholische Hochschulgemeinde Marburg"},"image":{"@id":"https:\/\/khg-marburg.eu\/#\/schema\/logo\/image\/"},"sameAs":["https:\/\/www.facebook.com\/KHGMarburg","https:\/\/www.instagram.com\/khgmarburg\/"]}]}},"_links":{"self":[{"href":"https:\/\/khg-marburg.eu\/index.php\/wp-json\/wp\/v2\/pages\/5088"}],"collection":[{"href":"https:\/\/khg-marburg.eu\/index.php\/wp-json\/wp\/v2\/pages"}],"about":[{"href":"https:\/\/khg-marburg.eu\/index.php\/wp-json\/wp\/v2\/types\/page"}],"author":[{"embeddable":true,"href":"https:\/\/khg-marburg.eu\/index.php\/wp-json\/wp\/v2\/users\/2"}],"replies":[{"embeddable":true,"href":"https:\/\/khg-marburg.eu\/index.php\/wp-json\/wp\/v2\/comments?post=5088"}],"version-history":[{"count":18,"href":"https:\/\/khg-marburg.eu\/index.php\/wp-json\/wp\/v2\/pages\/5088\/revisions"}],"predecessor-version":[{"id":10020,"href":"https:\/\/khg-marburg.eu\/index.php\/wp-json\/wp\/v2\/pages\/5088\/revisions\/10020"}],"wp:attachment":[{"href":"https:\/\/khg-marburg.eu\/index.php\/wp-json\/wp\/v2\/media?parent=5088"}],"curies":[{"name":"wp","href":"https:\/\/api.w.org\/{rel}","templated":true}]}}