{"id":5533,"date":"2023-05-22T09:23:20","date_gmt":"2023-05-22T07:23:20","guid":{"rendered":"https:\/\/khg-marburg.eu\/?page_id=5533"},"modified":"2025-06-18T10:19:03","modified_gmt":"2025-06-18T08:19:03","slug":"tretboot-gottesdienst","status":"publish","type":"page","link":"https:\/\/khg-marburg.eu\/index.php\/tretboot-gottesdienst\/","title":{"rendered":"Tretboot Gottesdienst"},"content":{"rendered":"\n<h2 class=\"wp-block-heading alignwide has-text-align-center has-text-color\" style=\"color:#eeab02\">KHG auf der Lahn beim Tretbootgottesdienst<br><em>KHG on the Lahn at the pedalo service<\/em><\/h2>\n\n\n\n<div class=\"wp-block-media-text alignwide is-stacked-on-mobile\" style=\"grid-template-columns:30% auto\"><figure class=\"wp-block-media-text__media\"><img loading=\"lazy\" decoding=\"async\" width=\"724\" height=\"1024\" src=\"https:\/\/khg-marburg.eu\/wp-content\/uploads\/2025\/06\/2025_07_16_Tretboot-Gottesdienst-724x1024.png\" alt=\"\" class=\"wp-image-9217 size-full\" srcset=\"https:\/\/khg-marburg.eu\/wp-content\/uploads\/2025\/06\/2025_07_16_Tretboot-Gottesdienst-724x1024.png 724w, https:\/\/khg-marburg.eu\/wp-content\/uploads\/2025\/06\/2025_07_16_Tretboot-Gottesdienst-212x300.png 212w, https:\/\/khg-marburg.eu\/wp-content\/uploads\/2025\/06\/2025_07_16_Tretboot-Gottesdienst-768x1086.png 768w, https:\/\/khg-marburg.eu\/wp-content\/uploads\/2025\/06\/2025_07_16_Tretboot-Gottesdienst-1086x1536.png 1086w, https:\/\/khg-marburg.eu\/wp-content\/uploads\/2025\/06\/2025_07_16_Tretboot-Gottesdienst-1448x2048.png 1448w, https:\/\/khg-marburg.eu\/wp-content\/uploads\/2025\/06\/2025_07_16_Tretboot-Gottesdienst.png 1587w\" sizes=\"(max-width: 724px) 100vw, 724px\" \/><\/figure><div class=\"wp-block-media-text__content\">\n<p>Hast du Lust auf einen abenteuerlichen Gottesdienst auf der Lahn, mit Musik und guter Laune an der frischen Luft? Dann ist der Tretboot-Gottesdienst mit anschlie\u00dfendem Mitbring-Picknick genau das richtige f\u00fcr dich! F\u00fcr das Mitbring-Picknick eignet sich Fingefood am besten.<br>Damit wir gen\u00fcgend Tretboote zur Verf\u00fcgung haben, melde dich bitte bis zum 15.07.2025 an<br><a href=\"mailto:khg-marburg@bistum-fulda.de\">khg-marburg@bistum-fulda.de<\/a> <\/p>\n\n\n\n<p><strong>Wann: 16.07. (Mi)<br>19:00 Uhr\u00a0<br>Treffpunkt: Ufercaf\u00e9 in Weidenhausen<\/strong><br><strong>anschlie\u00dfend Picknick &#8211; Jede*r bingt was mit !<\/strong><\/p>\n\n\n\n<p><em>Do you fancy an adventurous church service on the River Lahn, with music and good humour in the fresh air? Then the pedalo service followed by bing a picnic is just the thing for you!<br>To ensure that we have enough pedal boats available, please register in good time by 15.07.2025 at: khg-marburg@bistum-fulda.de<\/em><\/p>\n\n\n\n<p class=\"has-medium-font-size\"><br> <\/p>\n<\/div><\/div>\n\n\n\n<div class=\"wp-block-columns is-layout-flex wp-container-core-columns-layout-1 wp-block-columns-is-layout-flex\">\n<div class=\"wp-block-column is-layout-flow wp-block-column-is-layout-flow\"><\/div>\n<\/div>\n\n\n\n<div class=\"wp-block-columns is-layout-flex wp-container-core-columns-layout-2 wp-block-columns-is-layout-flex\">\n<div class=\"wp-block-column is-layout-flow wp-block-column-is-layout-flow\"><\/div>\n<\/div>\n","protected":false},"excerpt":{"rendered":"<p>KHG auf der Lahn beim TretbootgottesdienstKHG on the Lahn at the pedalo service Hast du Lust auf einen abenteuerlichen Gottesdienst auf der Lahn, mit Musik und guter Laune an der&#8230;<\/p>\n","protected":false},"author":2,"featured_media":0,"parent":0,"menu_order":0,"comment_status":"closed","ping_status":"closed","template":"","meta":{"inline_featured_image":false,"_kadence_starter_templates_imported_post":false,"_kad_post_transparent":"","_kad_post_title":"","_kad_post_layout":"","_kad_post_sidebar_id":"","_kad_post_content_style":"","_kad_post_vertical_padding":"","_kad_post_feature":"","_kad_post_feature_position":"","_kad_post_header":false,"_kad_post_footer":false,"footnotes":""},"yoast_head":"<!-- This site is optimized with the Yoast SEO plugin v22.3 - https:\/\/yoast.com\/wordpress\/plugins\/seo\/ -->\n<title>Tretboot Gottesdienst - Katholische Hochschulgemeinde Marburg<\/title>\n<meta name=\"robots\" content=\"index, follow, max-snippet:-1, max-image-preview:large, max-video-preview:-1\" \/>\n<link rel=\"canonical\" href=\"https:\/\/khg-marburg.eu\/index.php\/tretboot-gottesdienst\/\" \/>\n<meta property=\"og:locale\" content=\"de_DE\" \/>\n<meta property=\"og:type\" content=\"article\" \/>\n<meta property=\"og:title\" content=\"Tretboot Gottesdienst - Katholische Hochschulgemeinde Marburg\" \/>\n<meta property=\"og:description\" content=\"KHG auf der Lahn beim TretbootgottesdienstKHG on the Lahn at the pedalo service Hast du Lust auf einen abenteuerlichen Gottesdienst auf der Lahn, mit Musik und guter Laune an der...\" \/>\n<meta property=\"og:url\" content=\"https:\/\/khg-marburg.eu\/index.php\/tretboot-gottesdienst\/\" \/>\n<meta property=\"og:site_name\" content=\"Katholische Hochschulgemeinde Marburg\" \/>\n<meta property=\"article:publisher\" content=\"https:\/\/www.facebook.com\/KHGMarburg\" \/>\n<meta property=\"article:modified_time\" content=\"2025-06-18T08:19:03+00:00\" \/>\n<meta property=\"og:image\" content=\"https:\/\/khg-marburg.eu\/wp-content\/uploads\/2025\/06\/2025_07_16_Tretboot-Gottesdienst-724x1024.png\" \/>\n<meta name=\"twitter:card\" content=\"summary_large_image\" \/>\n<meta name=\"twitter:label1\" content=\"Gesch\u00e4tzte Lesezeit\" \/>\n\t<meta name=\"twitter:data1\" content=\"1\u00a0Minute\" \/>\n<script type=\"application\/ld+json\" class=\"yoast-schema-graph\">{\"@context\":\"https:\/\/schema.org\",\"@graph\":[{\"@type\":\"WebPage\",\"@id\":\"https:\/\/khg-marburg.eu\/index.php\/tretboot-gottesdienst\/\",\"url\":\"https:\/\/khg-marburg.eu\/index.php\/tretboot-gottesdienst\/\",\"name\":\"Tretboot Gottesdienst - Katholische Hochschulgemeinde Marburg\",\"isPartOf\":{\"@id\":\"https:\/\/khg-marburg.eu\/#website\"},\"primaryImageOfPage\":{\"@id\":\"https:\/\/khg-marburg.eu\/index.php\/tretboot-gottesdienst\/#primaryimage\"},\"image\":{\"@id\":\"https:\/\/khg-marburg.eu\/index.php\/tretboot-gottesdienst\/#primaryimage\"},\"thumbnailUrl\":\"https:\/\/khg-marburg.eu\/wp-content\/uploads\/2025\/06\/2025_07_16_Tretboot-Gottesdienst-724x1024.png\",\"datePublished\":\"2023-05-22T07:23:20+00:00\",\"dateModified\":\"2025-06-18T08:19:03+00:00\",\"breadcrumb\":{\"@id\":\"https:\/\/khg-marburg.eu\/index.php\/tretboot-gottesdienst\/#breadcrumb\"},\"inLanguage\":\"de\",\"potentialAction\":[{\"@type\":\"ReadAction\",\"target\":[\"https:\/\/khg-marburg.eu\/index.php\/tretboot-gottesdienst\/\"]}]},{\"@type\":\"ImageObject\",\"inLanguage\":\"de\",\"@id\":\"https:\/\/khg-marburg.eu\/index.php\/tretboot-gottesdienst\/#primaryimage\",\"url\":\"https:\/\/khg-marburg.eu\/wp-content\/uploads\/2025\/06\/2025_07_16_Tretboot-Gottesdienst.png\",\"contentUrl\":\"https:\/\/khg-marburg.eu\/wp-content\/uploads\/2025\/06\/2025_07_16_Tretboot-Gottesdienst.png\",\"width\":1587,\"height\":2245},{\"@type\":\"BreadcrumbList\",\"@id\":\"https:\/\/khg-marburg.eu\/index.php\/tretboot-gottesdienst\/#breadcrumb\",\"itemListElement\":[{\"@type\":\"ListItem\",\"position\":1,\"name\":\"Startseite\",\"item\":\"https:\/\/khg-marburg.eu\/\"},{\"@type\":\"ListItem\",\"position\":2,\"name\":\"Tretboot Gottesdienst\"}]},{\"@type\":\"WebSite\",\"@id\":\"https:\/\/khg-marburg.eu\/#website\",\"url\":\"https:\/\/khg-marburg.eu\/\",\"name\":\"Katholische Hochschulgemeinde Marburg\",\"description\":\"Die Katholische Hochschulgemeinde - Katholische Kirche in Marburg\",\"publisher\":{\"@id\":\"https:\/\/khg-marburg.eu\/#organization\"},\"potentialAction\":[{\"@type\":\"SearchAction\",\"target\":{\"@type\":\"EntryPoint\",\"urlTemplate\":\"https:\/\/khg-marburg.eu\/?s={search_term_string}\"},\"query-input\":\"required name=search_term_string\"}],\"inLanguage\":\"de\"},{\"@type\":\"Organization\",\"@id\":\"https:\/\/khg-marburg.eu\/#organization\",\"name\":\"Katholische Hochschulgemeinde Marburg\",\"url\":\"https:\/\/khg-marburg.eu\/\",\"logo\":{\"@type\":\"ImageObject\",\"inLanguage\":\"de\",\"@id\":\"https:\/\/khg-marburg.eu\/#\/schema\/logo\/image\/\",\"url\":\"https:\/\/khg-marburg.eu\/wp-content\/uploads\/2020\/04\/logo_wei\u00df.jpg\",\"contentUrl\":\"https:\/\/khg-marburg.eu\/wp-content\/uploads\/2020\/04\/logo_wei\u00df.jpg\",\"width\":750,\"height\":650,\"caption\":\"Katholische Hochschulgemeinde Marburg\"},\"image\":{\"@id\":\"https:\/\/khg-marburg.eu\/#\/schema\/logo\/image\/\"},\"sameAs\":[\"https:\/\/www.facebook.com\/KHGMarburg\",\"https:\/\/www.instagram.com\/khgmarburg\/\"]}]}<\/script>\n<!-- \/ Yoast SEO plugin. -->","yoast_head_json":{"title":"Tretboot Gottesdienst - Katholische Hochschulgemeinde Marburg","robots":{"index":"index","follow":"follow","max-snippet":"max-snippet:-1","max-image-preview":"max-image-preview:large","max-video-preview":"max-video-preview:-1"},"canonical":"https:\/\/khg-marburg.eu\/index.php\/tretboot-gottesdienst\/","og_locale":"de_DE","og_type":"article","og_title":"Tretboot Gottesdienst - Katholische Hochschulgemeinde Marburg","og_description":"KHG auf der Lahn beim TretbootgottesdienstKHG on the Lahn at the pedalo service Hast du Lust auf einen abenteuerlichen Gottesdienst auf der Lahn, mit Musik und guter Laune an der...","og_url":"https:\/\/khg-marburg.eu\/index.php\/tretboot-gottesdienst\/","og_site_name":"Katholische Hochschulgemeinde Marburg","article_publisher":"https:\/\/www.facebook.com\/KHGMarburg","article_modified_time":"2025-06-18T08:19:03+00:00","og_image":[{"url":"https:\/\/khg-marburg.eu\/wp-content\/uploads\/2025\/06\/2025_07_16_Tretboot-Gottesdienst-724x1024.png"}],"twitter_card":"summary_large_image","twitter_misc":{"Gesch\u00e4tzte Lesezeit":"1\u00a0Minute"},"schema":{"@context":"https:\/\/schema.org","@graph":[{"@type":"WebPage","@id":"https:\/\/khg-marburg.eu\/index.php\/tretboot-gottesdienst\/","url":"https:\/\/khg-marburg.eu\/index.php\/tretboot-gottesdienst\/","name":"Tretboot Gottesdienst - Katholische Hochschulgemeinde Marburg","isPartOf":{"@id":"https:\/\/khg-marburg.eu\/#website"},"primaryImageOfPage":{"@id":"https:\/\/khg-marburg.eu\/index.php\/tretboot-gottesdienst\/#primaryimage"},"image":{"@id":"https:\/\/khg-marburg.eu\/index.php\/tretboot-gottesdienst\/#primaryimage"},"thumbnailUrl":"https:\/\/khg-marburg.eu\/wp-content\/uploads\/2025\/06\/2025_07_16_Tretboot-Gottesdienst-724x1024.png","datePublished":"2023-05-22T07:23:20+00:00","dateModified":"2025-06-18T08:19:03+00:00","breadcrumb":{"@id":"https:\/\/khg-marburg.eu\/index.php\/tretboot-gottesdienst\/#breadcrumb"},"inLanguage":"de","potentialAction":[{"@type":"ReadAction","target":["https:\/\/khg-marburg.eu\/index.php\/tretboot-gottesdienst\/"]}]},{"@type":"ImageObject","inLanguage":"de","@id":"https:\/\/khg-marburg.eu\/index.php\/tretboot-gottesdienst\/#primaryimage","url":"https:\/\/khg-marburg.eu\/wp-content\/uploads\/2025\/06\/2025_07_16_Tretboot-Gottesdienst.png","contentUrl":"https:\/\/khg-marburg.eu\/wp-content\/uploads\/2025\/06\/2025_07_16_Tretboot-Gottesdienst.png","width":1587,"height":2245},{"@type":"BreadcrumbList","@id":"https:\/\/khg-marburg.eu\/index.php\/tretboot-gottesdienst\/#breadcrumb","itemListElement":[{"@type":"ListItem","position":1,"name":"Startseite","item":"https:\/\/khg-marburg.eu\/"},{"@type":"ListItem","position":2,"name":"Tretboot Gottesdienst"}]},{"@type":"WebSite","@id":"https:\/\/khg-marburg.eu\/#website","url":"https:\/\/khg-marburg.eu\/","name":"Katholische Hochschulgemeinde Marburg","description":"Die Katholische Hochschulgemeinde - Katholische Kirche in Marburg","publisher":{"@id":"https:\/\/khg-marburg.eu\/#organization"},"potentialAction":[{"@type":"SearchAction","target":{"@type":"EntryPoint","urlTemplate":"https:\/\/khg-marburg.eu\/?s={search_term_string}"},"query-input":"required name=search_term_string"}],"inLanguage":"de"},{"@type":"Organization","@id":"https:\/\/khg-marburg.eu\/#organization","name":"Katholische Hochschulgemeinde Marburg","url":"https:\/\/khg-marburg.eu\/","logo":{"@type":"ImageObject","inLanguage":"de","@id":"https:\/\/khg-marburg.eu\/#\/schema\/logo\/image\/","url":"https:\/\/khg-marburg.eu\/wp-content\/uploads\/2020\/04\/logo_wei\u00df.jpg","contentUrl":"https:\/\/khg-marburg.eu\/wp-content\/uploads\/2020\/04\/logo_wei\u00df.jpg","width":750,"height":650,"caption":"Katholische Hochschulgemeinde Marburg"},"image":{"@id":"https:\/\/khg-marburg.eu\/#\/schema\/logo\/image\/"},"sameAs":["https:\/\/www.facebook.com\/KHGMarburg","https:\/\/www.instagram.com\/khgmarburg\/"]}]}},"_links":{"self":[{"href":"https:\/\/khg-marburg.eu\/index.php\/wp-json\/wp\/v2\/pages\/5533"}],"collection":[{"href":"https:\/\/khg-marburg.eu\/index.php\/wp-json\/wp\/v2\/pages"}],"about":[{"href":"https:\/\/khg-marburg.eu\/index.php\/wp-json\/wp\/v2\/types\/page"}],"author":[{"embeddable":true,"href":"https:\/\/khg-marburg.eu\/index.php\/wp-json\/wp\/v2\/users\/2"}],"replies":[{"embeddable":true,"href":"https:\/\/khg-marburg.eu\/index.php\/wp-json\/wp\/v2\/comments?post=5533"}],"version-history":[{"count":29,"href":"https:\/\/khg-marburg.eu\/index.php\/wp-json\/wp\/v2\/pages\/5533\/revisions"}],"predecessor-version":[{"id":9219,"href":"https:\/\/khg-marburg.eu\/index.php\/wp-json\/wp\/v2\/pages\/5533\/revisions\/9219"}],"wp:attachment":[{"href":"https:\/\/khg-marburg.eu\/index.php\/wp-json\/wp\/v2\/media?parent=5533"}],"curies":[{"name":"wp","href":"https:\/\/api.w.org\/{rel}","templated":true}]}}