{"id":5609,"date":"2023-05-31T10:19:40","date_gmt":"2023-05-31T08:19:40","guid":{"rendered":"https:\/\/khg-marburg.eu\/?page_id=5609"},"modified":"2025-10-15T14:06:46","modified_gmt":"2025-10-15T12:06:46","slug":"spri-wochenende","status":"publish","type":"page","link":"https:\/\/khg-marburg.eu\/index.php\/spri-wochenende\/","title":{"rendered":"Spiri Wochenende"},"content":{"rendered":"\n<h2 class=\"wp-block-heading alignwide has-text-align-center has-text-color\" style=\"color:#eeab02\">Spiri-Wochenende* im Thomas Morus Haus in der Rh\u00f6n <br>12. bis 14. Dezember 2025<\/h2>\n\n\n\n<div class=\"wp-block-media-text alignwide is-stacked-on-mobile\" style=\"grid-template-columns:30% auto\"><figure class=\"wp-block-media-text__media\"><img loading=\"lazy\" decoding=\"async\" width=\"724\" height=\"1024\" src=\"https:\/\/khg-marburg.eu\/wp-content\/uploads\/2025\/10\/25_12_13_Spiri-Wochenende-724x1024.png\" alt=\"\" class=\"wp-image-9496 size-full\" srcset=\"https:\/\/khg-marburg.eu\/wp-content\/uploads\/2025\/10\/25_12_13_Spiri-Wochenende-724x1024.png 724w, https:\/\/khg-marburg.eu\/wp-content\/uploads\/2025\/10\/25_12_13_Spiri-Wochenende-212x300.png 212w, https:\/\/khg-marburg.eu\/wp-content\/uploads\/2025\/10\/25_12_13_Spiri-Wochenende-768x1086.png 768w, https:\/\/khg-marburg.eu\/wp-content\/uploads\/2025\/10\/25_12_13_Spiri-Wochenende-1086x1536.png 1086w, https:\/\/khg-marburg.eu\/wp-content\/uploads\/2025\/10\/25_12_13_Spiri-Wochenende-1448x2048.png 1448w, https:\/\/khg-marburg.eu\/wp-content\/uploads\/2025\/10\/25_12_13_Spiri-Wochenende.png 1587w\" sizes=\"(max-width: 724px) 100vw, 724px\" \/><\/figure><div class=\"wp-block-media-text__content\">\n<p><strong>*Spirituelles Wochenende im Advent &#8211; ein Wochenende f\u00fcr DICH!<\/strong><\/p>\n\n\n\n<p>Hast du Lust, mit lieben Menschen ein paar Tage in der Rh\u00f6n zu verbringen? Gemeinsam beten, gem\u00fctlich am Kamin sitzen, neue Kraft tanken, Impulse mitnehmen, austauschen \u00fcber Glauben und Leben, leckeres Kochen, spazieren gehen, Stille genie\u00dfen, uvm.\u00a0In diesem Jahr fahren wir gemeinsam mit der KHG Fulda in die R\u00f6hn!<br><br>Hier findest du das <a href=\"https:\/\/forms.office.com\/pages\/responsepage.aspx?id=jGQS0K_3UEWSPlFDenM5c9YZlcROXZ9GraYhmYY1GuhUM1lJTTFENlBVSlBMRVlFSTFYN0dJSVI1OCQlQCN0PWcu&amp;route=shorturl\" target=\"_blank\" rel=\"noreferrer noopener\">Anmeldeformula<\/a><a href=\"https:\/\/khg-marburg.eu\/wp-content\/uploads\/2024\/10\/2024_Anmeldung-Spiri-Wochenende-Formular-1.pdf\">r<\/a>.<br>Anmeldefrist: Montag, 17.11.2025<a href=\"https:\/\/l.facebook.com\/l.php?u=http%3A%2F%2Fwww.khg-marburg.eu%2F%3Ffbclid%3DIwAR1xLneVRZnc2E90V-47GdQn8ivd4R0sljiWySCBToX257e-IIZ1w_J0BSo&amp;h=AT2CXYZjDHzTTQgeclQTHBoGG1f6Lt9uTLRGkJ8V_x1luwmMLz1zjQ-grUNkZfhn2Xq7fLInRbSV9EWfluje4_pzEnJu0k8HYD7WGR-B3NwDSsz7NFWnp7JKGfVzD6KP6W5A&amp;__tn__=-UK*F\"><br><\/a> <br><strong>HARD FACTS:<\/strong><br>12.12.-14.12.2025<br>F\u00fcr junge Erwachsene zwischen 18-30 Jahren<br>Abfahrt in Marburg: Freitag (12.12.) &#8211; wird noch bekannt gegeben<br>Ankunft in Marburg: Sonntag (14.12.) &#8211; wird noch bekannt gegeben<br>Thomas-Morus-Haus in Hilders<br>Die Kosten f\u00fcr das Wochenende betragen 55\u20ac.<br><br>Wenn du Fragen zum Spiri-Wochenende hast, dann melde dich gerne bei Viola: <a href=\"mailto:viola.sinsel@bistum-fulda.de\">viola.sinsel@bistum-fulda.de<\/a><br><br><\/p>\n<\/div><\/div>\n","protected":false},"excerpt":{"rendered":"<p>Spiri-Wochenende* im Thomas Morus Haus in der Rh\u00f6n 12. bis 14. Dezember 2025 *Spirituelles Wochenende im Advent &#8211; ein Wochenende f\u00fcr DICH! Hast du Lust, mit lieben Menschen ein paar&#8230;<\/p>\n","protected":false},"author":2,"featured_media":0,"parent":0,"menu_order":0,"comment_status":"closed","ping_status":"closed","template":"","meta":{"inline_featured_image":false,"_kadence_starter_templates_imported_post":false,"_kad_post_transparent":"","_kad_post_title":"","_kad_post_layout":"","_kad_post_sidebar_id":"","_kad_post_content_style":"","_kad_post_vertical_padding":"","_kad_post_feature":"","_kad_post_feature_position":"","_kad_post_header":false,"_kad_post_footer":false,"footnotes":""},"yoast_head":"<!-- This site is optimized with the Yoast SEO plugin v22.3 - https:\/\/yoast.com\/wordpress\/plugins\/seo\/ -->\n<title>Spiri Wochenende - Katholische Hochschulgemeinde Marburg<\/title>\n<meta name=\"robots\" content=\"index, follow, max-snippet:-1, max-image-preview:large, max-video-preview:-1\" \/>\n<link rel=\"canonical\" href=\"https:\/\/khg-marburg.eu\/index.php\/spri-wochenende\/\" \/>\n<meta property=\"og:locale\" content=\"de_DE\" \/>\n<meta property=\"og:type\" content=\"article\" \/>\n<meta property=\"og:title\" content=\"Spiri Wochenende - Katholische Hochschulgemeinde Marburg\" \/>\n<meta property=\"og:description\" content=\"Spiri-Wochenende* im Thomas Morus Haus in der Rh\u00f6n 12. bis 14. Dezember 2025 *Spirituelles Wochenende im Advent &#8211; ein Wochenende f\u00fcr DICH! Hast du Lust, mit lieben Menschen ein paar...\" \/>\n<meta property=\"og:url\" content=\"https:\/\/khg-marburg.eu\/index.php\/spri-wochenende\/\" \/>\n<meta property=\"og:site_name\" content=\"Katholische Hochschulgemeinde Marburg\" \/>\n<meta property=\"article:publisher\" content=\"https:\/\/www.facebook.com\/KHGMarburg\" \/>\n<meta property=\"article:modified_time\" content=\"2025-10-15T12:06:46+00:00\" \/>\n<meta property=\"og:image\" content=\"https:\/\/khg-marburg.eu\/wp-content\/uploads\/2025\/10\/25_12_13_Spiri-Wochenende-724x1024.png\" \/>\n<meta name=\"twitter:card\" content=\"summary_large_image\" \/>\n<meta name=\"twitter:label1\" content=\"Gesch\u00e4tzte Lesezeit\" \/>\n\t<meta name=\"twitter:data1\" content=\"1\u00a0Minute\" \/>\n<script type=\"application\/ld+json\" class=\"yoast-schema-graph\">{\"@context\":\"https:\/\/schema.org\",\"@graph\":[{\"@type\":\"WebPage\",\"@id\":\"https:\/\/khg-marburg.eu\/index.php\/spri-wochenende\/\",\"url\":\"https:\/\/khg-marburg.eu\/index.php\/spri-wochenende\/\",\"name\":\"Spiri Wochenende - Katholische Hochschulgemeinde Marburg\",\"isPartOf\":{\"@id\":\"https:\/\/khg-marburg.eu\/#website\"},\"primaryImageOfPage\":{\"@id\":\"https:\/\/khg-marburg.eu\/index.php\/spri-wochenende\/#primaryimage\"},\"image\":{\"@id\":\"https:\/\/khg-marburg.eu\/index.php\/spri-wochenende\/#primaryimage\"},\"thumbnailUrl\":\"https:\/\/khg-marburg.eu\/wp-content\/uploads\/2025\/10\/25_12_13_Spiri-Wochenende-724x1024.png\",\"datePublished\":\"2023-05-31T08:19:40+00:00\",\"dateModified\":\"2025-10-15T12:06:46+00:00\",\"breadcrumb\":{\"@id\":\"https:\/\/khg-marburg.eu\/index.php\/spri-wochenende\/#breadcrumb\"},\"inLanguage\":\"de\",\"potentialAction\":[{\"@type\":\"ReadAction\",\"target\":[\"https:\/\/khg-marburg.eu\/index.php\/spri-wochenende\/\"]}]},{\"@type\":\"ImageObject\",\"inLanguage\":\"de\",\"@id\":\"https:\/\/khg-marburg.eu\/index.php\/spri-wochenende\/#primaryimage\",\"url\":\"https:\/\/khg-marburg.eu\/wp-content\/uploads\/2025\/10\/25_12_13_Spiri-Wochenende.png\",\"contentUrl\":\"https:\/\/khg-marburg.eu\/wp-content\/uploads\/2025\/10\/25_12_13_Spiri-Wochenende.png\",\"width\":1587,\"height\":2245},{\"@type\":\"BreadcrumbList\",\"@id\":\"https:\/\/khg-marburg.eu\/index.php\/spri-wochenende\/#breadcrumb\",\"itemListElement\":[{\"@type\":\"ListItem\",\"position\":1,\"name\":\"Startseite\",\"item\":\"https:\/\/khg-marburg.eu\/\"},{\"@type\":\"ListItem\",\"position\":2,\"name\":\"Spiri Wochenende\"}]},{\"@type\":\"WebSite\",\"@id\":\"https:\/\/khg-marburg.eu\/#website\",\"url\":\"https:\/\/khg-marburg.eu\/\",\"name\":\"Katholische Hochschulgemeinde Marburg\",\"description\":\"Die Katholische Hochschulgemeinde - Katholische Kirche in Marburg\",\"publisher\":{\"@id\":\"https:\/\/khg-marburg.eu\/#organization\"},\"potentialAction\":[{\"@type\":\"SearchAction\",\"target\":{\"@type\":\"EntryPoint\",\"urlTemplate\":\"https:\/\/khg-marburg.eu\/?s={search_term_string}\"},\"query-input\":\"required name=search_term_string\"}],\"inLanguage\":\"de\"},{\"@type\":\"Organization\",\"@id\":\"https:\/\/khg-marburg.eu\/#organization\",\"name\":\"Katholische Hochschulgemeinde Marburg\",\"url\":\"https:\/\/khg-marburg.eu\/\",\"logo\":{\"@type\":\"ImageObject\",\"inLanguage\":\"de\",\"@id\":\"https:\/\/khg-marburg.eu\/#\/schema\/logo\/image\/\",\"url\":\"https:\/\/khg-marburg.eu\/wp-content\/uploads\/2020\/04\/logo_wei\u00df.jpg\",\"contentUrl\":\"https:\/\/khg-marburg.eu\/wp-content\/uploads\/2020\/04\/logo_wei\u00df.jpg\",\"width\":750,\"height\":650,\"caption\":\"Katholische Hochschulgemeinde Marburg\"},\"image\":{\"@id\":\"https:\/\/khg-marburg.eu\/#\/schema\/logo\/image\/\"},\"sameAs\":[\"https:\/\/www.facebook.com\/KHGMarburg\",\"https:\/\/www.instagram.com\/khgmarburg\/\"]}]}<\/script>\n<!-- \/ Yoast SEO plugin. -->","yoast_head_json":{"title":"Spiri Wochenende - Katholische Hochschulgemeinde Marburg","robots":{"index":"index","follow":"follow","max-snippet":"max-snippet:-1","max-image-preview":"max-image-preview:large","max-video-preview":"max-video-preview:-1"},"canonical":"https:\/\/khg-marburg.eu\/index.php\/spri-wochenende\/","og_locale":"de_DE","og_type":"article","og_title":"Spiri Wochenende - Katholische Hochschulgemeinde Marburg","og_description":"Spiri-Wochenende* im Thomas Morus Haus in der Rh\u00f6n 12. bis 14. Dezember 2025 *Spirituelles Wochenende im Advent &#8211; ein Wochenende f\u00fcr DICH! Hast du Lust, mit lieben Menschen ein paar...","og_url":"https:\/\/khg-marburg.eu\/index.php\/spri-wochenende\/","og_site_name":"Katholische Hochschulgemeinde Marburg","article_publisher":"https:\/\/www.facebook.com\/KHGMarburg","article_modified_time":"2025-10-15T12:06:46+00:00","og_image":[{"url":"https:\/\/khg-marburg.eu\/wp-content\/uploads\/2025\/10\/25_12_13_Spiri-Wochenende-724x1024.png"}],"twitter_card":"summary_large_image","twitter_misc":{"Gesch\u00e4tzte Lesezeit":"1\u00a0Minute"},"schema":{"@context":"https:\/\/schema.org","@graph":[{"@type":"WebPage","@id":"https:\/\/khg-marburg.eu\/index.php\/spri-wochenende\/","url":"https:\/\/khg-marburg.eu\/index.php\/spri-wochenende\/","name":"Spiri Wochenende - Katholische Hochschulgemeinde Marburg","isPartOf":{"@id":"https:\/\/khg-marburg.eu\/#website"},"primaryImageOfPage":{"@id":"https:\/\/khg-marburg.eu\/index.php\/spri-wochenende\/#primaryimage"},"image":{"@id":"https:\/\/khg-marburg.eu\/index.php\/spri-wochenende\/#primaryimage"},"thumbnailUrl":"https:\/\/khg-marburg.eu\/wp-content\/uploads\/2025\/10\/25_12_13_Spiri-Wochenende-724x1024.png","datePublished":"2023-05-31T08:19:40+00:00","dateModified":"2025-10-15T12:06:46+00:00","breadcrumb":{"@id":"https:\/\/khg-marburg.eu\/index.php\/spri-wochenende\/#breadcrumb"},"inLanguage":"de","potentialAction":[{"@type":"ReadAction","target":["https:\/\/khg-marburg.eu\/index.php\/spri-wochenende\/"]}]},{"@type":"ImageObject","inLanguage":"de","@id":"https:\/\/khg-marburg.eu\/index.php\/spri-wochenende\/#primaryimage","url":"https:\/\/khg-marburg.eu\/wp-content\/uploads\/2025\/10\/25_12_13_Spiri-Wochenende.png","contentUrl":"https:\/\/khg-marburg.eu\/wp-content\/uploads\/2025\/10\/25_12_13_Spiri-Wochenende.png","width":1587,"height":2245},{"@type":"BreadcrumbList","@id":"https:\/\/khg-marburg.eu\/index.php\/spri-wochenende\/#breadcrumb","itemListElement":[{"@type":"ListItem","position":1,"name":"Startseite","item":"https:\/\/khg-marburg.eu\/"},{"@type":"ListItem","position":2,"name":"Spiri Wochenende"}]},{"@type":"WebSite","@id":"https:\/\/khg-marburg.eu\/#website","url":"https:\/\/khg-marburg.eu\/","name":"Katholische Hochschulgemeinde Marburg","description":"Die Katholische Hochschulgemeinde - Katholische Kirche in Marburg","publisher":{"@id":"https:\/\/khg-marburg.eu\/#organization"},"potentialAction":[{"@type":"SearchAction","target":{"@type":"EntryPoint","urlTemplate":"https:\/\/khg-marburg.eu\/?s={search_term_string}"},"query-input":"required name=search_term_string"}],"inLanguage":"de"},{"@type":"Organization","@id":"https:\/\/khg-marburg.eu\/#organization","name":"Katholische Hochschulgemeinde Marburg","url":"https:\/\/khg-marburg.eu\/","logo":{"@type":"ImageObject","inLanguage":"de","@id":"https:\/\/khg-marburg.eu\/#\/schema\/logo\/image\/","url":"https:\/\/khg-marburg.eu\/wp-content\/uploads\/2020\/04\/logo_wei\u00df.jpg","contentUrl":"https:\/\/khg-marburg.eu\/wp-content\/uploads\/2020\/04\/logo_wei\u00df.jpg","width":750,"height":650,"caption":"Katholische Hochschulgemeinde Marburg"},"image":{"@id":"https:\/\/khg-marburg.eu\/#\/schema\/logo\/image\/"},"sameAs":["https:\/\/www.facebook.com\/KHGMarburg","https:\/\/www.instagram.com\/khgmarburg\/"]}]}},"_links":{"self":[{"href":"https:\/\/khg-marburg.eu\/index.php\/wp-json\/wp\/v2\/pages\/5609"}],"collection":[{"href":"https:\/\/khg-marburg.eu\/index.php\/wp-json\/wp\/v2\/pages"}],"about":[{"href":"https:\/\/khg-marburg.eu\/index.php\/wp-json\/wp\/v2\/types\/page"}],"author":[{"embeddable":true,"href":"https:\/\/khg-marburg.eu\/index.php\/wp-json\/wp\/v2\/users\/2"}],"replies":[{"embeddable":true,"href":"https:\/\/khg-marburg.eu\/index.php\/wp-json\/wp\/v2\/comments?post=5609"}],"version-history":[{"count":27,"href":"https:\/\/khg-marburg.eu\/index.php\/wp-json\/wp\/v2\/pages\/5609\/revisions"}],"predecessor-version":[{"id":9498,"href":"https:\/\/khg-marburg.eu\/index.php\/wp-json\/wp\/v2\/pages\/5609\/revisions\/9498"}],"wp:attachment":[{"href":"https:\/\/khg-marburg.eu\/index.php\/wp-json\/wp\/v2\/media?parent=5609"}],"curies":[{"name":"wp","href":"https:\/\/api.w.org\/{rel}","templated":true}]}}

<h2 class="wp-block-heading alignwide has-text-align-center has-text-color" style="color:#eeab02">Spiri-Wochenende* im Thomas Morus Haus in der Rhön <br>12. bis 14. Dezember 2025</h2>



<div class="wp-block-media-text alignwide is-stacked-on-mobile" style="grid-template-columns:30% auto"><figure class="wp-block-media-text__media"><img loading="lazy" decoding="async" width="724" height="1024" src="https://khg-marburg.eu/wp-content/uploads/2025/10/25_12_13_Spiri-Wochenende-724x1024.png" alt="" class="wp-image-9496 size-full" srcset="https://khg-marburg.eu/wp-content/uploads/2025/10/25_12_13_Spiri-Wochenende-724x1024.png 724w, https://khg-marburg.eu/wp-content/uploads/2025/10/25_12_13_Spiri-Wochenende-212x300.png 212w, https://khg-marburg.eu/wp-content/uploads/2025/10/25_12_13_Spiri-Wochenende-768x1086.png 768w, https://khg-marburg.eu/wp-content/uploads/2025/10/25_12_13_Spiri-Wochenende-1086x1536.png 1086w, https://khg-marburg.eu/wp-content/uploads/2025/10/25_12_13_Spiri-Wochenende-1448x2048.png 1448w, https://khg-marburg.eu/wp-content/uploads/2025/10/25_12_13_Spiri-Wochenende.png 1587w" sizes="(max-width: 724px) 100vw, 724px" /></figure><div class="wp-block-media-text__content">
<p><strong>*Spirituelles Wochenende im Advent &#8211; ein Wochenende für DICH!</strong></p>



<p>Hast du Lust, mit lieben Menschen ein paar Tage in der Rhön zu verbringen? Gemeinsam beten, gemütlich am Kamin sitzen, neue Kraft tanken, Impulse mitnehmen, austauschen über Glauben und Leben, leckeres Kochen, spazieren gehen, Stille genießen, uvm. In diesem Jahr fahren wir gemeinsam mit der KHG Fulda in die Röhn!<br><br>Hier findest du das <a href="https://forms.office.com/pages/responsepage.aspx?id=jGQS0K_3UEWSPlFDenM5c9YZlcROXZ9GraYhmYY1GuhUM1lJTTFENlBVSlBMRVlFSTFYN0dJSVI1OCQlQCN0PWcu&amp;route=shorturl" target="_blank" rel="noreferrer noopener">Anmeldeformula</a><a href="https://khg-marburg.eu/wp-content/uploads/2024/10/2024_Anmeldung-Spiri-Wochenende-Formular-1.pdf">r</a>.<br>Anmeldefrist: Montag, 17.11.2025<a href="https://l.facebook.com/l.php?u=http%3A%2F%2Fwww.khg-marburg.eu%2F%3Ffbclid%3DIwAR1xLneVRZnc2E90V-47GdQn8ivd4R0sljiWySCBToX257e-IIZ1w_J0BSo&amp;h=AT2CXYZjDHzTTQgeclQTHBoGG1f6Lt9uTLRGkJ8V_x1luwmMLz1zjQ-grUNkZfhn2Xq7fLInRbSV9EWfluje4_pzEnJu0k8HYD7WGR-B3NwDSsz7NFWnp7JKGfVzD6KP6W5A&amp;__tn__=-UK*F"><br></a> <br><strong>HARD FACTS:</strong><br>12.12.-14.12.2025<br>Für junge Erwachsene zwischen 18-30 Jahren<br>Abfahrt in Marburg: Freitag (12.12.) &#8211; wird noch bekannt gegeben<br>Ankunft in Marburg: Sonntag (14.12.) &#8211; wird noch bekannt gegeben<br>Thomas-Morus-Haus in Hilders<br>Die Kosten für das Wochenende betragen 55€.<br><br>Wenn du Fragen zum Spiri-Wochenende hast, dann melde dich gerne bei Viola: <a href="mailto:viola.sinsel@bistum-fulda.de">viola.sinsel@bistum-fulda.de</a><br><br></p>
</div></div>

<p>Spiri-Wochenende* im Thomas Morus Haus in der Rhön 12. bis 14. Dezember 2025 *Spirituelles Wochenende im Advent &#8211; ein Wochenende für DICH! Hast du Lust, mit lieben Menschen ein paar&#8230;</p>

<!-- This site is optimized with the Yoast SEO plugin v22.3 - https://yoast.com/wordpress/plugins/seo/ -->
<title>Spiri Wochenende - Katholische Hochschulgemeinde Marburg</title>
<meta name="robots" content="index, follow, max-snippet:-1, max-image-preview:large, max-video-preview:-1" />
<link rel="canonical" href="https://khg-marburg.eu/index.php/spri-wochenende/" />
<meta property="og:locale" content="de_DE" />
<meta property="og:type" content="article" />
<meta property="og:title" content="Spiri Wochenende - Katholische Hochschulgemeinde Marburg" />
<meta property="og:description" content="Spiri-Wochenende* im Thomas Morus Haus in der Rhön 12. bis 14. Dezember 2025 *Spirituelles Wochenende im Advent &#8211; ein Wochenende für DICH! Hast du Lust, mit lieben Menschen ein paar..." />
<meta property="og:url" content="https://khg-marburg.eu/index.php/spri-wochenende/" />
<meta property="og:site_name" content="Katholische Hochschulgemeinde Marburg" />
<meta property="article:publisher" content="https://www.facebook.com/KHGMarburg" />
<meta property="article:modified_time" content="2025-10-15T12:06:46+00:00" />
<meta property="og:image" content="https://khg-marburg.eu/wp-content/uploads/2025/10/25_12_13_Spiri-Wochenende-724x1024.png" />
<meta name="twitter:card" content="summary_large_image" />
<meta name="twitter:label1" content="Geschätzte Lesezeit" />
	<meta name="twitter:data1" content="1 Minute" />
<script type="application/ld+json" class="yoast-schema-graph">{"@context":"https://schema.org","@graph":[{"@type":"WebPage","@id":"https://khg-marburg.eu/index.php/spri-wochenende/","url":"https://khg-marburg.eu/index.php/spri-wochenende/","name":"Spiri Wochenende - Katholische Hochschulgemeinde Marburg","isPartOf":{"@id":"https://khg-marburg.eu/#website"},"primaryImageOfPage":{"@id":"https://khg-marburg.eu/index.php/spri-wochenende/#primaryimage"},"image":{"@id":"https://khg-marburg.eu/index.php/spri-wochenende/#primaryimage"},"thumbnailUrl":"https://khg-marburg.eu/wp-content/uploads/2025/10/25_12_13_Spiri-Wochenende-724x1024.png","datePublished":"2023-05-31T08:19:40+00:00","dateModified":"2025-10-15T12:06:46+00:00","breadcrumb":{"@id":"https://khg-marburg.eu/index.php/spri-wochenende/#breadcrumb"},"inLanguage":"de","potentialAction":[{"@type":"ReadAction","target":["https://khg-marburg.eu/index.php/spri-wochenende/"]}]},{"@type":"ImageObject","inLanguage":"de","@id":"https://khg-marburg.eu/index.php/spri-wochenende/#primaryimage","url":"https://khg-marburg.eu/wp-content/uploads/2025/10/25_12_13_Spiri-Wochenende.png","contentUrl":"https://khg-marburg.eu/wp-content/uploads/2025/10/25_12_13_Spiri-Wochenende.png","width":1587,"height":2245},{"@type":"BreadcrumbList","@id":"https://khg-marburg.eu/index.php/spri-wochenende/#breadcrumb","itemListElement":[{"@type":"ListItem","position":1,"name":"Startseite","item":"https://khg-marburg.eu/"},{"@type":"ListItem","position":2,"name":"Spiri Wochenende"}]},{"@type":"WebSite","@id":"https://khg-marburg.eu/#website","url":"https://khg-marburg.eu/","name":"Katholische Hochschulgemeinde Marburg","description":"Die Katholische Hochschulgemeinde - Katholische Kirche in Marburg","publisher":{"@id":"https://khg-marburg.eu/#organization"},"potentialAction":[{"@type":"SearchAction","target":{"@type":"EntryPoint","urlTemplate":"https://khg-marburg.eu/?s={search_term_string}"},"query-input":"required name=search_term_string"}],"inLanguage":"de"},{"@type":"Organization","@id":"https://khg-marburg.eu/#organization","name":"Katholische Hochschulgemeinde Marburg","url":"https://khg-marburg.eu/","logo":{"@type":"ImageObject","inLanguage":"de","@id":"https://khg-marburg.eu/#/schema/logo/image/","url":"https://khg-marburg.eu/wp-content/uploads/2020/04/logo_weiß.jpg","contentUrl":"https://khg-marburg.eu/wp-content/uploads/2020/04/logo_weiß.jpg","width":750,"height":650,"caption":"Katholische Hochschulgemeinde Marburg"},"image":{"@id":"https://khg-marburg.eu/#/schema/logo/image/"},"sameAs":["https://www.facebook.com/KHGMarburg","https://www.instagram.com/khgmarburg/"]}]}</script>
<!-- / Yoast SEO plugin. -->

Spiri-Wochenende* im Thomas Morus Haus in der Rhön 12. bis 14. Dezember 2025 *Spirituelles Wochenende im Advent &#8211; ein Wochenende für DICH! Hast du Lust, mit lieben Menschen ein paar...

https://khg-marburg.eu/wp-content/uploads/2020/04/logo_weiß.jpg
