{"id":9163,"date":"2025-06-13T09:38:25","date_gmt":"2025-06-13T07:38:25","guid":{"rendered":"https:\/\/khg-marburg.eu\/?page_id=9163"},"modified":"2025-06-24T08:39:50","modified_gmt":"2025-06-24T06:39:50","slug":"missbrauchsstudie-bistum-fulda","status":"publish","type":"page","link":"https:\/\/khg-marburg.eu\/index.php\/missbrauchsstudie-bistum-fulda\/","title":{"rendered":"Missbrauchsstudie Bistum Fulda"},"content":{"rendered":"\n<figure class=\"wp-block-image alignwide size-full\"><img loading=\"lazy\" decoding=\"async\" width=\"2000\" height=\"667\" src=\"https:\/\/khg-marburg.eu\/wp-content\/uploads\/2025\/06\/3_Nur-mit-Mut.png\" alt=\"\" class=\"wp-image-9164\" srcset=\"https:\/\/khg-marburg.eu\/wp-content\/uploads\/2025\/06\/3_Nur-mit-Mut.png 2000w, https:\/\/khg-marburg.eu\/wp-content\/uploads\/2025\/06\/3_Nur-mit-Mut-300x100.png 300w, https:\/\/khg-marburg.eu\/wp-content\/uploads\/2025\/06\/3_Nur-mit-Mut-1024x342.png 1024w, https:\/\/khg-marburg.eu\/wp-content\/uploads\/2025\/06\/3_Nur-mit-Mut-768x256.png 768w, https:\/\/khg-marburg.eu\/wp-content\/uploads\/2025\/06\/3_Nur-mit-Mut-1536x512.png 1536w\" sizes=\"(max-width: 2000px) 100vw, 2000px\" \/><\/figure>\n\n\n\n<h2 class=\"wp-block-heading has-text-align-center has-text-color has-link-color wp-elements-38eb2eb8ae986c9dac5646bd74e7341c\" style=\"color:#eeab02\">Ver\u00f6ffentlichung der Missbrauchsstudie des Bistums Fulda am 17.06.2025<\/h2>\n\n\n\n<p>Am <strong>17. Juni 2025<\/strong> ver\u00f6ffentlichte die unabh\u00e4ngige Kommission zur Aufarbeitung sexualisierter Gewalt im Bistum Fulda ihren Abschlussbericht. Dieser Bericht ist ein wichtiger Schritt eines schon einige Jahre andauernden Prozesses, um erfahrenes Leid von Betroffenen aufzuzeigen und sichtbar zu machen. Und es ist ein wichtiger Schritt in unserem Bem\u00fchen, aus Fehlern der Vergangenheit zu lernen, Verantwortung zu \u00fcbernehmen und die Grundlage f\u00fcr neues Vertrauen zu schaffen.<br><br><strong>Termine:<\/strong><br>26. Juni 2025, 11 Uhr: Pressegespr\u00e4ch<br>Beide Termine werden auf dem YouTube-Kanal des Bistums \u00fcbertragen.<\/p>\n\n\n\n<p>Uns, den Mitarbeitenden der katholischen Kirche in Marburg und Umgebung, ist bewusst, dass dieser Bericht viele Menschen bewegen und auch belasten wird. Deshalb ist es uns ein besonderes Anliegen, diesen Prozess transparent zu begleiten und offene Kommunikation zu erm\u00f6glichen. Wir wollen mit dieser Thematik sensibel und verantwortungsbewusst umgehen.<\/p>\n\n\n\n<p>In den vergangenen Jahren haben wir bereits zahlreiche Ma\u00dfnahmen zur Pr\u00e4vention und Intervention etabliert, darunter Schutzkonzepte in Kirchengemeinden, Schulungen, Leitlinien sowie unabh\u00e4ngige Ansprechpersonen f\u00fcr Betroffene. Die Arbeit wird kritisch begleitet vom gemeinsamen Betroffenenbeirat der Bist\u00fcmer Fulda und Limburg.<\/p>\n\n\n\n<p>Hier findest du weiterf\u00fchrende Informationen seitens des Bistums: <\/p>\n\n\n\n<ul>\n<li><a href=\"https:\/\/www.bistum-fulda.de\/bistum_fulda\/presse_medien\/liste_pressemeldungen\/2025\/2025_02\/bpd_2025_6\/bpd_20250602_01_Bericht_Aufarbeitungskommission.php\" target=\"_blank\" rel=\"noreferrer noopener\">Presseberichte<\/a><\/li>\n\n\n\n<li><a href=\"https:\/\/www.hinsehen-handeln-bistum-fulda.de\/hinsehenhandeln\/aktuelles\/texte_aufarbeitung.php\" target=\"_blank\" rel=\"noreferrer noopener\">Aktuelles rund um die Studie<\/a><\/li>\n\n\n\n<li><a href=\"https:\/\/www.nurmitmut.de\/\" target=\"_blank\" rel=\"noreferrer noopener\">Homepage der Aufarbeitungskommission<\/a><\/li>\n\n\n\n<li><a href=\"https:\/\/www.youtube.com\/bistumfuldade\" target=\"_blank\" rel=\"noreferrer noopener\">YouTube-Kanal des Bistums<\/a><\/li>\n\n\n\n<li><a href=\"https:\/\/www.peterundpaul-marburg.de\/marburgpeterpaul\/Pfarrei-St.-Peter-und-Paul\/Selbstverstaendnis\/2024-7_Schutzkonzept-Pastoralverbund-Marburg-und-Umgebung-Juli-2024.pdf\" target=\"_blank\" rel=\"noreferrer noopener\">Schutzkonzept zur Pr\u00e4vention f\u00fcr Marburg und Umgebung<\/a><\/li>\n\n\n\n<li><a href=\"https:\/\/www.wildwasser-marburg.de\/\" target=\"_blank\" rel=\"noreferrer noopener\">Fachberatungsstelle Wildwasser e.V. Marburg<\/a><\/li>\n<\/ul>\n\n\n\n<p>F\u00fcr seelsorgliche Gespr\u00e4che kannst du dich bei Seelsorger*innen deines Vertrauens melden. Wir vermitteln dich auch gerne weiter. Au\u00dferdem kannst du unser offenes Angebot \u201eCoffee &amp; Soul\u201c nutzen: dienstags von 11:30-12:30 Uhr im KA.RE., Biegenstra\u00dfe 18. Im zweiten Halbjahr 2025 wird es eine Veranstaltung zur Thematik geben. Weitere Informationen geben wir zeitnah bekannt.<\/p>\n\n\n\n<p>Hier findest du das <a href=\"https:\/\/khg-marburg.eu\/index.php\/praevention\/\" target=\"_blank\" rel=\"noreferrer noopener\">Pr\u00e4ventionsschutzkonzept der KHG Marburg<\/a>!<\/p>\n","protected":false},"excerpt":{"rendered":"<p>Ver\u00f6ffentlichung der Missbrauchsstudie des Bistums Fulda am 17.06.2025 Am 17. Juni 2025 ver\u00f6ffentlichte die unabh\u00e4ngige Kommission zur Aufarbeitung sexualisierter Gewalt im Bistum Fulda ihren Abschlussbericht. Dieser Bericht ist ein wichtiger&#8230;<\/p>\n","protected":false},"author":2,"featured_media":0,"parent":0,"menu_order":0,"comment_status":"closed","ping_status":"closed","template":"","meta":{"inline_featured_image":false,"_kadence_starter_templates_imported_post":false,"_kad_post_transparent":"","_kad_post_title":"","_kad_post_layout":"","_kad_post_sidebar_id":"","_kad_post_content_style":"","_kad_post_vertical_padding":"","_kad_post_feature":"","_kad_post_feature_position":"","_kad_post_header":false,"_kad_post_footer":false,"footnotes":""},"yoast_head":"<!-- This site is optimized with the Yoast SEO plugin v22.3 - https:\/\/yoast.com\/wordpress\/plugins\/seo\/ -->\n<title>Missbrauchsstudie Bistum Fulda - Katholische Hochschulgemeinde Marburg<\/title>\n<meta name=\"robots\" content=\"index, follow, max-snippet:-1, max-image-preview:large, max-video-preview:-1\" \/>\n<link rel=\"canonical\" href=\"https:\/\/khg-marburg.eu\/index.php\/missbrauchsstudie-bistum-fulda\/\" \/>\n<meta property=\"og:locale\" content=\"de_DE\" \/>\n<meta property=\"og:type\" content=\"article\" \/>\n<meta property=\"og:title\" content=\"Missbrauchsstudie Bistum Fulda - Katholische Hochschulgemeinde Marburg\" \/>\n<meta property=\"og:description\" content=\"Ver\u00f6ffentlichung der Missbrauchsstudie des Bistums Fulda am 17.06.2025 Am 17. Juni 2025 ver\u00f6ffentlichte die unabh\u00e4ngige Kommission zur Aufarbeitung sexualisierter Gewalt im Bistum Fulda ihren Abschlussbericht. Dieser Bericht ist ein wichtiger...\" \/>\n<meta property=\"og:url\" content=\"https:\/\/khg-marburg.eu\/index.php\/missbrauchsstudie-bistum-fulda\/\" \/>\n<meta property=\"og:site_name\" content=\"Katholische Hochschulgemeinde Marburg\" \/>\n<meta property=\"article:publisher\" content=\"https:\/\/www.facebook.com\/KHGMarburg\" \/>\n<meta property=\"article:modified_time\" content=\"2025-06-24T06:39:50+00:00\" \/>\n<meta property=\"og:image\" content=\"https:\/\/khg-marburg.eu\/wp-content\/uploads\/2025\/06\/3_Nur-mit-Mut.png\" \/>\n<meta name=\"twitter:card\" content=\"summary_large_image\" \/>\n<meta name=\"twitter:label1\" content=\"Gesch\u00e4tzte Lesezeit\" \/>\n\t<meta name=\"twitter:data1\" content=\"2\u00a0Minuten\" \/>\n<script type=\"application\/ld+json\" class=\"yoast-schema-graph\">{\"@context\":\"https:\/\/schema.org\",\"@graph\":[{\"@type\":\"WebPage\",\"@id\":\"https:\/\/khg-marburg.eu\/index.php\/missbrauchsstudie-bistum-fulda\/\",\"url\":\"https:\/\/khg-marburg.eu\/index.php\/missbrauchsstudie-bistum-fulda\/\",\"name\":\"Missbrauchsstudie Bistum Fulda - Katholische Hochschulgemeinde Marburg\",\"isPartOf\":{\"@id\":\"https:\/\/khg-marburg.eu\/#website\"},\"primaryImageOfPage\":{\"@id\":\"https:\/\/khg-marburg.eu\/index.php\/missbrauchsstudie-bistum-fulda\/#primaryimage\"},\"image\":{\"@id\":\"https:\/\/khg-marburg.eu\/index.php\/missbrauchsstudie-bistum-fulda\/#primaryimage\"},\"thumbnailUrl\":\"https:\/\/khg-marburg.eu\/wp-content\/uploads\/2025\/06\/3_Nur-mit-Mut.png\",\"datePublished\":\"2025-06-13T07:38:25+00:00\",\"dateModified\":\"2025-06-24T06:39:50+00:00\",\"breadcrumb\":{\"@id\":\"https:\/\/khg-marburg.eu\/index.php\/missbrauchsstudie-bistum-fulda\/#breadcrumb\"},\"inLanguage\":\"de\",\"potentialAction\":[{\"@type\":\"ReadAction\",\"target\":[\"https:\/\/khg-marburg.eu\/index.php\/missbrauchsstudie-bistum-fulda\/\"]}]},{\"@type\":\"ImageObject\",\"inLanguage\":\"de\",\"@id\":\"https:\/\/khg-marburg.eu\/index.php\/missbrauchsstudie-bistum-fulda\/#primaryimage\",\"url\":\"https:\/\/khg-marburg.eu\/wp-content\/uploads\/2025\/06\/3_Nur-mit-Mut.png\",\"contentUrl\":\"https:\/\/khg-marburg.eu\/wp-content\/uploads\/2025\/06\/3_Nur-mit-Mut.png\",\"width\":2000,\"height\":667},{\"@type\":\"BreadcrumbList\",\"@id\":\"https:\/\/khg-marburg.eu\/index.php\/missbrauchsstudie-bistum-fulda\/#breadcrumb\",\"itemListElement\":[{\"@type\":\"ListItem\",\"position\":1,\"name\":\"Startseite\",\"item\":\"https:\/\/khg-marburg.eu\/\"},{\"@type\":\"ListItem\",\"position\":2,\"name\":\"Missbrauchsstudie Bistum Fulda\"}]},{\"@type\":\"WebSite\",\"@id\":\"https:\/\/khg-marburg.eu\/#website\",\"url\":\"https:\/\/khg-marburg.eu\/\",\"name\":\"Katholische Hochschulgemeinde Marburg\",\"description\":\"Die Katholische Hochschulgemeinde - Katholische Kirche in Marburg\",\"publisher\":{\"@id\":\"https:\/\/khg-marburg.eu\/#organization\"},\"potentialAction\":[{\"@type\":\"SearchAction\",\"target\":{\"@type\":\"EntryPoint\",\"urlTemplate\":\"https:\/\/khg-marburg.eu\/?s={search_term_string}\"},\"query-input\":\"required name=search_term_string\"}],\"inLanguage\":\"de\"},{\"@type\":\"Organization\",\"@id\":\"https:\/\/khg-marburg.eu\/#organization\",\"name\":\"Katholische Hochschulgemeinde Marburg\",\"url\":\"https:\/\/khg-marburg.eu\/\",\"logo\":{\"@type\":\"ImageObject\",\"inLanguage\":\"de\",\"@id\":\"https:\/\/khg-marburg.eu\/#\/schema\/logo\/image\/\",\"url\":\"https:\/\/khg-marburg.eu\/wp-content\/uploads\/2020\/04\/logo_wei\u00df.jpg\",\"contentUrl\":\"https:\/\/khg-marburg.eu\/wp-content\/uploads\/2020\/04\/logo_wei\u00df.jpg\",\"width\":750,\"height\":650,\"caption\":\"Katholische Hochschulgemeinde Marburg\"},\"image\":{\"@id\":\"https:\/\/khg-marburg.eu\/#\/schema\/logo\/image\/\"},\"sameAs\":[\"https:\/\/www.facebook.com\/KHGMarburg\",\"https:\/\/www.instagram.com\/khgmarburg\/\"]}]}<\/script>\n<!-- \/ Yoast SEO plugin. -->","yoast_head_json":{"title":"Missbrauchsstudie Bistum Fulda - Katholische Hochschulgemeinde Marburg","robots":{"index":"index","follow":"follow","max-snippet":"max-snippet:-1","max-image-preview":"max-image-preview:large","max-video-preview":"max-video-preview:-1"},"canonical":"https:\/\/khg-marburg.eu\/index.php\/missbrauchsstudie-bistum-fulda\/","og_locale":"de_DE","og_type":"article","og_title":"Missbrauchsstudie Bistum Fulda - Katholische Hochschulgemeinde Marburg","og_description":"Ver\u00f6ffentlichung der Missbrauchsstudie des Bistums Fulda am 17.06.2025 Am 17. Juni 2025 ver\u00f6ffentlichte die unabh\u00e4ngige Kommission zur Aufarbeitung sexualisierter Gewalt im Bistum Fulda ihren Abschlussbericht. Dieser Bericht ist ein wichtiger...","og_url":"https:\/\/khg-marburg.eu\/index.php\/missbrauchsstudie-bistum-fulda\/","og_site_name":"Katholische Hochschulgemeinde Marburg","article_publisher":"https:\/\/www.facebook.com\/KHGMarburg","article_modified_time":"2025-06-24T06:39:50+00:00","og_image":[{"url":"https:\/\/khg-marburg.eu\/wp-content\/uploads\/2025\/06\/3_Nur-mit-Mut.png"}],"twitter_card":"summary_large_image","twitter_misc":{"Gesch\u00e4tzte Lesezeit":"2\u00a0Minuten"},"schema":{"@context":"https:\/\/schema.org","@graph":[{"@type":"WebPage","@id":"https:\/\/khg-marburg.eu\/index.php\/missbrauchsstudie-bistum-fulda\/","url":"https:\/\/khg-marburg.eu\/index.php\/missbrauchsstudie-bistum-fulda\/","name":"Missbrauchsstudie Bistum Fulda - Katholische Hochschulgemeinde Marburg","isPartOf":{"@id":"https:\/\/khg-marburg.eu\/#website"},"primaryImageOfPage":{"@id":"https:\/\/khg-marburg.eu\/index.php\/missbrauchsstudie-bistum-fulda\/#primaryimage"},"image":{"@id":"https:\/\/khg-marburg.eu\/index.php\/missbrauchsstudie-bistum-fulda\/#primaryimage"},"thumbnailUrl":"https:\/\/khg-marburg.eu\/wp-content\/uploads\/2025\/06\/3_Nur-mit-Mut.png","datePublished":"2025-06-13T07:38:25+00:00","dateModified":"2025-06-24T06:39:50+00:00","breadcrumb":{"@id":"https:\/\/khg-marburg.eu\/index.php\/missbrauchsstudie-bistum-fulda\/#breadcrumb"},"inLanguage":"de","potentialAction":[{"@type":"ReadAction","target":["https:\/\/khg-marburg.eu\/index.php\/missbrauchsstudie-bistum-fulda\/"]}]},{"@type":"ImageObject","inLanguage":"de","@id":"https:\/\/khg-marburg.eu\/index.php\/missbrauchsstudie-bistum-fulda\/#primaryimage","url":"https:\/\/khg-marburg.eu\/wp-content\/uploads\/2025\/06\/3_Nur-mit-Mut.png","contentUrl":"https:\/\/khg-marburg.eu\/wp-content\/uploads\/2025\/06\/3_Nur-mit-Mut.png","width":2000,"height":667},{"@type":"BreadcrumbList","@id":"https:\/\/khg-marburg.eu\/index.php\/missbrauchsstudie-bistum-fulda\/#breadcrumb","itemListElement":[{"@type":"ListItem","position":1,"name":"Startseite","item":"https:\/\/khg-marburg.eu\/"},{"@type":"ListItem","position":2,"name":"Missbrauchsstudie Bistum Fulda"}]},{"@type":"WebSite","@id":"https:\/\/khg-marburg.eu\/#website","url":"https:\/\/khg-marburg.eu\/","name":"Katholische Hochschulgemeinde Marburg","description":"Die Katholische Hochschulgemeinde - Katholische Kirche in Marburg","publisher":{"@id":"https:\/\/khg-marburg.eu\/#organization"},"potentialAction":[{"@type":"SearchAction","target":{"@type":"EntryPoint","urlTemplate":"https:\/\/khg-marburg.eu\/?s={search_term_string}"},"query-input":"required name=search_term_string"}],"inLanguage":"de"},{"@type":"Organization","@id":"https:\/\/khg-marburg.eu\/#organization","name":"Katholische Hochschulgemeinde Marburg","url":"https:\/\/khg-marburg.eu\/","logo":{"@type":"ImageObject","inLanguage":"de","@id":"https:\/\/khg-marburg.eu\/#\/schema\/logo\/image\/","url":"https:\/\/khg-marburg.eu\/wp-content\/uploads\/2020\/04\/logo_wei\u00df.jpg","contentUrl":"https:\/\/khg-marburg.eu\/wp-content\/uploads\/2020\/04\/logo_wei\u00df.jpg","width":750,"height":650,"caption":"Katholische Hochschulgemeinde Marburg"},"image":{"@id":"https:\/\/khg-marburg.eu\/#\/schema\/logo\/image\/"},"sameAs":["https:\/\/www.facebook.com\/KHGMarburg","https:\/\/www.instagram.com\/khgmarburg\/"]}]}},"_links":{"self":[{"href":"https:\/\/khg-marburg.eu\/index.php\/wp-json\/wp\/v2\/pages\/9163"}],"collection":[{"href":"https:\/\/khg-marburg.eu\/index.php\/wp-json\/wp\/v2\/pages"}],"about":[{"href":"https:\/\/khg-marburg.eu\/index.php\/wp-json\/wp\/v2\/types\/page"}],"author":[{"embeddable":true,"href":"https:\/\/khg-marburg.eu\/index.php\/wp-json\/wp\/v2\/users\/2"}],"replies":[{"embeddable":true,"href":"https:\/\/khg-marburg.eu\/index.php\/wp-json\/wp\/v2\/comments?post=9163"}],"version-history":[{"count":6,"href":"https:\/\/khg-marburg.eu\/index.php\/wp-json\/wp\/v2\/pages\/9163\/revisions"}],"predecessor-version":[{"id":9225,"href":"https:\/\/khg-marburg.eu\/index.php\/wp-json\/wp\/v2\/pages\/9163\/revisions\/9225"}],"wp:attachment":[{"href":"https:\/\/khg-marburg.eu\/index.php\/wp-json\/wp\/v2\/media?parent=9163"}],"curies":[{"name":"wp","href":"https:\/\/api.w.org\/{rel}","templated":true}]}}