{"id":96,"date":"2019-05-22T14:04:38","date_gmt":"2019-05-22T12:04:38","guid":{"rendered":"http:\/\/khg-marburg.eu\/?page_id=96"},"modified":"2019-07-18T16:49:23","modified_gmt":"2019-07-18T14:49:23","slug":"unsere-satzung","status":"publish","type":"page","link":"https:\/\/khg-marburg.eu\/index.php\/ueber-uns\/unsere-satzung\/","title":{"rendered":"Unsere Satzung"},"content":{"rendered":"<div id=\"pl-96\"  class=\"panel-layout\" ><div id=\"pg-96-0\"  class=\"panel-grid panel-no-style\" ><div id=\"pgc-96-0-0\"  class=\"panel-grid-cell\" ><div id=\"panel-96-0-0-0\" class=\"so-panel widget widget_text panel-first-child panel-last-child\" data-index=\"0\" >\t\t\t<div class=\"textwidget\"><p><strong>Pr\u00e4ambel<\/strong><\/p>\n<p>Die Katholische Hochschulgemeinde Marburg (KHG) versteht sich als Kirche an der Philipps-Universit\u00e4t. Wir betrachten uns als zugeh\u00f6rig zur katholischen Weltkirche, als verbunden mit allen christlichen Gemeinschaften und als solidarisch mit allen, die auf der Suche nach Gott sind.<\/p>\n<p>Das einheitsstiftende Fundament unserer Gemeinde ist der Glaube an Christus und das gemeinsame H\u00f6ren auf das Wort Gottes. Die christlichen Werte sind die Grundlage f\u00fcr unser Zusammenleben. Ausgehend von diesen verpflichten wir uns dem vorurteilsfreien und toleranten Austausch und akzeptieren keinerlei Diskriminierung. Wir sind eine offene und lebendige Gemeinschaft, die Menschen aller Kulturen und Religionen willkommen hei\u00dft. Wichtig ist uns eine famili\u00e4re Atmosph\u00e4re, in der sich jede und jeder pers\u00f6nlich und kreativ entfalten kann.<\/p>\n<p><a>I<\/a>n dieser Satzung wird das generische Maskulinum verwendet, das alle Geschlechter beinhaltet.<\/p>\n<p><strong>1 \u2013 Die Organe der KHG<\/strong><\/p>\n<ul>\n<li>Die Gemeindevollversammlung: GVV<\/li>\n<li>Der Gemeinderat: GR<\/li>\n<li>Die Arbeitskreise: AKs<\/li>\n<\/ul>\n<p><strong>2 \u2013 Die Gemeindevollversammlung \u2013 GVV<\/strong><\/p>\n<ul>\n<li>Die GVV ist oberstes Beschlussorgan der KHG und kann sich von daher mit allen Angelegenheiten der KHG befassen.<\/li>\n<li>Die GVV tritt ordentlich einmal im Semester zusammen. Sie ist immer beschlussf\u00e4hig.<\/li>\n<li>Au\u00dferordentliche GVVen m\u00fcssen auf Antrag von mindestens 1\/4 der Gemeindemitglieder (Berechnungsgrundlage: Abgegebene Stimmen bei der letzten regul\u00e4ren GVV) einberufen werden. Auch der GR kann mit 2\/3-Mehrheit au\u00dferordentliche GVVen einberufen. Die au\u00dferordentliche GVV ist beschlussf\u00e4hig, wenn mind. die H\u00e4lfte der Gemeindemitglieder (Berechnungsgrundlage der abgegebenen Stimmen der letzten ordentlichen GVV) anwesend sind.<\/li>\n<li>Die Einberufung einer GVV muss \u00f6ffentlich \u00fcber die der KHG Marburg zur Verf\u00fcgung stehenden Kommunikationswege, mindestens aber \u00fcber den Newsletter und \u00fcber einen Aushang, erfolgen. Die Einberufung muss mindestens zwei Wochen vor Beginn der Sitzung erfolgen. Jedes Gemeindemitglied kann Punkte der Tagesordnung vorschlagen, diese m\u00fcssen eine Woche vor der Sitzung vorliegen. Die vorl\u00e4ufige Tagesordnung der GVV muss eine Woche im Voraus \u00f6ffentlich bekanntgegeben werden. Die endg\u00fcltige Tagesordnung wird zu Beginn der Sitzung durch die Anwesenden festgelegt.<\/li>\n<li>Jedes Mitglied der Gemeinde hat auf der GVV Rederecht und ist berechtigt, Antr\u00e4ge auf die Tagesordnung zu setzen.<\/li>\n<li>Die Leitung der GVV obliegt einem Mitglied des amtierenden GRs.<\/li>\n<li>Abstimmungsberechtigt sind alle Anwesenden, die sich der KHG verbunden f\u00fchlen, am Leben der Gemeinde teilgenommen haben und das in der Pr\u00e4ambel beschriebene Grundverst\u00e4ndnis teilen.<\/li>\n<li>Falls Unklarheit \u00fcber die Zugeh\u00f6rigkeit einzelner Teilnehmer zur Gemeinde herrschen sollte, dann entscheiden die anwesenden Teilnehmer der letzten regul\u00e4ren GVV mit einfacher Mehrheit \u00fcber dessen Teilnahme an Abstimmungen.<\/li>\n<li>Bei Abstimmungen ist Stimm\u00fcbertragung nicht m\u00f6glich.<\/li>\n<li>Soweit nicht anders definiert, werden Beschl\u00fcsse mit einfacher Mehrheit gefasst.<\/li>\n<li>Der GR wird regul\u00e4r einmal pro Semester von der GVV gew\u00e4hlt.<\/li>\n<li>Die Wahl der GR-Mitglieder erfolgt am Ende jedes Semesters f\u00fcr das jeweils kommende Semester. Jedes Mitglied der KHG, das nicht von Amtes wegen dem GR oder der Wahlleitung angeh\u00f6rt, kann gew\u00e4hlt werden. Die Gemeinder\u00e4te werden f\u00fcr ein Semester gew\u00e4hlt. Wiederwahl ist immer m\u00f6glich.<\/li>\n<li>Es wird eine Kandidatenliste erstellt. Die Kandidaten k\u00f6nnen sich selbst vorschlagen oder durch andere Anwesende der GVV vorgeschlagen werden. Eine Wahl ist auch in Abwesenheit m\u00f6glich. Die Kandidatur muss vorher schriftlich erkl\u00e4rt werden.<\/li>\n<li>Der GR schl\u00e4gt eine Wahlleitung aus zwei Personen vor, die von der GVV akzeptiert werden muss. Die Wahlleitung erstellt und unterzeichnet ein Wahlprotokoll, das folgende Punkte festh\u00e4lt: W\u00e4hlerliste mit Unterschrift, Zahl der zu w\u00e4hlenden Personen, Kandidatenliste, Wahlausgang. Die Unterlagen sind zehn Jahre zu archivieren.<\/li>\n<li>Die Anzahl der GR-Mitglieder orientiert sich an der Mitgliederzahl des jeweils laufenden Semesters (Berechnungsgrundlage WS2015\/16; 5 gew\u00e4hlte Mitglieder, 2 Hauptamtliche und 2 Bewohner des Roncalli-Hauses). Gibt es eine deutliche \u00c4nderung der Gemeindegr\u00f6\u00dfe oder liegen andere schwerwiegende Gr\u00fcnde vor, kann auf Antrag eines Mitgliedes der GVV durch die GVV mit 2\/3-Mehrheit die Zahl der Sitze im GR erh\u00f6ht oder auch verringert werden. Die Zahl der gew\u00e4hlten GR-Mitglieder soll die Zahl der Mitglieder von Amtes wegen jedoch nicht unterschreiten.<\/li>\n<li>Die Abstimmung erfolgt in einer geheimen und schriftlichen Wahl. Jeder Wahlberechtigte hat maximal so viele Stimmen, wie es zu w\u00e4hlende Sitze im GR gibt. Stimmen k\u00f6nnen nicht akkumuliert oder \u00fcbertragen werden. Leere oder inkorrekt ausgef\u00fcllte Wahlzettel sind ung\u00fcltig.<\/li>\n<li>Zu Gemeinder\u00e4ten sind die Kandidaten gew\u00e4hlt, die die meisten Stimmen erhalten haben, sofern diese jeweils mind. 1\/3 der Stimmen der wahlberechtigten Personen auf sich vereint haben.<\/li>\n<li>Vor Neuwahl des GRs wird der alte GR durch die GVV entlastet. Vor der formalen Abstimmung bez\u00fcglich der Entlastung sollen dem scheidenden GR R\u00fcckmeldungen zu seiner Arbeit im zur\u00fcckliegenden Semester gegeben werden (m\u00fcndlich oder schriftlich), um ein aktuelles Stimmungsbild f\u00fcr die Arbeit des neuen GR zu erhalten.<\/li>\n<li>Zu jeder GVV muss ein Protokoll erstellt werden, das insbesondere die gefassten Beschl\u00fcsse beinhaltet. F\u00fcr den Fall, dass nur der GR gew\u00e4hlt wird, ist das Wahlprotokoll das Protokoll. Das Protokoll muss der Gemeinde zug\u00e4nglich gemacht werden.<\/li>\n<\/ul>\n<p><strong>3 \u2013 Der Gemeinderat \u2013 GR<\/strong><\/p>\n<ul>\n<li>Der GR ist beschlussfassendes Gremium f\u00fcr inhaltliche und organisatorische Fragen des Gemeindelebens. Der GR ist an die Beschl\u00fcsse der GVV im Rahmen des rechtlich Zul\u00e4ssigen gebunden.<\/li>\n<li>Zwischen den GVVen vertritt der GR die KHG. Mitglied des GR sind die von der GVV gew\u00e4hlten Mitglieder, die Bewohner des Roncalli-Hauses und die hauptamtlichen pastoralen Mitarbeiter. Der GR ist beschlussf\u00e4hig, wenn 2\/3 seiner Mitglieder sowie mind. die H\u00e4lfte der gew\u00e4hlten GR-Mitglieder anwesend sind.<\/li>\n<li>Der Hochschulpfarrer ist Leiter der Gemeinde und tr\u00e4gt die finanzielle Verantwortung. Bei gr\u00f6\u00dferen Ausgaben, die nicht die Instandhaltung des Hauses betreffen, sollte der GR informiert werden. Dar\u00fcber hinaus informiert er den GR regelm\u00e4\u00dfig \u00fcber die aktuellen Belange der KHG.<\/li>\n<li>Der GR ist offen f\u00fcr die Mitarbeit nicht gew\u00e4hlter Gemeindemitglieder, die im Regelfall kein Stimmrecht haben. Jedoch hat jedes Gemeindemitglied Rederecht und kann Eingaben und Antr\u00e4ge in den GR einbringen. Mit einer 2\/3-Mehrheit kann der GR allen anwesenden Gemeindemitgliedern von Fall zu Fall eine Beteiligung an einer Abstimmung erlauben. Alle Beschl\u00fcsse werden mit einfacher Mehrheit gefasst, treten sofort in Kraft, sind bindend und m\u00fcssen im Protokoll vermerkt werden.<\/li>\n<li>Bei unvorhergesehenem Ausscheiden eines GR-Mitgliedes im laufenden Semester wird die Position durch den n\u00e4chsten Kandidaten entsprechend dem Wahlergebnis der letzten GVV nachbesetzt, sofern er mit mehr als 1\/3 der Stimmen gew\u00e4hlt wurde und der Nachberufung zustimmt.<\/li>\n<li>GR-Sitzungen sollten w\u00e4hrend der Vorlesungszeit alle zwei Wochen stattfinden. Alle GR- Sitzungen sind im Sinne der Transparenz \u00f6ffentlich. Sitzungstermine sind durch die \u00f6ffentlichen Organe der KHG mitzuteilen.<\/li>\n<li>In Ausnahmef\u00e4llen kann der GR au\u00dferhalb der GR-Sitzungen Beschl\u00fcsse fassen, wenn mind. 2\/3 sowie mind. die H\u00e4lfte der gew\u00e4hlten GR-Mitglieder schriftlich zustimmen. Die Inhalte solcher Beschl\u00fcsse m\u00fcssen \u00fcber den E-Mail-Verteiler des Gemeinderates kommuniziert werden. Es muss ein Ergebnisprotokoll verfasst und ver\u00f6ffentlicht werden.<\/li>\n<li>Die Sitzungen des GRs werden in der Regel von den Hauptamtlichen der KHG abwechselnd geleitet. Allerdings kann nach Absprache die Sitzungsleitung auch von anderen Mitgliedern des GRs \u00fcbernommen werden.<\/li>\n<li>Eine Tagesordnung geht mind. einen Tag vor der Sitzung an die Mitglieder des GRs und wird auf der Homepage ver\u00f6ffentlicht.<\/li>\n<li>\u00dcber jede Sitzung des GRs ist ein Protokoll anzufertigen, das insbesondere die gefassten Beschl\u00fcsse enthalten muss. Das vorl\u00e4ufige Protokoll ist den GR-Mitgliedern innerhalb einer Woche zuzuschicken und wird zeitgleich ausgeh\u00e4ngt und auf der Website ver\u00f6ffentlicht. Einspruch kann bis zur n\u00e4chsten GR-Sitzung eingelegt werden. Das Protokoll wird auf der n\u00e4chsten GR-Sitzung endg\u00fcltig verabschiedet.<\/li>\n<li>Der GR kann Arbeitskreise einsetzen und kann einzelne Personen mit besonderen Aufgaben betrauen und mit Kompetenzen ausstatten (Beispiele WS 2015\/16; Technikbeauftragter, Verwalter des Actionverteilers).<\/li>\n<\/ul>\n<p><strong>4 \u2013 Arbeitskreise \u2013 AKs<\/strong><\/p>\n<ul>\n<li>Jedes Mitglied der Gemeinde hat das Recht einen AK zu gr\u00fcnden. Die AKs m\u00fcssen die Rahmenbedingungen ihrer Arbeit, einschlie\u00dflich finanzieller Ausgaben, mit dem GR absprechen. Die Absprache wird im Protokoll der GR-Sitzung festgehalten und ist f\u00fcr beide Seiten bindend. \u00dcber jede AK-Neugr\u00fcndung ist die ganze Gemeinde \u00fcber die offiziellen Kommunikationsmittel der KHG Marburg zu informieren.<\/li>\n<li>Es sollte ein regelm\u00e4\u00dfiger Informationsaustausch zwischen GR und AKs herrschen. Die AKs m\u00fcssen die GVV am Ende eines jeden Semesters kurz \u00fcber ihre Arbeit unterrichten.<\/li>\n<li>Abgesehen von den Rahmenbedingungen organisiert sich der AK selbstst\u00e4ndig. S\u00e4mtliche Ver\u00f6ffentlichungen der AKs im Namen der KHG sind durch den GR zu genehmigen. Wenn der AK dem Grundverst\u00e4ndnis der Gemeinde zuwider handelt oder sich nicht an die Absprachen h\u00e4lt, kann der GR mit einer 2\/3-Mehrheit den AK aufl\u00f6sen.<\/li>\n<\/ul>\n<p><strong>Schlussbestimmungen<\/strong><\/p>\n<p>Als Gemeinschaft haben wir uns diese Satzung gegeben, \u00fcber dieser stehen aber Vergebung, Menschlichkeit und Toleranz, Glaube, Liebe und Hoffnung.<\/p>\n<p>F\u00fcr Ver\u00e4nderungen an dieser Satzung ist eine 2\/3-Mehrheit in der GVV notwendig.<\/p>\n<p>Diese Satzung wurde von der GVV am 10.02.2016 angenommen und ist damit in Kraft getreten.<\/p>\n<\/div>\n\t\t<\/div><\/div><\/div><\/div>","protected":false},"excerpt":{"rendered":"<p>Pr\u00e4ambel Die Katholische Hochschulgemeinde Marburg (KHG) versteht sich als Kirche an der Philipps-Universit\u00e4t. Wir betrachten uns als zugeh\u00f6rig zur katholischen Weltkirche, als verbunden mit allen christlichen Gemeinschaften und als solidarisch&#8230;<\/p>\n","protected":false},"author":2,"featured_media":0,"parent":707,"menu_order":6,"comment_status":"closed","ping_status":"closed","template":"grid.php","meta":{"inline_featured_image":false,"_kadence_starter_templates_imported_post":false,"_kad_post_transparent":"","_kad_post_title":"","_kad_post_layout":"","_kad_post_sidebar_id":"","_kad_post_content_style":"","_kad_post_vertical_padding":"","_kad_post_feature":"","_kad_post_feature_position":"","_kad_post_header":false,"_kad_post_footer":false,"footnotes":""},"yoast_head":"<!-- This site is optimized with the Yoast SEO plugin v22.3 - https:\/\/yoast.com\/wordpress\/plugins\/seo\/ -->\n<title>Unsere Satzung - Katholische Hochschulgemeinde Marburg<\/title>\n<meta name=\"robots\" content=\"index, follow, max-snippet:-1, max-image-preview:large, max-video-preview:-1\" \/>\n<link rel=\"canonical\" href=\"https:\/\/khg-marburg.eu\/index.php\/ueber-uns\/unsere-satzung\/\" \/>\n<meta property=\"og:locale\" content=\"de_DE\" \/>\n<meta property=\"og:type\" content=\"article\" \/>\n<meta property=\"og:title\" content=\"Unsere Satzung - Katholische Hochschulgemeinde Marburg\" \/>\n<meta property=\"og:description\" content=\"Pr\u00e4ambel Die Katholische Hochschulgemeinde Marburg (KHG) versteht sich als Kirche an der Philipps-Universit\u00e4t. Wir betrachten uns als zugeh\u00f6rig zur katholischen Weltkirche, als verbunden mit allen christlichen Gemeinschaften und als solidarisch...\" \/>\n<meta property=\"og:url\" content=\"https:\/\/khg-marburg.eu\/index.php\/ueber-uns\/unsere-satzung\/\" \/>\n<meta property=\"og:site_name\" content=\"Katholische Hochschulgemeinde Marburg\" \/>\n<meta property=\"article:publisher\" content=\"https:\/\/www.facebook.com\/KHGMarburg\" \/>\n<meta property=\"article:modified_time\" content=\"2019-07-18T14:49:23+00:00\" \/>\n<meta name=\"twitter:card\" content=\"summary_large_image\" \/>\n<meta name=\"twitter:label1\" content=\"Gesch\u00e4tzte Lesezeit\" \/>\n\t<meta name=\"twitter:data1\" content=\"7\u00a0Minuten\" \/>\n<script type=\"application\/ld+json\" class=\"yoast-schema-graph\">{\"@context\":\"https:\/\/schema.org\",\"@graph\":[{\"@type\":\"WebPage\",\"@id\":\"https:\/\/khg-marburg.eu\/index.php\/ueber-uns\/unsere-satzung\/\",\"url\":\"https:\/\/khg-marburg.eu\/index.php\/ueber-uns\/unsere-satzung\/\",\"name\":\"Unsere Satzung - Katholische Hochschulgemeinde Marburg\",\"isPartOf\":{\"@id\":\"https:\/\/khg-marburg.eu\/#website\"},\"datePublished\":\"2019-05-22T12:04:38+00:00\",\"dateModified\":\"2019-07-18T14:49:23+00:00\",\"breadcrumb\":{\"@id\":\"https:\/\/khg-marburg.eu\/index.php\/ueber-uns\/unsere-satzung\/#breadcrumb\"},\"inLanguage\":\"de\",\"potentialAction\":[{\"@type\":\"ReadAction\",\"target\":[\"https:\/\/khg-marburg.eu\/index.php\/ueber-uns\/unsere-satzung\/\"]}]},{\"@type\":\"BreadcrumbList\",\"@id\":\"https:\/\/khg-marburg.eu\/index.php\/ueber-uns\/unsere-satzung\/#breadcrumb\",\"itemListElement\":[{\"@type\":\"ListItem\",\"position\":1,\"name\":\"Startseite\",\"item\":\"https:\/\/khg-marburg.eu\/\"},{\"@type\":\"ListItem\",\"position\":2,\"name\":\"\u00dcber Uns\",\"item\":\"https:\/\/khg-marburg.eu\/index.php\/ueber-uns\/\"},{\"@type\":\"ListItem\",\"position\":3,\"name\":\"Unsere Satzung\"}]},{\"@type\":\"WebSite\",\"@id\":\"https:\/\/khg-marburg.eu\/#website\",\"url\":\"https:\/\/khg-marburg.eu\/\",\"name\":\"Katholische Hochschulgemeinde Marburg\",\"description\":\"Die Katholische Hochschulgemeinde - Katholische Kirche in Marburg\",\"publisher\":{\"@id\":\"https:\/\/khg-marburg.eu\/#organization\"},\"potentialAction\":[{\"@type\":\"SearchAction\",\"target\":{\"@type\":\"EntryPoint\",\"urlTemplate\":\"https:\/\/khg-marburg.eu\/?s={search_term_string}\"},\"query-input\":\"required name=search_term_string\"}],\"inLanguage\":\"de\"},{\"@type\":\"Organization\",\"@id\":\"https:\/\/khg-marburg.eu\/#organization\",\"name\":\"Katholische Hochschulgemeinde Marburg\",\"url\":\"https:\/\/khg-marburg.eu\/\",\"logo\":{\"@type\":\"ImageObject\",\"inLanguage\":\"de\",\"@id\":\"https:\/\/khg-marburg.eu\/#\/schema\/logo\/image\/\",\"url\":\"https:\/\/khg-marburg.eu\/wp-content\/uploads\/2020\/04\/logo_wei\u00df.jpg\",\"contentUrl\":\"https:\/\/khg-marburg.eu\/wp-content\/uploads\/2020\/04\/logo_wei\u00df.jpg\",\"width\":750,\"height\":650,\"caption\":\"Katholische Hochschulgemeinde Marburg\"},\"image\":{\"@id\":\"https:\/\/khg-marburg.eu\/#\/schema\/logo\/image\/\"},\"sameAs\":[\"https:\/\/www.facebook.com\/KHGMarburg\",\"https:\/\/www.instagram.com\/khgmarburg\/\"]}]}<\/script>\n<!-- \/ Yoast SEO plugin. -->","yoast_head_json":{"title":"Unsere Satzung - Katholische Hochschulgemeinde Marburg","robots":{"index":"index","follow":"follow","max-snippet":"max-snippet:-1","max-image-preview":"max-image-preview:large","max-video-preview":"max-video-preview:-1"},"canonical":"https:\/\/khg-marburg.eu\/index.php\/ueber-uns\/unsere-satzung\/","og_locale":"de_DE","og_type":"article","og_title":"Unsere Satzung - Katholische Hochschulgemeinde Marburg","og_description":"Pr\u00e4ambel Die Katholische Hochschulgemeinde Marburg (KHG) versteht sich als Kirche an der Philipps-Universit\u00e4t. Wir betrachten uns als zugeh\u00f6rig zur katholischen Weltkirche, als verbunden mit allen christlichen Gemeinschaften und als solidarisch...","og_url":"https:\/\/khg-marburg.eu\/index.php\/ueber-uns\/unsere-satzung\/","og_site_name":"Katholische Hochschulgemeinde Marburg","article_publisher":"https:\/\/www.facebook.com\/KHGMarburg","article_modified_time":"2019-07-18T14:49:23+00:00","twitter_card":"summary_large_image","twitter_misc":{"Gesch\u00e4tzte Lesezeit":"7\u00a0Minuten"},"schema":{"@context":"https:\/\/schema.org","@graph":[{"@type":"WebPage","@id":"https:\/\/khg-marburg.eu\/index.php\/ueber-uns\/unsere-satzung\/","url":"https:\/\/khg-marburg.eu\/index.php\/ueber-uns\/unsere-satzung\/","name":"Unsere Satzung - Katholische Hochschulgemeinde Marburg","isPartOf":{"@id":"https:\/\/khg-marburg.eu\/#website"},"datePublished":"2019-05-22T12:04:38+00:00","dateModified":"2019-07-18T14:49:23+00:00","breadcrumb":{"@id":"https:\/\/khg-marburg.eu\/index.php\/ueber-uns\/unsere-satzung\/#breadcrumb"},"inLanguage":"de","potentialAction":[{"@type":"ReadAction","target":["https:\/\/khg-marburg.eu\/index.php\/ueber-uns\/unsere-satzung\/"]}]},{"@type":"BreadcrumbList","@id":"https:\/\/khg-marburg.eu\/index.php\/ueber-uns\/unsere-satzung\/#breadcrumb","itemListElement":[{"@type":"ListItem","position":1,"name":"Startseite","item":"https:\/\/khg-marburg.eu\/"},{"@type":"ListItem","position":2,"name":"\u00dcber Uns","item":"https:\/\/khg-marburg.eu\/index.php\/ueber-uns\/"},{"@type":"ListItem","position":3,"name":"Unsere Satzung"}]},{"@type":"WebSite","@id":"https:\/\/khg-marburg.eu\/#website","url":"https:\/\/khg-marburg.eu\/","name":"Katholische Hochschulgemeinde Marburg","description":"Die Katholische Hochschulgemeinde - Katholische Kirche in Marburg","publisher":{"@id":"https:\/\/khg-marburg.eu\/#organization"},"potentialAction":[{"@type":"SearchAction","target":{"@type":"EntryPoint","urlTemplate":"https:\/\/khg-marburg.eu\/?s={search_term_string}"},"query-input":"required name=search_term_string"}],"inLanguage":"de"},{"@type":"Organization","@id":"https:\/\/khg-marburg.eu\/#organization","name":"Katholische Hochschulgemeinde Marburg","url":"https:\/\/khg-marburg.eu\/","logo":{"@type":"ImageObject","inLanguage":"de","@id":"https:\/\/khg-marburg.eu\/#\/schema\/logo\/image\/","url":"https:\/\/khg-marburg.eu\/wp-content\/uploads\/2020\/04\/logo_wei\u00df.jpg","contentUrl":"https:\/\/khg-marburg.eu\/wp-content\/uploads\/2020\/04\/logo_wei\u00df.jpg","width":750,"height":650,"caption":"Katholische Hochschulgemeinde Marburg"},"image":{"@id":"https:\/\/khg-marburg.eu\/#\/schema\/logo\/image\/"},"sameAs":["https:\/\/www.facebook.com\/KHGMarburg","https:\/\/www.instagram.com\/khgmarburg\/"]}]}},"_links":{"self":[{"href":"https:\/\/khg-marburg.eu\/index.php\/wp-json\/wp\/v2\/pages\/96"}],"collection":[{"href":"https:\/\/khg-marburg.eu\/index.php\/wp-json\/wp\/v2\/pages"}],"about":[{"href":"https:\/\/khg-marburg.eu\/index.php\/wp-json\/wp\/v2\/types\/page"}],"author":[{"embeddable":true,"href":"https:\/\/khg-marburg.eu\/index.php\/wp-json\/wp\/v2\/users\/2"}],"replies":[{"embeddable":true,"href":"https:\/\/khg-marburg.eu\/index.php\/wp-json\/wp\/v2\/comments?post=96"}],"version-history":[{"count":2,"href":"https:\/\/khg-marburg.eu\/index.php\/wp-json\/wp\/v2\/pages\/96\/revisions"}],"predecessor-version":[{"id":98,"href":"https:\/\/khg-marburg.eu\/index.php\/wp-json\/wp\/v2\/pages\/96\/revisions\/98"}],"up":[{"embeddable":true,"href":"https:\/\/khg-marburg.eu\/index.php\/wp-json\/wp\/v2\/pages\/707"}],"wp:attachment":[{"href":"https:\/\/khg-marburg.eu\/index.php\/wp-json\/wp\/v2\/media?parent=96"}],"curies":[{"name":"wp","href":"https:\/\/api.w.org\/{rel}","templated":true}]}}